[Tue Nov 25 16:34:04.485611 2025] [core:error] [pid 3604:tid 1744] [client 89.163.140.4:55466] AH10244: invalid URI path (/cgi-bin/%%32%65%%32%65/%%32%65%%32%65/%%32%65%%32%65/%%32%65%%32%65/%%32%65%%32%65/%%32%65%%32%65/%%32%65%%32%65/bin/sh)
[Tue Nov 25 16:34:12.278379 2025] [php:error] [pid 3604:tid 1744] [client 89.163.140.4:55472] script 'C:/lss/index.php' not found or unable to stat
[Tue Nov 25 16:34:12.496109 2025] [php:error] [pid 3604:tid 1744] [client 89.163.140.4:55472] script 'C:/lss/index.php' not found or unable to stat
[Tue Nov 25 16:34:12.597488 2025] [php:error] [pid 3604:tid 1744] [client 89.163.140.4:55472] script 'C:/lss/index.php' not found or unable to stat
[Tue Nov 25 16:36:06.126283 2025] [cgi:error] [pid 3604:tid 1744] [client 172.105.82.111:20750] AH02809: Options ExecCGI is off in this directory: C:/lss/xampp/contrib/oracle.pl
[Tue Nov 25 16:38:50.552806 2025] [cgi:error] [pid 3604:tid 1744] [client 172.105.82.111:37346] AH02809: Options ExecCGI is off in this directory: C:/lss/xampp/contrib/postgresql.pl
[Tue Nov 25 17:01:34.686971 2025] [authz_core:error] [pid 3604:tid 1980] [client 172.105.82.111:34396] AH01630: client denied by server configuration: C:/lss/xampp/licenses/
[Tue Nov 25 17:01:34.735004 2025] [authz_core:error] [pid 3604:tid 1980] [client 172.105.82.111:34396] AH01630: client denied by server configuration: C:/lss/xampp/php/
[Tue Nov 25 17:01:34.735004 2025] [authz_core:error] [pid 3604:tid 1980] [client 172.105.82.111:34396] AH01630: client denied by server configuration: C:/lss/xampp/phpMyAdmin/
[Tue Nov 25 17:01:34.763971 2025] [authz_core:error] [pid 3604:tid 1980] [client 172.105.82.111:34396] AH01630: client denied by server configuration: C:/lss/xampp/webalizer/
[Tue Nov 25 17:17:52.204383 2025] [cgi:error] [pid 3604:tid 1812] [client 193.142.147.209:1316] AH02811: script not found or unable to stat: C:/lss/xampp/cgi-bin/luci
[Tue Nov 25 17:43:12.922026 2025] [php:error] [pid 3604:tid 1980] [client 91.217.249.203:39443] script 'C:/lss/phpinfo.php' not found or unable to stat
[Tue Nov 25 17:43:12.991837 2025] [php:error] [pid 3604:tid 1980] [client 91.217.249.203:39443] script 'C:/lss/test.php' not found or unable to stat
[Tue Nov 25 17:43:13.132544 2025] [php:error] [pid 3604:tid 1980] [client 91.217.249.203:39443] script 'C:/lss/info.php' not found or unable to stat
[Tue Nov 25 17:43:13.231343 2025] [php:error] [pid 3604:tid 1980] [client 91.217.249.203:39443] script 'C:/lss/php.php' not found or unable to stat
[Tue Nov 25 17:43:13.304473 2025] [php:error] [pid 3604:tid 1980] [client 91.217.249.203:39443] script 'C:/lss/php_info.php' not found or unable to stat
[Tue Nov 25 17:43:13.375696 2025] [php:error] [pid 3604:tid 1980] [client 91.217.249.203:39443] script 'C:/lss/i.php' not found or unable to stat
[Tue Nov 25 17:43:13.473963 2025] [php:error] [pid 3604:tid 1980] [client 91.217.249.203:39443] script 'C:/lss/pi.php' not found or unable to stat
[Tue Nov 25 17:43:13.742296 2025] [php:error] [pid 3604:tid 1980] [client 91.217.249.203:39443] script 'C:/lss/pinfo.php' not found or unable to stat
[Tue Nov 25 17:43:13.831695 2025] [php:error] [pid 3604:tid 1980] [client 91.217.249.203:39443] script 'C:/lss/php_version.php' not found or unable to stat
[Tue Nov 25 18:31:05.084392 2025] [cgi:error] [pid 3604:tid 1992] [client 117.213.124.108:38088] AH02809: Options ExecCGI is off in this directory: C:/lss/setup.cgi
[Tue Nov 25 18:31:54.418764 2025] [authz_core:error] [pid 3604:tid 1992] [client 149.86.128.204:29650] AH01630: client denied by server configuration: C:/lss/xampp/licenses/, referer: http://91.132.49.59/
[Tue Nov 25 18:31:54.501763 2025] [authz_core:error] [pid 3604:tid 1992] [client 149.86.128.204:29650] AH01630: client denied by server configuration: C:/lss/xampp/php/, referer: http://91.132.49.59/
[Tue Nov 25 18:31:54.501763 2025] [authz_core:error] [pid 3604:tid 1992] [client 149.86.128.204:29650] AH01630: client denied by server configuration: C:/lss/xampp/phpMyAdmin/, referer: http://91.132.49.59/
[Tue Nov 25 18:31:54.536761 2025] [authz_core:error] [pid 3604:tid 1992] [client 149.86.128.204:29650] AH01630: client denied by server configuration: C:/lss/xampp/webalizer/, referer: http://91.132.49.59/
[Tue Nov 25 18:43:56.916030 2025] [cgi:error] [pid 3604:tid 1776] [client 123.143.114.188:50996] malformed header from script 'php-cgi.exe': Bad header: Security Alert! The PHP
[Tue Nov 25 18:43:57.483442 2025] [php:error] [pid 3604:tid 1776] [client 123.143.114.188:51012] script 'C:/lss/index.php' not found or unable to stat
[Tue Nov 25 18:43:58.038145 2025] [php:error] [pid 3604:tid 1776] [client 123.143.114.188:51024] script 'C:/lss/test.php' not found or unable to stat
[Tue Nov 25 19:25:56.925851 2025] [cgi:error] [pid 3604:tid 1952] [client 193.142.147.209:38460] AH02811: script not found or unable to stat: C:/lss/xampp/cgi-bin/luci
[Tue Nov 25 19:47:04.506543 2025] [php:error] [pid 3604:tid 1776] [client 172.68.150.119:11732] script 'C:/lss/xmlrpc.php' not found or unable to stat
[Tue Nov 25 20:38:53.713180 2025] [cgi:error] [pid 3604:tid 1744] [client 193.142.147.209:14918] AH02811: script not found or unable to stat: C:/lss/xampp/cgi-bin/luci
[Tue Nov 25 20:44:39.934324 2025] [cgi:error] [pid 3604:tid 2012] [client 221.159.119.6:49690] AH02811: script not found or unable to stat: C:/lss/xampp/cgi-bin/luci
[Tue Nov 25 20:44:40.299178 2025] [cgi:error] [pid 3604:tid 2012] [client 221.159.119.6:49779] AH02811: script not found or unable to stat: C:/lss/xampp/cgi-bin/luci
[Tue Nov 25 21:01:12.226141 2025] [authz_core:error] [pid 3604:tid 2012] [client 172.105.82.111:41264] AH01630: client denied by server configuration: C:/lss/xampp/licenses/
[Tue Nov 25 21:01:12.266143 2025] [authz_core:error] [pid 3604:tid 2012] [client 172.105.82.111:41264] AH01630: client denied by server configuration: C:/lss/xampp/php/
[Tue Nov 25 21:01:12.266143 2025] [authz_core:error] [pid 3604:tid 2012] [client 172.105.82.111:41264] AH01630: client denied by server configuration: C:/lss/xampp/phpMyAdmin/
[Tue Nov 25 21:01:12.287158 2025] [authz_core:error] [pid 3604:tid 2012] [client 172.105.82.111:41264] AH01630: client denied by server configuration: C:/lss/xampp/webalizer/
[Tue Nov 25 21:33:43.241514 2025] [core:error] [pid 3604:tid 1992] (20024)The given path is misformatted or contained invalid characters: [client 172.71.232.153:9297] AH00127: Cannot map GET /%22$myself HTTP/1.1 to file
[Tue Nov 25 21:41:43.440936 2025] [cgi:error] [pid 3604:tid 1992] [client 172.105.82.111:22894] AH02809: Options ExecCGI is off in this directory: C:/lss/xampp/contrib/oracle.pl
[Tue Nov 25 21:51:35.570127 2025] [php:error] [pid 3604:tid 1952] [client 172.70.242.115:13745] script 'C:/lss/xmlrpc.php' not found or unable to stat
[Tue Nov 25 21:55:04.684381 2025] [cgi:error] [pid 3604:tid 1952] [client 172.105.82.111:57892] AH02809: Options ExecCGI is off in this directory: C:/lss/xampp/contrib/sqlite.pl
[Tue Nov 25 22:20:44.383650 2025] [cgi:error] [pid 3604:tid 1952] [client 172.105.82.111:63826] AH02809: Options ExecCGI is off in this directory: C:/lss/xampp/contrib/ftp-mit-perl.pl
[Tue Nov 25 22:33:02.178234 2025] [cgi:error] [pid 3604:tid 1932] [client 172.105.82.111:21068] AH02809: Options ExecCGI is off in this directory: C:/lss/xampp/contrib/postgresql.pl
[Tue Nov 25 22:38:49.074495 2025] [cgi:error] [pid 3604:tid 1932] [client 172.105.82.111:43482] AH02809: Options ExecCGI is off in this directory: C:/lss/xampp/contrib/testperldbi.pl
[Tue Nov 25 22:40:58.224898 2025] [cgi:error] [pid 3604:tid 1932] [client 172.105.82.111:60752] AH02809: Options ExecCGI is off in this directory: C:/lss/xampp/contrib/interbase.pl
[Tue Nov 25 22:40:58.446274 2025] [cgi:error] [pid 3604:tid 1932] [client 172.105.82.111:60760] AH02809: Options ExecCGI is off in this directory: C:/lss/xampp/contrib/mysql.pl
[Tue Nov 25 22:48:10.119403 2025] [core:error] [pid 3604:tid 1932] [client 141.255.164.26:42428] AH10244: invalid URI path (/cgi-bin/.%2e/.%2e/.%2e/.%2e/.%2e/.%2e/.%2e/.%2e/.%2e/.%2e/bin/sh)
[Tue Nov 25 22:48:10.584359 2025] [core:error] [pid 3604:tid 1932] [client 141.255.164.26:42438] AH10244: invalid URI path (/cgi-bin/%%32%65%%32%65/%%32%65%%32%65/%%32%65%%32%65/%%32%65%%32%65/%%32%65%%32%65/%%32%65%%32%65/%%32%65%%32%65/bin/sh)
[Tue Nov 25 22:48:29.477866 2025] [php:error] [pid 3604:tid 1932] [client 141.255.164.26:42446] script 'C:/lss/index.php' not found or unable to stat
[Tue Nov 25 22:48:30.104678 2025] [php:error] [pid 3604:tid 1932] [client 141.255.164.26:42446] script 'C:/lss/index.php' not found or unable to stat
[Tue Nov 25 22:48:30.436746 2025] [php:error] [pid 3604:tid 1932] [client 141.255.164.26:42446] script 'C:/lss/index.php' not found or unable to stat
[Tue Nov 25 23:01:04.716096 2025] [cgi:error] [pid 3604:tid 2020] [client 193.142.147.209:15166] AH02811: script not found or unable to stat: C:/lss/xampp/cgi-bin/luci
[Tue Nov 25 23:21:04.063026 2025] [authz_core:error] [pid 3604:tid 1716] [client 172.71.246.118:13975] AH01630: client denied by server configuration: C:/lss/xampp/licenses/
[Tue Nov 25 23:21:04.118029 2025] [authz_core:error] [pid 3604:tid 1716] [client 172.71.246.118:13975] AH01630: client denied by server configuration: C:/lss/xampp/php/
[Tue Nov 25 23:21:04.118029 2025] [authz_core:error] [pid 3604:tid 1716] [client 172.71.246.118:13975] AH01630: client denied by server configuration: C:/lss/xampp/phpMyAdmin/
[Tue Nov 25 23:21:04.149030 2025] [authz_core:error] [pid 3604:tid 1716] [client 172.71.246.118:13975] AH01630: client denied by server configuration: C:/lss/xampp/webalizer/
[Tue Nov 25 23:21:04.733856 2025] [authz_core:error] [pid 3604:tid 1852] [client 172.71.102.155:11446] AH01630: client denied by server configuration: C:/lss/server-status
[Tue Nov 25 23:21:04.868878 2025] [authz_core:error] [pid 3604:tid 1560] [client 104.23.172.33:13500] AH01630: client denied by server configuration: C:/lss/server-status
[Tue Nov 25 23:21:04.996860 2025] [authz_core:error] [pid 3604:tid 1592] [client 162.158.216.133:14234] AH01630: client denied by server configuration: C:/lss/xampp/licenses/
[Tue Nov 25 23:21:05.030860 2025] [authz_core:error] [pid 3604:tid 1700] [client 104.23.239.97:12262] AH01630: client denied by server configuration: C:/lss/server-status
[Tue Nov 25 23:21:05.075855 2025] [authz_core:error] [pid 3604:tid 1592] [client 162.158.216.133:14234] AH01630: client denied by server configuration: C:/lss/xampp/php/
[Tue Nov 25 23:21:05.075855 2025] [authz_core:error] [pid 3604:tid 1592] [client 162.158.216.133:14234] AH01630: client denied by server configuration: C:/lss/xampp/phpMyAdmin/
[Tue Nov 25 23:21:05.109855 2025] [authz_core:error] [pid 3604:tid 1592] [client 162.158.216.133:14234] AH01630: client denied by server configuration: C:/lss/xampp/webalizer/
[Tue Nov 25 23:21:05.370856 2025] [authz_core:error] [pid 3604:tid 1952] [client 172.71.164.44:12573] AH01630: client denied by server configuration: C:/lss/server-status
[Tue Nov 25 23:21:05.432866 2025] [php:error] [pid 3604:tid 1992] [client 141.101.76.52:11071] script 'C:/lss/info.php' not found or unable to stat
[Tue Nov 25 23:21:05.502871 2025] [php:error] [pid 3604:tid 1704] [client 141.101.76.52:11077] script 'C:/lss/info.php' not found or unable to stat
[Tue Nov 25 23:21:05.629981 2025] [php:error] [pid 3604:tid 1732] [client 172.71.148.137:14278] script 'C:/lss/info.php' not found or unable to stat
[Tue Nov 25 23:21:06.029512 2025] [php:error] [pid 3604:tid 1908] [client 162.158.94.8:11271] script 'C:/lss/info.php' not found or unable to stat
[Tue Nov 25 23:21:06.362515 2025] [authz_core:error] [pid 3604:tid 1884] [client 172.68.194.139:11245] AH01630: client denied by server configuration: C:/lss/xampp/licenses/
[Tue Nov 25 23:21:06.442532 2025] [authz_core:error] [pid 3604:tid 1884] [client 172.68.194.139:11245] AH01630: client denied by server configuration: C:/lss/xampp/php/
[Tue Nov 25 23:21:06.442532 2025] [authz_core:error] [pid 3604:tid 1884] [client 172.68.194.139:11245] AH01630: client denied by server configuration: C:/lss/xampp/phpMyAdmin/
[Tue Nov 25 23:21:06.491518 2025] [authz_core:error] [pid 3604:tid 1884] [client 172.68.194.139:11245] AH01630: client denied by server configuration: C:/lss/xampp/webalizer/
[Tue Nov 25 23:21:06.517537 2025] [authz_core:error] [pid 3604:tid 1592] [client 162.158.216.133:14234] AH01630: client denied by server configuration: C:/lss/xampp/licenses/
[Tue Nov 25 23:21:06.597556 2025] [authz_core:error] [pid 3604:tid 1592] [client 162.158.216.133:14234] AH01630: client denied by server configuration: C:/lss/xampp/php/
[Tue Nov 25 23:21:06.597556 2025] [authz_core:error] [pid 3604:tid 1592] [client 162.158.216.133:14234] AH01630: client denied by server configuration: C:/lss/xampp/phpMyAdmin/
[Tue Nov 25 23:21:06.627525 2025] [authz_core:error] [pid 3604:tid 1592] [client 162.158.216.133:14234] AH01630: client denied by server configuration: C:/lss/xampp/webalizer/
[Tue Nov 25 23:21:09.560966 2025] [authz_core:error] [pid 3604:tid 1884] [client 172.68.194.139:11245] AH01630: client denied by server configuration: C:/lss/xampp/licenses/
[Tue Nov 25 23:21:09.615937 2025] [authz_core:error] [pid 3604:tid 1884] [client 172.68.194.139:11245] AH01630: client denied by server configuration: C:/lss/xampp/php/
[Tue Nov 25 23:21:09.615937 2025] [authz_core:error] [pid 3604:tid 1884] [client 172.68.194.139:11245] AH01630: client denied by server configuration: C:/lss/xampp/phpMyAdmin/
[Tue Nov 25 23:21:09.633962 2025] [authz_core:error] [pid 3604:tid 1884] [client 172.68.194.139:11245] AH01630: client denied by server configuration: C:/lss/xampp/webalizer/
[Tue Nov 25 23:21:09.954959 2025] [authz_core:error] [pid 3604:tid 1896] [client 172.70.90.123:14048] AH01630: client denied by server configuration: C:/lss/xampp/licenses/
[Tue Nov 25 23:21:10.029967 2025] [authz_core:error] [pid 3604:tid 1896] [client 172.70.90.123:14048] AH01630: client denied by server configuration: C:/lss/xampp/php/
[Tue Nov 25 23:21:10.029967 2025] [authz_core:error] [pid 3604:tid 1896] [client 172.70.90.123:14048] AH01630: client denied by server configuration: C:/lss/xampp/phpMyAdmin/
[Tue Nov 25 23:21:10.072981 2025] [authz_core:error] [pid 3604:tid 1896] [client 172.70.90.123:14048] AH01630: client denied by server configuration: C:/lss/xampp/webalizer/
[Tue Nov 25 23:21:12.170871 2025] [authz_core:error] [pid 3604:tid 1884] [client 172.68.194.139:11245] AH01630: client denied by server configuration: C:/lss/xampp/licenses/
[Tue Nov 25 23:21:12.289891 2025] [authz_core:error] [pid 3604:tid 1884] [client 172.68.194.139:11245] AH01630: client denied by server configuration: C:/lss/xampp/php/
[Tue Nov 25 23:21:12.289891 2025] [authz_core:error] [pid 3604:tid 1884] [client 172.68.194.139:11245] AH01630: client denied by server configuration: C:/lss/xampp/phpMyAdmin/
[Tue Nov 25 23:21:12.335868 2025] [authz_core:error] [pid 3604:tid 1884] [client 172.68.194.139:11245] AH01630: client denied by server configuration: C:/lss/xampp/webalizer/
[Tue Nov 25 23:21:13.375026 2025] [authz_core:error] [pid 3604:tid 1500] [client 172.69.43.176:13359] AH01630: client denied by server configuration: C:/lss/xampp/licenses/
[Tue Nov 25 23:21:13.435027 2025] [authz_core:error] [pid 3604:tid 1500] [client 172.69.43.176:13359] AH01630: client denied by server configuration: C:/lss/xampp/php/
[Tue Nov 25 23:21:13.435027 2025] [authz_core:error] [pid 3604:tid 1500] [client 172.69.43.176:13359] AH01630: client denied by server configuration: C:/lss/xampp/phpMyAdmin/
[Tue Nov 25 23:21:13.462027 2025] [authz_core:error] [pid 3604:tid 1500] [client 172.69.43.176:13359] AH01630: client denied by server configuration: C:/lss/xampp/webalizer/
[Tue Nov 25 23:24:07.087326 2025] [cgi:error] [pid 3604:tid 2012] [client 172.69.150.168:10077] AH02809: Options ExecCGI is off in this directory: C:/lss/xampp/apache/bin/dbmmanage.pl
[Tue Nov 25 23:24:12.106897 2025] [cgi:error] [pid 3604:tid 1800] [client 104.23.239.97:10131] AH02809: Options ExecCGI is off in this directory: C:/lss/xampp/apache/bin/dbmmanage.pl
[Tue Nov 25 23:24:12.145138 2025] [cgi:error] [pid 3604:tid 1592] [client 172.71.247.33:12659] AH02809: Options ExecCGI is off in this directory: C:/lss/xampp/apache/bin/dbmmanage.pl
[Tue Nov 25 23:24:12.210464 2025] [cgi:error] [pid 3604:tid 1988] [client 172.70.248.115:13115] AH02809: Options ExecCGI is off in this directory: C:/lss/xampp/apache/bin/dbmmanage.pl
[Tue Nov 25 23:26:47.594628 2025] [cgi:error] [pid 3604:tid 1864] [client 172.70.90.123:13020] AH02809: Options ExecCGI is off in this directory: C:/lss/xampp/apache/bin/dbmmanage.pl
[Tue Nov 25 23:26:50.241025 2025] [autoindex:error] [pid 3604:tid 1612] [client 162.158.110.225:9906] AH01276: Cannot serve directory C:/lss/xampp/cgi-bin/: No matching DirectoryIndex (index.php,index.pl,index.cgi,index.asp,index.shtml,index.html,index.htm,default.php,default.pl,default.cgi,default.asp,default.shtml,default.html,default.htm,home.php,home.pl,home.cgi,home.asp,home.shtml,home.html,home.htm) found, and server-generated directory index forbidden by Options directive
[Tue Nov 25 23:26:51.021037 2025] [cgi:error] [pid 3604:tid 1552] [client 172.71.144.88:13027] AH02809: Options ExecCGI is off in this directory: C:/lss/xampp/contrib/ftp-mit-perl.pl
[Tue Nov 25 23:26:51.279814 2025] [cgi:error] [pid 3604:tid 1552] [client 172.71.144.88:13027] AH02809: Options ExecCGI is off in this directory: C:/lss/xampp/contrib/interbase.pl
[Tue Nov 25 23:26:51.750769 2025] [cgi:error] [pid 3604:tid 1552] [client 172.71.144.88:13027] AH02809: Options ExecCGI is off in this directory: C:/lss/xampp/contrib/mysql.pl
[Tue Nov 25 23:26:51.907794 2025] [cgi:error] [pid 3604:tid 1552] [client 172.71.144.88:13027] AH02809: Options ExecCGI is off in this directory: C:/lss/xampp/contrib/oracle.pl
[Tue Nov 25 23:26:52.065282 2025] [cgi:error] [pid 3604:tid 1552] [client 172.71.144.88:13027] AH02809: Options ExecCGI is off in this directory: C:/lss/xampp/contrib/postgresql.pl
[Tue Nov 25 23:26:52.535147 2025] [cgi:error] [pid 3604:tid 1552] [client 172.71.144.88:13027] AH02809: Options ExecCGI is off in this directory: C:/lss/xampp/contrib/sqlite.pl
[Tue Nov 25 23:26:52.591133 2025] [cgi:error] [pid 3604:tid 1552] [client 172.71.144.88:13027] AH02809: Options ExecCGI is off in this directory: C:/lss/xampp/contrib/testperldbi.pl
[Tue Nov 25 23:26:53.789420 2025] [autoindex:error] [pid 3604:tid 1908] [client 172.71.172.135:13905] AH01276: Cannot serve directory C:/lss/xampp/cgi-bin/: No matching DirectoryIndex (index.php,index.pl,index.cgi,index.asp,index.shtml,index.html,index.htm,default.php,default.pl,default.cgi,default.asp,default.shtml,default.html,default.htm,home.php,home.pl,home.cgi,home.asp,home.shtml,home.html,home.htm) found, and server-generated directory index forbidden by Options directive
[Tue Nov 25 23:26:54.336142 2025] [autoindex:error] [pid 3604:tid 1860] [client 172.71.148.137:10366] AH01276: Cannot serve directory C:/lss/xampp/cgi-bin/: No matching DirectoryIndex (index.php,index.pl,index.cgi,index.asp,index.shtml,index.html,index.htm,default.php,default.pl,default.cgi,default.asp,default.shtml,default.html,default.htm,home.php,home.pl,home.cgi,home.asp,home.shtml,home.html,home.htm) found, and server-generated directory index forbidden by Options directive
[Tue Nov 25 23:26:54.556732 2025] [cgi:error] [pid 3604:tid 1952] [client 172.69.151.56:11063] AH02809: Options ExecCGI is off in this directory: C:/lss/xampp/contrib/ftp-mit-perl.pl
[Tue Nov 25 23:26:54.892025 2025] [cgi:error] [pid 3604:tid 2004] [client 172.70.251.108:13988] AH02809: Options ExecCGI is off in this directory: C:/lss/xampp/contrib/interbase.pl
[Tue Nov 25 23:26:55.088973 2025] [cgi:error] [pid 3604:tid 1952] [client 172.69.151.56:11063] AH02809: Options ExecCGI is off in this directory: C:/lss/xampp/contrib/ftp-mit-perl.pl
[Tue Nov 25 23:26:55.089952 2025] [autoindex:error] [pid 3604:tid 1480] [client 172.71.247.33:10855] AH01276: Cannot serve directory C:/lss/xampp/cgi-bin/: No matching DirectoryIndex (index.php,index.pl,index.cgi,index.asp,index.shtml,index.html,index.htm,default.php,default.pl,default.cgi,default.asp,default.shtml,default.html,default.htm,home.php,home.pl,home.cgi,home.asp,home.shtml,home.html,home.htm) found, and server-generated directory index forbidden by Options directive
[Tue Nov 25 23:26:55.339981 2025] [cgi:error] [pid 3604:tid 1960] [client 172.70.251.107:11564] AH02809: Options ExecCGI is off in this directory: C:/lss/xampp/contrib/interbase.pl
[Tue Nov 25 23:26:55.391409 2025] [cgi:error] [pid 3604:tid 1560] [client 104.23.239.97:14335] AH02809: Options ExecCGI is off in this directory: C:/lss/xampp/contrib/mysql.pl
[Tue Nov 25 23:26:55.546846 2025] [cgi:error] [pid 3604:tid 1560] [client 104.23.239.97:14335] AH02809: Options ExecCGI is off in this directory: C:/lss/xampp/contrib/oracle.pl
[Tue Nov 25 23:26:55.708077 2025] [cgi:error] [pid 3604:tid 1952] [client 172.69.151.56:11063] AH02809: Options ExecCGI is off in this directory: C:/lss/xampp/contrib/postgresql.pl
[Tue Nov 25 23:26:55.826051 2025] [cgi:error] [pid 3604:tid 1952] [client 172.69.151.56:11063] AH02809: Options ExecCGI is off in this directory: C:/lss/xampp/contrib/mysql.pl
[Tue Nov 25 23:26:55.847250 2025] [cgi:error] [pid 3604:tid 1560] [client 104.23.239.97:14335] AH02809: Options ExecCGI is off in this directory: C:/lss/xampp/contrib/ftp-mit-perl.pl
[Tue Nov 25 23:26:55.981585 2025] [cgi:error] [pid 3604:tid 1560] [client 104.23.239.97:14335] AH02809: Options ExecCGI is off in this directory: C:/lss/xampp/contrib/oracle.pl
[Tue Nov 25 23:26:56.104590 2025] [cgi:error] [pid 3604:tid 1560] [client 104.23.239.97:14335] AH02809: Options ExecCGI is off in this directory: C:/lss/xampp/contrib/interbase.pl
[Tue Nov 25 23:26:56.143587 2025] [cgi:error] [pid 3604:tid 1952] [client 172.69.151.56:11063] AH02809: Options ExecCGI is off in this directory: C:/lss/xampp/contrib/postgresql.pl
[Tue Nov 25 23:26:56.228315 2025] [cgi:error] [pid 3604:tid 1536] [client 172.69.151.56:11064] AH02809: Options ExecCGI is off in this directory: C:/lss/xampp/contrib/sqlite.pl
[Tue Nov 25 23:26:56.282319 2025] [cgi:error] [pid 3604:tid 1560] [client 104.23.239.97:14335] AH02809: Options ExecCGI is off in this directory: C:/lss/xampp/contrib/testperldbi.pl
[Tue Nov 25 23:26:56.571757 2025] [cgi:error] [pid 3604:tid 1560] [client 104.23.239.97:14335] AH02809: Options ExecCGI is off in this directory: C:/lss/xampp/contrib/mysql.pl
[Tue Nov 25 23:26:56.605754 2025] [cgi:error] [pid 3604:tid 1952] [client 172.69.151.56:11063] AH02809: Options ExecCGI is off in this directory: C:/lss/xampp/contrib/sqlite.pl
[Tue Nov 25 23:26:56.661377 2025] [cgi:error] [pid 3604:tid 1536] [client 172.69.151.56:11064] AH02809: Options ExecCGI is off in this directory: C:/lss/xampp/contrib/testperldbi.pl
[Tue Nov 25 23:26:56.731951 2025] [cgi:error] [pid 3604:tid 1952] [client 172.69.151.56:11063] AH02809: Options ExecCGI is off in this directory: C:/lss/xampp/contrib/oracle.pl
[Tue Nov 25 23:26:56.895318 2025] [cgi:error] [pid 3604:tid 1960] [client 172.70.251.107:11564] AH02809: Options ExecCGI is off in this directory: C:/lss/xampp/contrib/postgresql.pl
[Tue Nov 25 23:26:57.357391 2025] [cgi:error] [pid 3604:tid 1536] [client 172.69.151.56:11064] AH02809: Options ExecCGI is off in this directory: C:/lss/xampp/contrib/sqlite.pl
[Tue Nov 25 23:26:57.405380 2025] [cgi:error] [pid 3604:tid 1960] [client 172.70.251.107:11564] AH02809: Options ExecCGI is off in this directory: C:/lss/xampp/contrib/testperldbi.pl
[Tue Nov 25 23:27:02.709434 2025] [cgi:error] [pid 3604:tid 1664] [client 172.64.192.133:9995] AH02809: Options ExecCGI is off in this directory: C:/lss/xampp/apache/bin/dbmmanage.pl
[Tue Nov 25 23:27:06.022806 2025] [cgi:error] [pid 3604:tid 1936] [client 172.71.241.116:10316] AH02809: Options ExecCGI is off in this directory: C:/lss/xampp/apache/bin/dbmmanage.pl
[Tue Nov 25 23:27:08.824215 2025] [cgi:error] [pid 3604:tid 1620] [client 172.69.43.177:11758] AH02809: Options ExecCGI is off in this directory: C:/lss/xampp/apache/bin/dbmmanage.pl
[Tue Nov 25 23:27:53.981789 2025] [cgi:error] [pid 3604:tid 1776] [client 172.71.144.88:13599] AH02809: Options ExecCGI is off in this directory: C:/lss/xampp/mysql/bin/mysql_config.pl
[Tue Nov 25 23:27:54.029833 2025] [cgi:error] [pid 3604:tid 1776] [client 172.71.144.88:13599] AH02809: Options ExecCGI is off in this directory: C:/lss/xampp/mysql/bin/mysql_convert_table_format.pl
[Tue Nov 25 23:28:00.509895 2025] [cgi:error] [pid 3604:tid 1492] [client 172.71.148.136:9820] AH02809: Options ExecCGI is off in this directory: C:/lss/xampp/mysql/bin/mysql_config.pl
[Tue Nov 25 23:28:00.550925 2025] [cgi:error] [pid 3604:tid 1632] [client 172.71.247.34:12500] AH02809: Options ExecCGI is off in this directory: C:/lss/xampp/mysql/bin/mysql_config.pl
[Tue Nov 25 23:28:00.556888 2025] [cgi:error] [pid 3604:tid 1660] [client 172.71.148.136:9824] AH02809: Options ExecCGI is off in this directory: C:/lss/xampp/mysql/bin/mysql_convert_table_format.pl
[Tue Nov 25 23:28:00.601811 2025] [cgi:error] [pid 3604:tid 1632] [client 172.71.247.34:12500] AH02809: Options ExecCGI is off in this directory: C:/lss/xampp/mysql/bin/mysql_convert_table_format.pl
[Tue Nov 25 23:28:00.636022 2025] [cgi:error] [pid 3604:tid 1980] [client 172.69.151.56:9375] AH02809: Options ExecCGI is off in this directory: C:/lss/xampp/mysql/bin/mysql_config.pl
[Tue Nov 25 23:28:00.693002 2025] [cgi:error] [pid 3604:tid 1980] [client 172.69.151.56:9375] AH02809: Options ExecCGI is off in this directory: C:/lss/xampp/mysql/bin/mysql_convert_table_format.pl
[Tue Nov 25 23:28:03.378497 2025] [cgi:error] [pid 3604:tid 2000] [client 172.71.144.89:9809] AH02809: Options ExecCGI is off in this directory: C:/lss/xampp/mysql/bin/mysqld_multi.pl
[Tue Nov 25 23:28:04.111896 2025] [cgi:error] [pid 3604:tid 2000] [client 172.71.144.89:9809] AH02809: Options ExecCGI is off in this directory: C:/lss/xampp/mysql/bin/mysqldumpslow.pl
[Tue Nov 25 23:28:04.168909 2025] [cgi:error] [pid 3604:tid 2000] [client 172.71.144.89:9809] AH02809: Options ExecCGI is off in this directory: C:/lss/xampp/mysql/bin/mysqlhotcopy.pl
[Tue Nov 25 23:28:09.849653 2025] [cgi:error] [pid 3604:tid 1832] [client 172.71.148.137:12193] AH02809: Options ExecCGI is off in this directory: C:/lss/xampp/mysql/bin/mysqld_multi.pl
[Tue Nov 25 23:28:09.949147 2025] [cgi:error] [pid 3604:tid 1672] [client 172.69.151.55:11589] AH02809: Options ExecCGI is off in this directory: C:/lss/xampp/mysql/bin/mysqld_multi.pl
[Tue Nov 25 23:28:10.078368 2025] [cgi:error] [pid 3604:tid 1856] [client 172.70.248.115:10085] AH02809: Options ExecCGI is off in this directory: C:/lss/xampp/mysql/bin/mysqld_multi.pl
[Tue Nov 25 23:28:10.492756 2025] [cgi:error] [pid 3604:tid 1856] [client 172.70.248.115:10085] AH02809: Options ExecCGI is off in this directory: C:/lss/xampp/mysql/bin/mysqldumpslow.pl
[Tue Nov 25 23:28:10.546184 2025] [cgi:error] [pid 3604:tid 1856] [client 172.70.248.115:10085] AH02809: Options ExecCGI is off in this directory: C:/lss/xampp/mysql/bin/mysqlhotcopy.pl
[Tue Nov 25 23:28:10.559372 2025] [cgi:error] [pid 3604:tid 1672] [client 172.69.151.55:11589] AH02809: Options ExecCGI is off in this directory: C:/lss/xampp/mysql/bin/mysqldumpslow.pl
[Tue Nov 25 23:28:10.610311 2025] [cgi:error] [pid 3604:tid 1672] [client 172.69.151.55:11589] AH02809: Options ExecCGI is off in this directory: C:/lss/xampp/mysql/bin/mysqlhotcopy.pl
[Tue Nov 25 23:28:10.630308 2025] [cgi:error] [pid 3604:tid 1652] [client 172.70.251.107:11999] AH02809: Options ExecCGI is off in this directory: C:/lss/xampp/mysql/bin/mysqldumpslow.pl
[Tue Nov 25 23:28:10.681322 2025] [cgi:error] [pid 3604:tid 1652] [client 172.70.251.107:11999] AH02809: Options ExecCGI is off in this directory: C:/lss/xampp/mysql/bin/mysqlhotcopy.pl
[Tue Nov 25 23:29:40.353388 2025] [cgi:error] [pid 3604:tid 1692] [client 172.70.240.56:13614] AH02809: Options ExecCGI is off in this directory: C:/lss/xampp/perl/bin/SOAPsh.pl
[Tue Nov 25 23:29:40.618503 2025] [cgi:error] [pid 3604:tid 1692] [client 172.70.240.56:13614] AH02809: Options ExecCGI is off in this directory: C:/lss/xampp/perl/bin/bdf2gdfont.pl
[Tue Nov 25 23:29:49.167581 2025] [cgi:error] [pid 3604:tid 1492] [client 104.23.239.96:13583] AH02809: Options ExecCGI is off in this directory: C:/lss/xampp/perl/bin/SOAPsh.pl
[Tue Nov 25 23:29:49.441607 2025] [cgi:error] [pid 3604:tid 2004] [client 172.71.164.45:12601] AH02809: Options ExecCGI is off in this directory: C:/lss/xampp/perl/bin/bdf2gdfont.pl
[Tue Nov 25 23:29:49.475808 2025] [cgi:error] [pid 3604:tid 1692] [client 172.70.240.57:12879] AH02809: Options ExecCGI is off in this directory: C:/lss/xampp/perl/bin/exe_update.pl
[Tue Nov 25 23:29:49.480705 2025] [cgi:error] [pid 3604:tid 1908] [client 172.70.240.32:11387] AH02809: Options ExecCGI is off in this directory: C:/lss/xampp/perl/bin/SOAPsh.pl
[Tue Nov 25 23:29:49.639846 2025] [cgi:error] [pid 3604:tid 1872] [client 172.71.164.45:9910] AH02809: Options ExecCGI is off in this directory: C:/lss/xampp/perl/bin/SOAPsh.pl
[Tue Nov 25 23:29:49.776568 2025] [cgi:error] [pid 3604:tid 2004] [client 172.71.164.45:12601] AH02809: Options ExecCGI is off in this directory: C:/lss/xampp/perl/bin/bdf2gdfont.pl
[Tue Nov 25 23:29:49.903643 2025] [cgi:error] [pid 3604:tid 1860] [client 172.70.240.32:11379] AH02809: Options ExecCGI is off in this directory: C:/lss/xampp/perl/bin/bdf2gdfont.pl
[Tue Nov 25 23:29:50.326239 2025] [cgi:error] [pid 3604:tid 1692] [client 172.70.240.57:12879] AH02809: Options ExecCGI is off in this directory: C:/lss/xampp/perl/bin/factor.pl
[Tue Nov 25 23:29:54.874480 2025] [cgi:error] [pid 3604:tid 1692] [client 172.70.240.56:12444] AH02809: Options ExecCGI is off in this directory: C:/lss/xampp/perl/bin/llw32helper.pl
[Tue Nov 25 23:29:58.365471 2025] [cgi:error] [pid 3604:tid 1884] [client 162.158.94.9:12281] AH02809: Options ExecCGI is off in this directory: C:/lss/xampp/perl/bin/exe_update.pl
[Tue Nov 25 23:29:58.770471 2025] [cgi:error] [pid 3604:tid 1940] [client 172.69.151.55:11904] AH02809: Options ExecCGI is off in this directory: C:/lss/xampp/perl/bin/exe_update.pl
[Tue Nov 25 23:29:58.889836 2025] [cgi:error] [pid 3604:tid 1716] [client 172.70.248.115:13930] AH02809: Options ExecCGI is off in this directory: C:/lss/xampp/perl/bin/exe_update.pl
[Tue Nov 25 23:29:59.277110 2025] [cgi:error] [pid 3604:tid 1908] [client 172.70.246.237:11642] AH02809: Options ExecCGI is off in this directory: C:/lss/xampp/perl/bin/factor.pl
[Tue Nov 25 23:29:59.755137 2025] [cgi:error] [pid 3604:tid 1716] [client 172.70.248.115:13930] AH02809: Options ExecCGI is off in this directory: C:/lss/xampp/perl/bin/factor.pl
[Tue Nov 25 23:29:59.885276 2025] [cgi:error] [pid 3604:tid 1856] [client 172.71.172.135:11901] AH02809: Options ExecCGI is off in this directory: C:/lss/xampp/perl/bin/factor.pl
[Tue Nov 25 23:30:04.925650 2025] [cgi:error] [pid 3604:tid 1884] [client 172.70.240.33:9618] AH02809: Options ExecCGI is off in this directory: C:/lss/xampp/perl/bin/llw32helper.pl
[Tue Nov 25 23:30:04.968693 2025] [cgi:error] [pid 3604:tid 2004] [client 172.70.242.115:11274] AH02809: Options ExecCGI is off in this directory: C:/lss/xampp/perl/bin/llw32helper.pl
[Tue Nov 25 23:30:05.317626 2025] [cgi:error] [pid 3604:tid 1968] [client 104.23.239.97:9553] AH02809: Options ExecCGI is off in this directory: C:/lss/xampp/perl/bin/llw32helper.pl
[Tue Nov 25 23:30:05.857289 2025] [cgi:error] [pid 3604:tid 1692] [client 172.70.240.56:12444] AH02809: Options ExecCGI is off in this directory: C:/lss/xampp/perl/bin/pl2bat.pl
[Tue Nov 25 23:30:10.730411 2025] [cgi:error] [pid 3604:tid 1692] [client 172.70.240.57:12752] AH02809: Options ExecCGI is off in this directory: C:/lss/xampp/perl/bin/ppm.pl
[Tue Nov 25 23:30:11.019194 2025] [cgi:error] [pid 3604:tid 1692] [client 172.70.240.57:12752] AH02809: Options ExecCGI is off in this directory: C:/lss/xampp/perl/bin/primes.pl
[Tue Nov 25 23:30:14.656271 2025] [cgi:error] [pid 3604:tid 1692] [client 172.70.240.57:12752] AH02809: Options ExecCGI is off in this directory: C:/lss/xampp/perl/bin/stubmaker.pl
[Tue Nov 25 23:30:15.799008 2025] [cgi:error] [pid 3604:tid 1900] [client 172.71.144.180:10014] AH02809: Options ExecCGI is off in this directory: C:/lss/xampp/perl/bin/pl2bat.pl
[Tue Nov 25 23:30:15.951576 2025] [cgi:error] [pid 3604:tid 2024] [client 172.71.247.33:11252] AH02809: Options ExecCGI is off in this directory: C:/lss/xampp/perl/bin/pl2bat.pl
[Tue Nov 25 23:30:16.121868 2025] [cgi:error] [pid 3604:tid 1520] [client 172.71.164.44:10056] AH02809: Options ExecCGI is off in this directory: C:/lss/xampp/perl/bin/pl2bat.pl
[Tue Nov 25 23:30:20.507305 2025] [cgi:error] [pid 3604:tid 1836] [client 172.69.151.56:9503] AH02809: Options ExecCGI is off in this directory: C:/lss/xampp/perl/bin/ppm.pl
[Tue Nov 25 23:30:20.687300 2025] [cgi:error] [pid 3604:tid 2024] [client 172.71.247.33:11252] AH02809: Options ExecCGI is off in this directory: C:/lss/xampp/perl/bin/ppm.pl
[Tue Nov 25 23:30:20.774300 2025] [cgi:error] [pid 3604:tid 1520] [client 172.71.164.44:10056] AH02809: Options ExecCGI is off in this directory: C:/lss/xampp/perl/bin/primes.pl
[Tue Nov 25 23:30:20.845302 2025] [cgi:error] [pid 3604:tid 1520] [client 172.71.164.44:10056] AH02809: Options ExecCGI is off in this directory: C:/lss/xampp/perl/bin/ppm.pl
[Tue Nov 25 23:30:20.949305 2025] [cgi:error] [pid 3604:tid 2024] [client 172.71.247.33:11252] AH02809: Options ExecCGI is off in this directory: C:/lss/xampp/perl/bin/primes.pl
[Tue Nov 25 23:30:21.115307 2025] [cgi:error] [pid 3604:tid 2024] [client 172.71.247.33:11252] AH02809: Options ExecCGI is off in this directory: C:/lss/xampp/perl/bin/primes.pl
[Tue Nov 25 23:30:24.506727 2025] [cgi:error] [pid 3604:tid 1452] [client 162.158.87.159:11868] AH02809: Options ExecCGI is off in this directory: C:/lss/xampp/perl/bin/stubmaker.pl
[Tue Nov 25 23:30:24.860757 2025] [cgi:error] [pid 3604:tid 1864] [client 172.71.172.134:11185] AH02809: Options ExecCGI is off in this directory: C:/lss/xampp/perl/bin/stubmaker.pl
[Tue Nov 25 23:30:24.866655 2025] [cgi:error] [pid 3604:tid 1836] [client 172.69.151.56:9503] AH02809: Options ExecCGI is off in this directory: C:/lss/xampp/perl/bin/stubmaker.pl
[Tue Nov 25 23:30:56.040876 2025] [autoindex:error] [pid 3604:tid 1452] [client 141.101.98.174:12099] AH01276: Cannot serve directory C:/lss/xampp/cgi-bin/: No matching DirectoryIndex (index.php,index.pl,index.cgi,index.asp,index.shtml,index.html,index.htm,default.php,default.pl,default.cgi,default.asp,default.shtml,default.html,default.htm,home.php,home.pl,home.cgi,home.asp,home.shtml,home.html,home.htm) found, and server-generated directory index forbidden by Options directive
[Tue Nov 25 23:30:57.039288 2025] [cgi:error] [pid 3604:tid 1960] [client 172.69.224.132:13435] AH02809: Options ExecCGI is off in this directory: C:/lss/xampp/contrib/ftp-mit-perl.pl
[Tue Nov 25 23:30:57.345694 2025] [autoindex:error] [pid 3604:tid 1480] [client 172.68.229.189:9979] AH01276: Cannot serve directory C:/lss/xampp/cgi-bin/: No matching DirectoryIndex (index.php,index.pl,index.cgi,index.asp,index.shtml,index.html,index.htm,default.php,default.pl,default.cgi,default.asp,default.shtml,default.html,default.htm,home.php,home.pl,home.cgi,home.asp,home.shtml,home.html,home.htm) found, and server-generated directory index forbidden by Options directive
[Tue Nov 25 23:30:57.361874 2025] [cgi:error] [pid 3604:tid 1704] [client 172.64.192.132:10748] AH02809: Options ExecCGI is off in this directory: C:/lss/xampp/contrib/interbase.pl
[Tue Nov 25 23:30:57.867668 2025] [autoindex:error] [pid 3604:tid 1872] [client 172.70.91.95:13077] AH01276: Cannot serve directory C:/lss/xampp/cgi-bin/: No matching DirectoryIndex (index.php,index.pl,index.cgi,index.asp,index.shtml,index.html,index.htm,default.php,default.pl,default.cgi,default.asp,default.shtml,default.html,default.htm,home.php,home.pl,home.cgi,home.asp,home.shtml,home.html,home.htm) found, and server-generated directory index forbidden by Options directive
[Tue Nov 25 23:30:58.049398 2025] [cgi:error] [pid 3604:tid 1452] [client 141.101.98.174:12099] AH02809: Options ExecCGI is off in this directory: C:/lss/xampp/contrib/mysql.pl
[Tue Nov 25 23:30:58.277305 2025] [cgi:error] [pid 3604:tid 1452] [client 141.101.98.174:12099] AH02809: Options ExecCGI is off in this directory: C:/lss/xampp/contrib/oracle.pl
[Tue Nov 25 23:30:58.365290 2025] [cgi:error] [pid 3604:tid 1900] [client 141.101.98.174:14198] AH02809: Options ExecCGI is off in this directory: C:/lss/xampp/contrib/ftp-mit-perl.pl
[Tue Nov 25 23:30:58.481276 2025] [cgi:error] [pid 3604:tid 1452] [client 141.101.98.174:12099] AH02809: Options ExecCGI is off in this directory: C:/lss/xampp/contrib/postgresql.pl
[Tue Nov 25 23:30:58.660662 2025] [cgi:error] [pid 3604:tid 2008] [client 172.64.192.133:11545] AH02809: Options ExecCGI is off in this directory: C:/lss/xampp/contrib/interbase.pl
[Tue Nov 25 23:30:58.881356 2025] [cgi:error] [pid 3604:tid 1900] [client 141.101.98.174:14198] AH02809: Options ExecCGI is off in this directory: C:/lss/xampp/contrib/ftp-mit-perl.pl
[Tue Nov 25 23:30:59.075665 2025] [cgi:error] [pid 3604:tid 1704] [client 172.64.192.132:10748] AH02809: Options ExecCGI is off in this directory: C:/lss/xampp/contrib/sqlite.pl
[Tue Nov 25 23:30:59.188671 2025] [cgi:error] [pid 3604:tid 2008] [client 172.64.192.133:11545] AH02809: Options ExecCGI is off in this directory: C:/lss/xampp/contrib/testperldbi.pl
[Tue Nov 25 23:30:59.193666 2025] [cgi:error] [pid 3604:tid 1452] [client 141.101.98.174:12099] AH02809: Options ExecCGI is off in this directory: C:/lss/xampp/contrib/interbase.pl
[Tue Nov 25 23:30:59.306326 2025] [cgi:error] [pid 3604:tid 1704] [client 172.64.192.132:10748] AH02809: Options ExecCGI is off in this directory: C:/lss/xampp/contrib/mysql.pl
[Tue Nov 25 23:30:59.566741 2025] [cgi:error] [pid 3604:tid 1452] [client 141.101.98.174:12099] AH02809: Options ExecCGI is off in this directory: C:/lss/xampp/contrib/oracle.pl
[Tue Nov 25 23:30:59.793622 2025] [cgi:error] [pid 3604:tid 1900] [client 141.101.98.174:14198] AH02809: Options ExecCGI is off in this directory: C:/lss/xampp/contrib/postgresql.pl
[Tue Nov 25 23:30:59.863565 2025] [cgi:error] [pid 3604:tid 1452] [client 141.101.98.174:12099] AH02809: Options ExecCGI is off in this directory: C:/lss/xampp/contrib/mysql.pl
[Tue Nov 25 23:31:00.095153 2025] [cgi:error] [pid 3604:tid 1900] [client 141.101.98.174:14198] AH02809: Options ExecCGI is off in this directory: C:/lss/xampp/contrib/oracle.pl
[Tue Nov 25 23:31:00.311544 2025] [cgi:error] [pid 3604:tid 1452] [client 141.101.98.174:12099] AH02809: Options ExecCGI is off in this directory: C:/lss/xampp/contrib/sqlite.pl
[Tue Nov 25 23:31:00.413544 2025] [cgi:error] [pid 3604:tid 1900] [client 141.101.98.174:14198] AH02809: Options ExecCGI is off in this directory: C:/lss/xampp/contrib/testperldbi.pl
[Tue Nov 25 23:31:00.473435 2025] [cgi:error] [pid 3604:tid 1836] [client 172.71.178.114:9883] AH02809: Options ExecCGI is off in this directory: C:/lss/xampp/contrib/postgresql.pl
[Tue Nov 25 23:31:01.246409 2025] [cgi:error] [pid 3604:tid 1560] [client 162.158.216.132:10864] AH02809: Options ExecCGI is off in this directory: C:/lss/xampp/contrib/sqlite.pl
[Tue Nov 25 23:31:01.435439 2025] [cgi:error] [pid 3604:tid 1560] [client 162.158.216.132:10864] AH02809: Options ExecCGI is off in this directory: C:/lss/xampp/contrib/testperldbi.pl
[Tue Nov 25 23:31:05.543293 2025] [autoindex:error] [pid 3604:tid 1480] [client 172.69.224.132:11016] AH01276: Cannot serve directory C:/lss/xampp/cgi-bin/: No matching DirectoryIndex (index.php,index.pl,index.cgi,index.asp,index.shtml,index.html,index.htm,default.php,default.pl,default.cgi,default.asp,default.shtml,default.html,default.htm,home.php,home.pl,home.cgi,home.asp,home.shtml,home.html,home.htm) found, and server-generated directory index forbidden by Options directive
[Tue Nov 25 23:31:05.957083 2025] [cgi:error] [pid 3604:tid 1852] [client 172.70.246.236:13920] AH02809: Options ExecCGI is off in this directory: C:/lss/xampp/perl/lib/Config_git.pl
[Tue Nov 25 23:31:06.007078 2025] [cgi:error] [pid 3604:tid 1852] [client 172.70.246.236:13920] AH02809: Options ExecCGI is off in this directory: C:/lss/xampp/perl/lib/Config_heavy.pl
[Tue Nov 25 23:31:06.998103 2025] [cgi:error] [pid 3604:tid 1480] [client 172.69.224.132:11016] AH02809: Options ExecCGI is off in this directory: C:/lss/xampp/contrib/ftp-mit-perl.pl
[Tue Nov 25 23:31:07.317103 2025] [cgi:error] [pid 3604:tid 1480] [client 172.69.224.132:11016] AH02809: Options ExecCGI is off in this directory: C:/lss/xampp/contrib/interbase.pl
[Tue Nov 25 23:31:07.984655 2025] [cgi:error] [pid 3604:tid 1480] [client 172.69.224.132:11016] AH02809: Options ExecCGI is off in this directory: C:/lss/xampp/contrib/mysql.pl
[Tue Nov 25 23:31:08.437252 2025] [cgi:error] [pid 3604:tid 1480] [client 172.69.224.132:11016] AH02809: Options ExecCGI is off in this directory: C:/lss/xampp/contrib/oracle.pl
[Tue Nov 25 23:31:08.621833 2025] [cgi:error] [pid 3604:tid 1480] [client 172.69.224.132:11016] AH02809: Options ExecCGI is off in this directory: C:/lss/xampp/contrib/postgresql.pl
[Tue Nov 25 23:31:09.268186 2025] [cgi:error] [pid 3604:tid 1480] [client 172.69.224.132:11016] AH02809: Options ExecCGI is off in this directory: C:/lss/xampp/contrib/sqlite.pl
[Tue Nov 25 23:31:09.358418 2025] [cgi:error] [pid 3604:tid 1480] [client 172.69.224.132:11016] AH02809: Options ExecCGI is off in this directory: C:/lss/xampp/contrib/testperldbi.pl
[Tue Nov 25 23:31:17.502192 2025] [cgi:error] [pid 3604:tid 1776] [client 172.70.251.108:10692] AH02809: Options ExecCGI is off in this directory: C:/lss/xampp/perl/lib/Config_git.pl
[Tue Nov 25 23:31:17.559190 2025] [cgi:error] [pid 3604:tid 1908] [client 172.70.251.107:13683] AH02809: Options ExecCGI is off in this directory: C:/lss/xampp/perl/lib/Config_heavy.pl
[Tue Nov 25 23:31:17.573254 2025] [cgi:error] [pid 3604:tid 1980] [client 172.71.144.180:9853] AH02809: Options ExecCGI is off in this directory: C:/lss/xampp/perl/lib/Config_git.pl
[Tue Nov 25 23:31:17.623175 2025] [cgi:error] [pid 3604:tid 1968] [client 172.71.144.181:11889] AH02809: Options ExecCGI is off in this directory: C:/lss/xampp/perl/lib/Config_heavy.pl
[Tue Nov 25 23:31:17.691203 2025] [cgi:error] [pid 3604:tid 1860] [client 162.158.94.8:10782] AH02809: Options ExecCGI is off in this directory: C:/lss/xampp/perl/lib/Config_git.pl
[Tue Nov 25 23:31:17.745218 2025] [cgi:error] [pid 3604:tid 1476] [client 162.158.94.8:10787] AH02809: Options ExecCGI is off in this directory: C:/lss/xampp/perl/lib/Config_heavy.pl
[Tue Nov 25 23:33:07.693738 2025] [cgi:error] [pid 3604:tid 1624] [client 172.69.43.176:10151] AH02809: Options ExecCGI is off in this directory: C:/lss/xampp/mysql/bin/mysql_config.pl
[Tue Nov 25 23:33:07.789943 2025] [cgi:error] [pid 3604:tid 1624] [client 172.69.43.176:10151] AH02809: Options ExecCGI is off in this directory: C:/lss/xampp/mysql/bin/mysql_convert_table_format.pl
[Tue Nov 25 23:33:08.192415 2025] [cgi:error] [pid 3604:tid 2024] [client 172.70.162.176:9507] AH02809: Options ExecCGI is off in this directory: C:/lss/xampp/mysql/bin/mysql_config.pl
[Tue Nov 25 23:33:08.294133 2025] [cgi:error] [pid 3604:tid 2024] [client 172.70.162.176:9507] AH02809: Options ExecCGI is off in this directory: C:/lss/xampp/mysql/bin/mysql_convert_table_format.pl
[Tue Nov 25 23:33:08.917396 2025] [cgi:error] [pid 3604:tid 1836] [client 172.71.241.116:9738] AH02809: Options ExecCGI is off in this directory: C:/lss/xampp/mysql/bin/mysql_config.pl
[Tue Nov 25 23:33:09.012373 2025] [cgi:error] [pid 3604:tid 1836] [client 172.71.241.116:9738] AH02809: Options ExecCGI is off in this directory: C:/lss/xampp/mysql/bin/mysql_convert_table_format.pl
[Tue Nov 25 23:33:48.687626 2025] [cgi:error] [pid 3604:tid 1832] [client 172.64.192.132:10800] AH02809: Options ExecCGI is off in this directory: C:/lss/xampp/mysql/bin/mysql_config.pl
[Tue Nov 25 23:33:48.923823 2025] [cgi:error] [pid 3604:tid 1832] [client 172.64.192.132:10800] AH02809: Options ExecCGI is off in this directory: C:/lss/xampp/mysql/bin/mysql_convert_table_format.pl
[Tue Nov 25 23:33:53.194447 2025] [cgi:error] [pid 3604:tid 2032] [client 172.70.91.95:11052] AH02809: Options ExecCGI is off in this directory: C:/lss/xampp/mysql/bin/mysqld_multi.pl
[Tue Nov 25 23:33:53.947402 2025] [cgi:error] [pid 3604:tid 1980] [client 172.69.224.132:13352] AH02809: Options ExecCGI is off in this directory: C:/lss/xampp/mysql/bin/mysqld_multi.pl
[Tue Nov 25 23:33:54.140669 2025] [cgi:error] [pid 3604:tid 1832] [client 172.69.43.177:11059] AH02809: Options ExecCGI is off in this directory: C:/lss/xampp/mysql/bin/mysqld_multi.pl
[Tue Nov 25 23:33:55.221087 2025] [cgi:error] [pid 3604:tid 2032] [client 172.70.91.95:11052] AH02809: Options ExecCGI is off in this directory: C:/lss/xampp/mysql/bin/mysqldumpslow.pl
[Tue Nov 25 23:33:55.228206 2025] [cgi:error] [pid 3604:tid 1980] [client 172.69.224.132:13352] AH02809: Options ExecCGI is off in this directory: C:/lss/xampp/mysql/bin/mysqldumpslow.pl
[Tue Nov 25 23:33:55.320099 2025] [cgi:error] [pid 3604:tid 1980] [client 172.69.224.132:13352] AH02809: Options ExecCGI is off in this directory: C:/lss/xampp/mysql/bin/mysqlhotcopy.pl
[Tue Nov 25 23:33:55.325682 2025] [cgi:error] [pid 3604:tid 2032] [client 172.70.91.95:11052] AH02809: Options ExecCGI is off in this directory: C:/lss/xampp/mysql/bin/mysqlhotcopy.pl
[Tue Nov 25 23:33:55.553432 2025] [cgi:error] [pid 3604:tid 1832] [client 172.69.43.177:11059] AH02809: Options ExecCGI is off in this directory: C:/lss/xampp/mysql/bin/mysqldumpslow.pl
[Tue Nov 25 23:33:55.769785 2025] [cgi:error] [pid 3604:tid 1832] [client 172.69.43.177:11059] AH02809: Options ExecCGI is off in this directory: C:/lss/xampp/mysql/bin/mysqlhotcopy.pl
[Tue Nov 25 23:33:58.431013 2025] [cgi:error] [pid 3604:tid 1860] [client 162.158.110.224:14329] AH02809: Options ExecCGI is off in this directory: C:/lss/xampp/perl/lib/Unicode/Collate/Locale/af.pl
[Tue Nov 25 23:33:58.489999 2025] [cgi:error] [pid 3604:tid 1860] [client 162.158.110.224:14329] AH02809: Options ExecCGI is off in this directory: C:/lss/xampp/perl/lib/Unicode/Collate/Locale/ar.pl
[Tue Nov 25 23:33:58.549841 2025] [cgi:error] [pid 3604:tid 1860] [client 162.158.110.224:14329] AH02809: Options ExecCGI is off in this directory: C:/lss/xampp/perl/lib/Unicode/Collate/Locale/as.pl
[Tue Nov 25 23:33:58.622847 2025] [cgi:error] [pid 3604:tid 1860] [client 162.158.110.224:14329] AH02809: Options ExecCGI is off in this directory: C:/lss/xampp/perl/lib/Unicode/Collate/Locale/az.pl
[Tue Nov 25 23:33:58.681847 2025] [cgi:error] [pid 3604:tid 1860] [client 162.158.110.224:14329] AH02809: Options ExecCGI is off in this directory: C:/lss/xampp/perl/lib/Unicode/Collate/Locale/be.pl
[Tue Nov 25 23:33:58.739865 2025] [cgi:error] [pid 3604:tid 1860] [client 162.158.110.224:14329] AH02809: Options ExecCGI is off in this directory: C:/lss/xampp/perl/lib/Unicode/Collate/Locale/bn.pl
[Tue Nov 25 23:33:58.798008 2025] [cgi:error] [pid 3604:tid 1860] [client 162.158.110.224:14329] AH02809: Options ExecCGI is off in this directory: C:/lss/xampp/perl/lib/Unicode/Collate/Locale/ca.pl
[Tue Nov 25 23:33:58.859079 2025] [cgi:error] [pid 3604:tid 1860] [client 162.158.110.224:14329] AH02809: Options ExecCGI is off in this directory: C:/lss/xampp/perl/lib/Unicode/Collate/Locale/cs.pl
[Tue Nov 25 23:33:58.916865 2025] [cgi:error] [pid 3604:tid 1860] [client 162.158.110.224:14329] AH02809: Options ExecCGI is off in this directory: C:/lss/xampp/perl/lib/Unicode/Collate/Locale/cu.pl
[Tue Nov 25 23:33:58.975523 2025] [cgi:error] [pid 3604:tid 1860] [client 162.158.110.224:14329] AH02809: Options ExecCGI is off in this directory: C:/lss/xampp/perl/lib/Unicode/Collate/Locale/cy.pl
[Tue Nov 25 23:33:59.033515 2025] [cgi:error] [pid 3604:tid 1860] [client 162.158.110.224:14329] AH02809: Options ExecCGI is off in this directory: C:/lss/xampp/perl/lib/Unicode/Collate/Locale/da.pl
[Tue Nov 25 23:33:59.091545 2025] [cgi:error] [pid 3604:tid 1860] [client 162.158.110.224:14329] AH02809: Options ExecCGI is off in this directory: C:/lss/xampp/perl/lib/Unicode/Collate/Locale/de_at_ph.pl
[Tue Nov 25 23:33:59.149581 2025] [cgi:error] [pid 3604:tid 1860] [client 162.158.110.224:14329] AH02809: Options ExecCGI is off in this directory: C:/lss/xampp/perl/lib/Unicode/Collate/Locale/de_phone.pl
[Tue Nov 25 23:33:59.207632 2025] [cgi:error] [pid 3604:tid 1860] [client 162.158.110.224:14329] AH02809: Options ExecCGI is off in this directory: C:/lss/xampp/perl/lib/Unicode/Collate/Locale/dsb.pl
[Tue Nov 25 23:33:59.264891 2025] [cgi:error] [pid 3604:tid 1860] [client 162.158.110.224:14329] AH02809: Options ExecCGI is off in this directory: C:/lss/xampp/perl/lib/Unicode/Collate/Locale/ee.pl
[Tue Nov 25 23:33:59.323287 2025] [cgi:error] [pid 3604:tid 1860] [client 162.158.110.224:14329] AH02809: Options ExecCGI is off in this directory: C:/lss/xampp/perl/lib/Unicode/Collate/Locale/eo.pl
[Tue Nov 25 23:33:59.380307 2025] [cgi:error] [pid 3604:tid 1860] [client 162.158.110.224:14329] AH02809: Options ExecCGI is off in this directory: C:/lss/xampp/perl/lib/Unicode/Collate/Locale/es.pl
[Tue Nov 25 23:33:59.440384 2025] [cgi:error] [pid 3604:tid 1860] [client 162.158.110.224:14329] AH02809: Options ExecCGI is off in this directory: C:/lss/xampp/perl/lib/Unicode/Collate/Locale/es_trad.pl
[Tue Nov 25 23:33:59.498754 2025] [cgi:error] [pid 3604:tid 1860] [client 162.158.110.224:14329] AH02809: Options ExecCGI is off in this directory: C:/lss/xampp/perl/lib/Unicode/Collate/Locale/et.pl
