[Tue Nov 18 00:04:58.626871 2025] [ssl:error] [pid 6392:tid 1860] [client 98.80.4.119:33000] AH02042: rejecting client initiated renegotiation
[Tue Nov 18 00:18:26.222208 2025] [php:error] [pid 6392:tid 1964] [client 207.154.241.108:37802] script 'C:/lss/xampp/htdocs/alive.php' not found or unable to stat
[Tue Nov 18 01:26:16.304490 2025] [cgi:error] [pid 6392:tid 1964] [client 193.142.147.209:25240] AH02811: script not found or unable to stat: C:/lss/xampp/cgi-bin/luci
[Tue Nov 18 02:03:51.230468 2025] [core:error] [pid 6392:tid 1964] [client 89.35.130.146:34280] AH10244: invalid URI path (/cgi-bin/.%2e/.%2e/.%2e/.%2e/.%2e/.%2e/.%2e/.%2e/.%2e/.%2e/bin/sh)
[Tue Nov 18 04:32:23.629069 2025] [php:error] [pid 6392:tid 1960] [client 78.153.140.203:54286] script 'C:/lss/xampp/htdocs/app_dev.php' not found or unable to stat
[Tue Nov 18 05:53:30.108315 2025] [cgi:error] [pid 6392:tid 1068] [client 193.142.147.209:11732] AH02811: script not found or unable to stat: C:/lss/xampp/cgi-bin/luci
[Tue Nov 18 11:37:47.295951 2025] [php:warn] [pid 6392:tid 1000] [client 185.67.33.213:3712] PHP Warning: Undefined array key "HTTP_HOST" in C:\\lss\\xampp\\htdocs\\index.php on line 7
[Tue Nov 18 11:37:47.514680 2025] [php:warn] [pid 6392:tid 2056] [client 185.67.33.213:3715] PHP Warning: Undefined array key "HTTP_HOST" in C:\\lss\\xampp\\htdocs\\index.php on line 7
[Tue Nov 18 11:37:48.176094 2025] [php:warn] [pid 6392:tid 2056] [client 185.67.33.213:3725] PHP Warning: Undefined array key "HTTP_HOST" in C:\\lss\\xampp\\htdocs\\index.php on line 7
[Tue Nov 18 13:06:33.744307 2025] [php:warn] [pid 6392:tid 2056] [client 185.67.33.201:13401] PHP Warning: Undefined array key "HTTP_HOST" in C:\\lss\\xampp\\htdocs\\index.php on line 7
[Tue Nov 18 13:06:34.963143 2025] [php:warn] [pid 6392:tid 2008] [client 185.67.33.201:13408] PHP Warning: Undefined array key "HTTP_HOST" in C:\\lss\\xampp\\htdocs\\index.php on line 7
[Tue Nov 18 13:11:36.947443 2025] [php:warn] [pid 6392:tid 2008] [client 185.67.33.207:63338] PHP Warning: Undefined array key "HTTP_HOST" in C:\\lss\\xampp\\htdocs\\index.php on line 7
[Tue Nov 18 13:11:37.291263 2025] [php:warn] [pid 6392:tid 1860] [client 185.67.33.207:63346] PHP Warning: Undefined array key "HTTP_HOST" in C:\\lss\\xampp\\htdocs\\index.php on line 7
[Wed Nov 19 04:49:33.961475 2025] [php:error] [pid 6392:tid 1860] [client 185.67.33.235:41491] script 'C:/lss/xampp/htdocs/adminer.php' not found or unable to stat
[Wed Nov 19 06:55:51.362222 2025] [php:error] [pid 6392:tid 2008] [client 78.153.140.224:35212] script 'C:/lss/xampp/htdocs/app_dev.php' not found or unable to stat
[Wed Nov 19 07:22:42.355676 2025] [cgi:error] [pid 6392:tid 2008] [client 193.142.147.209:62282] AH02811: script not found or unable to stat: C:/lss/xampp/cgi-bin/luci
[Wed Nov 19 10:40:19.124959 2025] [cgi:error] [pid 6392:tid 1000] [client 193.142.147.209:24150] AH02811: script not found or unable to stat: C:/lss/xampp/cgi-bin/luci
[Wed Nov 19 14:57:45.963998 2025] [cgi:error] [pid 6392:tid 1960] [client 193.142.147.209:53944] AH02811: script not found or unable to stat: C:/lss/xampp/cgi-bin/luci
[Wed Nov 19 19:06:35.013569 2025] [core:error] [pid 6392:tid 1716] [client 178.18.251.197:60826] AH10244: invalid URI path (/cgi-bin/.%2e/.%2e/.%2e/.%2e/.%2e/.%2e/.%2e/.%2e/.%2e/.%2e/bin/sh)
[Wed Nov 19 19:43:02.150560 2025] [cgi:error] [pid 6392:tid 1716] [client 193.142.147.209:14894] AH02811: script not found or unable to stat: C:/lss/xampp/cgi-bin/luci
[Wed Nov 19 23:18:00.278489 2025] [cgi:error] [pid 6392:tid 1292] [client 193.142.147.209:20582] AH02811: script not found or unable to stat: C:/lss/xampp/cgi-bin/luci
[Thu Nov 20 00:25:43.840953 2025] [cgi:error] [pid 6392:tid 1716] [client 123.143.114.188:48932] malformed header from script 'php-cgi.exe': Bad header: Security Alert! The PHP
[Thu Nov 20 00:25:45.486120 2025] [php:error] [pid 6392:tid 1716] [client 123.143.114.188:48942] script 'C:/lss/xampp/htdocs/test.php' not found or unable to stat
[Thu Nov 20 00:41:49.806762 2025] [cgi:error] [pid 6392:tid 1716] [client 193.142.147.209:24986] AH02811: script not found or unable to stat: C:/lss/xampp/cgi-bin/luci
[Thu Nov 20 06:13:26.295105 2025] [cgi:error] [pid 6392:tid 1468] [client 193.142.147.209:63892] AH02811: script not found or unable to stat: C:/lss/xampp/cgi-bin/luci
[Thu Nov 20 11:18:19.858053 2025] [cgi:error] [pid 6392:tid 1468] [client 193.142.147.209:43328] AH02811: script not found or unable to stat: C:/lss/xampp/cgi-bin/luci
[Thu Nov 20 12:39:34.254792 2025] [core:error] [pid 6392:tid 1468] [client 198.98.53.110:57648] AH10244: invalid URI path (/cgi-bin/.%2e/.%2e/.%2e/.%2e/.%2e/.%2e/.%2e/.%2e/.%2e/.%2e/bin/sh)
[Thu Nov 20 14:06:56.256738 2025] [core:error] [pid 6392:tid 1468] [client 103.146.53.248:47076] AH10244: invalid URI path (/cgi-bin/.%2e/.%2e/.%2e/.%2e/.%2e/.%2e/.%2e/.%2e/.%2e/.%2e/bin/sh)
[Thu Nov 20 14:32:15.718616 2025] [cgi:error] [pid 6392:tid 1468] [client 193.142.147.209:38440] AH02811: script not found or unable to stat: C:/lss/xampp/cgi-bin/luci
[Thu Nov 20 15:23:42.419871 2025] [core:error] [pid 6392:tid 1652] (20024)The given path is misformatted or contained invalid characters: [client 78.153.140.176:44680] AH00127: Cannot map GET /%20%20%20%20%22/laravel/.env%22, HTTP/1.1 to file
[Thu Nov 20 16:20:34.828793 2025] [cgi:error] [pid 6392:tid 1652] [client 123.143.114.188:52562] malformed header from script 'php-cgi.exe': Bad header: Security Alert! The PHP
[Thu Nov 20 16:20:36.893601 2025] [php:error] [pid 6392:tid 1652] [client 123.143.114.188:52586] script 'C:/lss/xampp/htdocs/test.php' not found or unable to stat
[Thu Nov 20 17:45:18.567602 2025] [cgi:error] [pid 6392:tid 1652] [client 193.142.147.209:1982] AH02811: script not found or unable to stat: C:/lss/xampp/cgi-bin/luci
[Thu Nov 20 20:48:01.130915 2025] [cgi:error] [pid 6392:tid 1424] [client 185.226.197.57:34621] AH02811: script not found or unable to stat: C:/lss/xampp/cgi-bin/config.exp
[Thu Nov 20 20:50:13.429843 2025] [cgi:error] [pid 6392:tid 1652] [client 185.226.197.60:42357] AH02811: script not found or unable to stat: C:/lss/xampp/cgi-bin/authLogin.cgi
[Thu Nov 20 20:50:34.474246 2025] [php:error] [pid 6392:tid 1652] [client 185.226.197.58:45899] script 'C:/lss/xampp/htdocs/status.php' not found or unable to stat
[Thu Nov 20 20:51:07.114373 2025] [cgi:error] [pid 6392:tid 1468] [client 185.226.197.59:46049] AH02811: script not found or unable to stat: C:/lss/xampp/htdocs/ssi.cgi
[Thu Nov 20 20:52:43.669240 2025] [core:error] [pid 6392:tid 1424] [client 185.226.197.57:56281] AH10244: invalid URI path (/icons/.%%32%65/.%%32%65/apache2/icons/non-existant-image.png)
[Thu Nov 20 20:52:43.903626 2025] [core:error] [pid 6392:tid 1424] [client 185.226.197.58:35837] AH10244: invalid URI path (/icons/.%%32%65/.%%32%65/apache2/icons/sphere1.png)
[Thu Nov 20 20:52:44.184871 2025] [core:error] [pid 6392:tid 1424] [client 185.226.197.57:35761] AH10244: invalid URI path (/icons/.%2e/%2e%2e/apache2/icons/sphere1.png)
[Thu Nov 20 20:53:11.791826 2025] [cgi:error] [pid 6392:tid 1424] [client 185.226.197.57:44392] malformed header from script 'php-cgi.exe': Bad header: Security Alert! The PHP
[Thu Nov 20 20:53:11.994941 2025] [cgi:error] [pid 6392:tid 1424] [client 185.226.197.57:44944] AH02811: script not found or unable to stat: C:/lss/xampp/cgi-bin/php-cgi.exe
[Thu Nov 20 21:16:34.168075 2025] [cgi:error] [pid 6392:tid 1652] [client 193.142.147.209:47816] AH02811: script not found or unable to stat: C:/lss/xampp/cgi-bin/luci
[Thu Nov 20 22:45:42.074282 2025] [core:error] [pid 6392:tid 1468] [client 1.15.100.2:44774] AH10244: invalid URI path (/cgi-bin/.%2e/.%2e/.%2e/.%2e/.%2e/.%2e/.%2e/.%2e/.%2e/.%2e/bin/sh)
[Thu Nov 20 23:17:20.677180 2025] [php:error] [pid 6392:tid 1292] [client 165.22.58.124:44864] script 'C:/lss/xampp/htdocs/alive.php' not found or unable to stat
[Thu Nov 20 23:36:34.568415 2025] [cgi:error] [pid 6392:tid 1292] [client 123.143.114.188:42846] malformed header from script 'php-cgi.exe': Bad header: Security Alert! The PHP
[Thu Nov 20 23:36:36.287137 2025] [php:error] [pid 6392:tid 1292] [client 123.143.114.188:42852] script 'C:/lss/xampp/htdocs/test.php' not found or unable to stat
[Fri Nov 21 00:54:49.484274 2025] [cgi:error] [pid 6392:tid 1292] [client 193.142.147.209:48000] AH02811: script not found or unable to stat: C:/lss/xampp/cgi-bin/luci
[Fri Nov 21 05:43:12.375621 2025] [cgi:error] [pid 6392:tid 1444] [client 193.142.147.209:27954] AH02811: script not found or unable to stat: C:/lss/xampp/cgi-bin/luci
[Fri Nov 21 06:32:34.567499 2025] [cgi:error] [pid 6392:tid 1444] [client 87.121.84.79:54178] AH02811: script not found or unable to stat: C:/lss/xampp/cgi-bin/php-cgi.exe
[Fri Nov 21 06:32:34.895635 2025] [cgi:error] [pid 6392:tid 1444] [client 87.121.84.79:54188] AH02811: script not found or unable to stat: C:/lss/xampp/cgi-bin/php-cgi.exe
[Fri Nov 21 06:32:38.005010 2025] [cgi:error] [pid 6392:tid 1444] [client 87.121.84.79:47976] malformed header from script 'php-cgi.exe': Bad header: Security Alert! The PHP
[Fri Nov 21 06:32:38.411269 2025] [cgi:error] [pid 6392:tid 1444] [client 87.121.84.79:47988] malformed header from script 'php-cgi.exe': Bad header: Security Alert! The PHP
[Fri Nov 21 06:54:29.643584 2025] [cgi:error] [pid 6392:tid 1716] [client 87.121.84.79:49360] AH02811: script not found or unable to stat: C:/lss/xampp/cgi-bin/php-cgi.exe
[Fri Nov 21 06:54:30.003024 2025] [cgi:error] [pid 6392:tid 1716] [client 87.121.84.79:49362] AH02811: script not found or unable to stat: C:/lss/xampp/cgi-bin/php-cgi.exe
[Fri Nov 21 06:54:41.688892 2025] [cgi:error] [pid 6392:tid 1716] [client 87.121.84.79:57662] malformed header from script 'php-cgi.exe': Bad header: Security Alert! The PHP
[Fri Nov 21 06:54:42.626387 2025] [cgi:error] [pid 6392:tid 1716] [client 87.121.84.79:57672] malformed header from script 'php-cgi.exe': Bad header: Security Alert! The PHP
[Fri Nov 21 08:35:11.436017 2025] [cgi:error] [pid 6392:tid 1716] [client 193.142.147.209:38772] AH02811: script not found or unable to stat: C:/lss/xampp/cgi-bin/luci
[Fri Nov 21 11:40:15.030189 2025] [php:error] [pid 6392:tid 1764] [client 78.153.140.179:44224] script 'C:/lss/xampp/htdocs/app_dev.php' not found or unable to stat
[Fri Nov 21 11:40:17.452085 2025] [php:error] [pid 6392:tid 1764] [client 78.153.140.179:37016] script 'C:/lss/xampp/htdocs/test1.php' not found or unable to stat
[Fri Nov 21 11:40:18.674151 2025] [php:error] [pid 6392:tid 1764] [client 78.153.140.179:46320] script 'C:/lss/xampp/htdocs/settings.inc.php' not found or unable to stat
[Fri Nov 21 11:42:05.570974 2025] [php:warn] [pid 6392:tid 1764] [client 185.67.33.213:14121] PHP Warning: Undefined array key "HTTP_HOST" in C:\\lss\\xampp\\htdocs\\index.php on line 7
[Fri Nov 21 11:42:05.649096 2025] [php:warn] [pid 6392:tid 1764] [client 185.67.33.213:14123] PHP Warning: Undefined array key "HTTP_HOST" in C:\\lss\\xampp\\htdocs\\index.php on line 7
[Fri Nov 21 11:42:09.033128 2025] [php:warn] [pid 6392:tid 1612] [client 185.67.33.213:14134] PHP Warning: Undefined array key "HTTP_HOST" in C:\\lss\\xampp\\htdocs\\index.php on line 7
[Fri Nov 21 12:22:35.014999 2025] [cgi:error] [pid 6392:tid 1612] [client 193.142.147.209:48016] AH02811: script not found or unable to stat: C:/lss/xampp/cgi-bin/luci
[Fri Nov 21 15:19:09.161277 2025] [cgi:error] [pid 6392:tid 1860] [client 193.142.147.209:15248] AH02811: script not found or unable to stat: C:/lss/xampp/cgi-bin/luci
[Fri Nov 21 16:48:27.703252 2025] [cgi:error] [pid 6392:tid 1860] [client 123.143.114.188:36790] malformed header from script 'php-cgi.exe': Bad header: Security Alert! The PHP
[Fri Nov 21 16:48:29.375196 2025] [php:error] [pid 6392:tid 1860] [client 123.143.114.188:36820] script 'C:/lss/xampp/htdocs/test.php' not found or unable to stat
[Fri Nov 21 17:30:43.988325 2025] [cgi:error] [pid 6392:tid 1860] [client 83.142.209.111:48142] AH02811: script not found or unable to stat: C:/lss/xampp/cgi-bin/luci
[Fri Nov 21 18:41:20.573491 2025] [cgi:error] [pid 6392:tid 1860] [client 149.50.96.133:42368] AH02811: script not found or unable to stat: C:/lss/xampp/cgi-bin/luci
[Fri Nov 21 20:45:22.410429 2025] [cgi:error] [pid 6392:tid 1748] [client 193.142.147.209:21408] AH02811: script not found or unable to stat: C:/lss/xampp/cgi-bin/luci
[Fri Nov 21 23:10:04.387836 2025] [cgi:error] [pid 6392:tid 1748] [client 87.120.191.124:50122] AH02811: script not found or unable to stat: C:/lss/xampp/cgi-bin/luci
[Fri Nov 21 23:48:40.958957 2025] [cgi:error] [pid 6392:tid 1748] [client 193.142.147.209:33668] AH02811: script not found or unable to stat: C:/lss/xampp/cgi-bin/luci
[Sat Nov 22 03:13:38.064280 2025] [cgi:error] [pid 6392:tid 1860] [client 193.142.147.209:64672] AH02811: script not found or unable to stat: C:/lss/xampp/cgi-bin/luci
[Sat Nov 22 06:44:57.782991 2025] [cgi:error] [pid 6392:tid 1860] [client 193.142.147.209:9282] AH02811: script not found or unable to stat: C:/lss/xampp/cgi-bin/luci
[Sat Nov 22 09:28:33.170817 2025] [core:error] [pid 6392:tid 1748] [client 158.220.115.215:57684] AH10244: invalid URI path (/cgi-bin/.%2e/.%2e/.%2e/.%2e/.%2e/.%2e/.%2e/.%2e/.%2e/.%2e/bin/sh)
[Sat Nov 22 12:52:58.629314 2025] [core:error] [pid 6392:tid 1964] [client 101.36.121.4:16392] AH10244: invalid URI path (/cgi-bin/.%2e/.%2e/.%2e/.%2e/.%2e/.%2e/.%2e/.%2e/.%2e/.%2e/bin/sh)
[Sat Nov 22 13:22:33.578028 2025] [core:error] [pid 6392:tid 1964] (22)Invalid argument: [client 54.147.56.158:50275] AH00127: Cannot map POST /%C0 HTTP/1.1 to file
[Sat Nov 22 14:17:00.003539 2025] [core:error] [pid 6392:tid 1964] [client 196.188.63.85:60522] AH10244: invalid URI path (/cgi-bin/.%2e/.%2e/.%2e/.%2e/.%2e/.%2e/.%2e/.%2e/.%2e/.%2e/bin/sh)
[Sat Nov 22 18:25:33.406869 2025] [core:error] [pid 6392:tid 1468] [client 46.101.83.206:33364] AH10244: invalid URI path (/cgi-bin/.%2e/.%2e/.%2e/.%2e/.%2e/.%2e/.%2e/.%2e/.%2e/.%2e/bin/sh)
[Sat Nov 22 20:57:26.510608 2025] [ssl:warn] [pid 10052:tid 560] AH01909: www.example.com:443:0 server certificate does NOT include an ID which matches the server name
[Sat Nov 22 20:57:26.604348 2025] [core:warn] [pid 10052:tid 560] AH00098: pid file C:/lss/xampp/apache/logs/httpd.pid overwritten -- Unclean shutdown of previous Apache run?
[Sat Nov 22 20:57:26.604348 2025] [ssl:warn] [pid 10052:tid 560] AH01909: www.example.com:443:0 server certificate does NOT include an ID which matches the server name
[Sat Nov 22 20:57:26.776225 2025] [mpm_winnt:notice] [pid 10052:tid 560] AH00455: Apache/2.4.58 (Win64) OpenSSL/3.1.3 PHP/8.2.12 configured -- resuming normal operations
[Sat Nov 22 20:57:26.776225 2025] [mpm_winnt:notice] [pid 10052:tid 560] AH00456: Apache Lounge VS17 Server built: Oct 18 2023 13:03:18
[Sat Nov 22 20:57:26.776225 2025] [core:notice] [pid 10052:tid 560] AH00094: Command line: 'c:\\lss\\xampp\\apache\\bin\\httpd.exe -d C:/lss/xampp/apache'
[Sat Nov 22 20:57:26.776225 2025] [mpm_winnt:notice] [pid 10052:tid 560] AH00418: Parent: Created child process 3604
[Sat Nov 22 20:57:27.729329 2025] [ssl:warn] [pid 3604:tid 528] AH01909: www.example.com:443:0 server certificate does NOT include an ID which matches the server name
[Sat Nov 22 20:57:27.838697 2025] [ssl:warn] [pid 3604:tid 528] AH01909: www.example.com:443:0 server certificate does NOT include an ID which matches the server name
[Sat Nov 22 20:57:27.963701 2025] [mpm_winnt:notice] [pid 3604:tid 528] AH00354: Child: Starting 150 worker threads.
[Sat Nov 22 21:07:36.984643 2025] [cgi:error] [pid 3604:tid 1996] [client 134.209.25.199:48084] malformed header from script 'php-cgi.exe': Bad header: Security Alert! The PHP
[Sat Nov 22 21:07:38.625129 2025] [authz_core:error] [pid 3604:tid 2020] [client 134.209.25.199:47122] AH01630: client denied by server configuration: C:/lss/xampp/htdocs/server-status
[Sat Nov 22 21:07:40.809267 2025] [php:error] [pid 3604:tid 2020] [client 134.209.25.199:47192] script 'C:/lss/xampp/htdocs/info.php' not found or unable to stat
[Sat Nov 22 21:08:05.655632 2025] [cgi:error] [pid 3604:tid 1996] [client 209.38.208.202:32808] malformed header from script 'php-cgi.exe': Bad header: Security Alert! The PHP
[Sat Nov 22 21:08:10.256924 2025] [authz_core:error] [pid 3604:tid 2004] [client 209.38.208.202:51238] AH01630: client denied by server configuration: C:/lss/xampp/htdocs/server-status
[Sat Nov 22 21:08:15.743256 2025] [php:error] [pid 3604:tid 2020] [client 209.38.208.202:51322] script 'C:/lss/xampp/htdocs/info.php' not found or unable to stat
[Sat Nov 22 21:48:39.703289 2025] [cgi:error] [pid 3604:tid 1976] [client 193.142.147.209:28402] AH02811: script not found or unable to stat: C:/lss/xampp/cgi-bin/luci
[Sat Nov 22 22:54:57.633047 2025] [php:error] [pid 3604:tid 1976] [client 156.59.29.228:64014] script 'C:/lss/xampp/htdocs/wp-login.php' not found or unable to stat
[Sat Nov 22 23:55:57.460370 2025] [php:error] [pid 3604:tid 2004] [client 156.59.29.228:55392] script 'C:/lss/xampp/htdocs/wp-login.php' not found or unable to stat
[Sat Nov 22 23:58:06.670926 2025] [cgi:error] [pid 3604:tid 2004] [client 193.142.147.209:56086] AH02811: script not found or unable to stat: C:/lss/xampp/cgi-bin/luci
[Sun Nov 23 05:17:43.700264 2025] [php:warn] [pid 3604:tid 1980] [client 148.153.189.62:42248] PHP Warning: Undefined array key "HTTP_HOST" in C:\\lss\\xampp\\htdocs\\index.php on line 7
[Sun Nov 23 10:13:07.288960 2025] [php:error] [pid 3604:tid 1764] [client 156.59.29.195:50500] script 'C:/lss/xampp/htdocs/wp-login.php' not found or unable to stat
[Sun Nov 23 11:22:35.847638 2025] [core:error] [pid 3604:tid 1788] [client 101.36.104.242:54052] AH10244: invalid URI path (/cgi-bin/.%2e/.%2e/.%2e/.%2e/.%2e/.%2e/.%2e/.%2e/.%2e/.%2e/bin/sh)
[Sun Nov 23 12:58:16.145739 2025] [cgi:error] [pid 3604:tid 1900] [client 193.142.147.209:3634] AH02811: script not found or unable to stat: C:/lss/xampp/cgi-bin/luci
[Sun Nov 23 15:21:53.098997 2025] [cgi:error] [pid 3604:tid 1900] [client 83.142.209.111:48660] AH02811: script not found or unable to stat: C:/lss/xampp/cgi-bin/luci
[Sun Nov 23 19:04:18.537396 2025] [core:error] [pid 3604:tid 2000] [client 106.14.77.33:53760] AH10244: invalid URI path (/cgi-bin/.%2e/.%2e/.%2e/.%2e/.%2e/.%2e/.%2e/.%2e/.%2e/.%2e/bin/sh)
[Sun Nov 23 23:13:42.992006 2025] [cgi:error] [pid 3604:tid 1788] [client 149.50.96.133:33876] AH02811: script not found or unable to stat: C:/lss/xampp/cgi-bin/luci
[Mon Nov 24 04:08:06.520076 2025] [php:error] [pid 3604:tid 1996] [client 159.203.180.47:32770] script 'C:/lss/xampp/htdocs/alive.php' not found or unable to stat
[Mon Nov 24 10:25:13.883980 2025] [cgi:error] [pid 3604:tid 2008] [client 216.180.246.135:38282] AH02811: script not found or unable to stat: C:/lss/xampp/cgi-bin/login.cgi
[Mon Nov 24 10:25:17.606289 2025] [cgi:error] [pid 3604:tid 2008] [client 216.180.246.135:38288] AH02811: script not found or unable to stat: C:/lss/xampp/cgi-bin/login.cgi
[Mon Nov 24 11:43:26.595477 2025] [php:error] [pid 3604:tid 1916] [client 78.153.140.203:44708] script 'C:/lss/xampp/htdocs/app_dev.php' not found or unable to stat
[Mon Nov 24 13:07:50.733544 2025] [php:error] [pid 3604:tid 1940] [client 162.159.110.28:12316] script 'C:/lss/xampp/htdocs/wp-login.php' not found or unable to stat
[Mon Nov 24 13:32:59.798486 2025] [php:error] [pid 3604:tid 1940] [client 172.71.82.135:12428] script 'C:/lss/xampp/htdocs/xmlrpc.php' not found or unable to stat
[Mon Nov 24 16:23:48.320223 2025] [cgi:error] [pid 3604:tid 1940] [client 149.50.96.133:53578] AH02811: script not found or unable to stat: C:/lss/xampp/cgi-bin/luci
[Mon Nov 24 19:32:21.992114 2025] [php:error] [pid 3604:tid 2012] [client 78.153.140.178:53414] script 'C:/lss/xampp/htdocs/app_dev.php' not found or unable to stat
[Mon Nov 24 20:28:02.375388 2025] [cgi:error] [pid 3604:tid 2012] [client 193.142.147.209:25938] AH02811: script not found or unable to stat: C:/lss/xampp/cgi-bin/luci
[Tue Nov 25 03:26:57.180774 2025] [php:warn] [pid 3604:tid 2032] [client 45.79.123.76:37364] PHP Warning: Undefined array key "HTTP_HOST" in C:\\lss\\xampp\\htdocs\\index.php on line 7
[Tue Nov 25 03:26:58.756673 2025] [php:error] [pid 3604:tid 1884] [client 45.79.123.76:51184] script 'C:/lss/xampp/htdocs/login.php' not found or unable to stat
[Tue Nov 25 03:26:59.702599 2025] [cgi:error] [pid 3604:tid 1988] [client 45.79.123.76:51268] AH02811: script not found or unable to stat: C:/lss/xampp/cgi-bin/info.cgi
[Tue Nov 25 03:27:01.696108 2025] [cgi:error] [pid 3604:tid 1880] [client 45.79.123.76:51516] AH02811: script not found or unable to stat: C:/lss/xampp/cgi-bin/param.cgi
[Tue Nov 25 03:27:01.791557 2025] [cgi:error] [pid 3604:tid 1868] [client 45.79.123.76:51520] AH02811: script not found or unable to stat: C:/lss/xampp/htdocs/info.asp
[Tue Nov 25 03:27:04.121399 2025] [cgi:error] [pid 3604:tid 1896] [client 45.79.123.76:51762] AH02811: script not found or unable to stat: C:/lss/xampp/htdocs/webportal.cgi
[Tue Nov 25 03:27:04.717090 2025] [cgi:error] [pid 3604:tid 1988] [client 45.79.123.76:54208] AH02811: script not found or unable to stat: C:/lss/xampp/cgi-bin/authLogin.cgi
[Tue Nov 25 03:27:05.750122 2025] [cgi:error] [pid 3604:tid 1884] [client 45.79.123.76:54334] AH02811: script not found or unable to stat: C:/lss/xampp/htdocs/Main_Login.asp
[Tue Nov 25 03:27:05.766152 2025] [cgi:error] [pid 3604:tid 1984] [client 45.79.123.76:54346] AH02811: script not found or unable to stat: C:/lss/xampp/cgi-bin/luci
[Tue Nov 25 03:27:09.622488 2025] [cgi:error] [pid 3604:tid 1744] [client 45.79.123.76:54700] AH02811: script not found or unable to stat: C:/lss/xampp/cgi-bin/meteobridge.cgi
[Tue Nov 25 03:27:19.278401 2025] [php:warn] [pid 3604:tid 1896] [client 45.79.123.76:34594] PHP Warning: Undefined array key "HTTP_HOST" in C:\\lss\\xampp\\htdocs\\index.php on line 7
[Tue Nov 25 04:09:47.908876 2025] [php:error] [pid 3604:tid 1960] [client 172.71.212.25:11708] script 'C:/lss/xampp/htdocs/wp-login.php' not found or unable to stat
[Tue Nov 25 10:03:45.422871 2025] [core:error] [pid 3604:tid 1956] [client 103.235.199.75:42838] AH10244: invalid URI path (/cgi-bin/.%2e/.%2e/.%2e/.%2e/.%2e/.%2e/.%2e/.%2e/.%2e/.%2e/bin/sh)
[Tue Nov 25 11:38:16.089344 2025] [php:warn] [pid 3604:tid 1908] [client 185.67.33.207:21030] PHP Warning: Undefined array key "HTTP_HOST" in C:\\lss\\xampp\\htdocs\\index.php on line 7
[Tue Nov 25 11:38:16.215502 2025] [php:warn] [pid 3604:tid 1908] [client 185.67.33.207:21032] PHP Warning: Undefined array key "HTTP_HOST" in C:\\lss\\xampp\\htdocs\\index.php on line 7
[Tue Nov 25 11:38:16.553611 2025] [php:warn] [pid 3604:tid 1908] [client 185.67.33.207:21043] PHP Warning: Undefined array key "HTTP_HOST" in C:\\lss\\xampp\\htdocs\\index.php on line 7
[Tue Nov 25 13:04:53.338661 2025] [php:warn] [pid 3604:tid 1980] [client 185.67.33.207:21107] PHP Warning: Undefined array key "HTTP_HOST" in C:\\lss\\xampp\\htdocs\\index.php on line 7
[Tue Nov 25 13:04:53.686827 2025] [php:warn] [pid 3604:tid 1908] [client 185.67.33.207:21113] PHP Warning: Undefined array key "HTTP_HOST" in C:\\lss\\xampp\\htdocs\\index.php on line 7
[Tue Nov 25 14:43:08.141616 2025] [php:warn] [pid 3604:tid 1992] [client 134.209.245.235:19087] PHP Warning: Undefined array key "HTTP_HOST" in C:\\lss\\xampp\\htdocs\\index.php on line 7
[Tue Nov 25 14:43:08.796896 2025] [php:warn] [pid 3604:tid 1992] [client 134.209.245.235:28147] PHP Warning: Undefined array key "HTTP_HOST" in C:\\lss\\xampp\\htdocs\\index.php on line 7
[Tue Nov 25 15:06:40.250773 2025] [php:error] [pid 3604:tid 1992] [client 78.153.140.176:44294] script 'C:/lss/xampp/htdocs/app_dev.php' not found or unable to stat
[Tue Nov 25 15:06:42.096732 2025] [php:error] [pid 3604:tid 1992] [client 78.153.140.176:53408] script 'C:/lss/xampp/htdocs/app_dev.php' not found or unable to stat
[Tue Nov 25 15:06:42.495412 2025] [php:error] [pid 3604:tid 1992] [client 78.153.140.176:55580] script 'C:/lss/xampp/htdocs/phpinfo.php' not found or unable to stat
[Tue Nov 25 17:49:51.877557 2025] [authz_core:error] [pid 3604:tid 1976] [client 172.70.135.85:11215] AH01630: client denied by server configuration: C:/lss/xampp/phpMyAdmin/
[Tue Nov 25 17:49:52.565092 2025] [core:error] [pid 3604:tid 1976] (20024)The given path is misformatted or contained invalid characters: [client 172.70.135.85:11215] AH00127: Cannot map GET /dashboard/https%3A/www.facebook.com/we.are.xampp HTTP/1.1 to file
[Tue Nov 25 17:49:52.884939 2025] [core:error] [pid 3604:tid 1744] (20024)The given path is misformatted or contained invalid characters: [client 172.70.34.28:13056] AH00127: Cannot map GET /dashboard/https%3A/community.apachefriends.org HTTP/1.1 to file
[Tue Nov 25 17:49:52.918650 2025] [core:error] [pid 3604:tid 1776] (20024)The given path is misformatted or contained invalid characters: [client 172.68.244.161:13594] AH00127: Cannot map GET /dashboard/https%3A/twitter.com/apachefriends HTTP/1.1 to file
[Tue Nov 25 17:49:53.072203 2025] [core:error] [pid 3604:tid 1976] (20024)The given path is misformatted or contained invalid characters: [client 172.70.135.85:11215] AH00127: Cannot map GET /dashboard/https%3A/www.apachefriends.org/blog.html HTTP/1.1 to file
[Tue Nov 25 17:49:53.659933 2025] [core:error] [pid 3604:tid 1952] (20024)The given path is misformatted or contained invalid characters: [client 104.23.209.50:12716] AH00127: Cannot map GET /dashboard/http%3A/www.fastly.com/ HTTP/1.1 to file
[Tue Nov 25 19:16:42.087832 2025] [core:error] [pid 3604:tid 1952] (20024)The given path is misformatted or contained invalid characters: [client 162.158.155.102:9861] AH00127: Cannot map GET /dashboard/https%3A/community.apachefriends.org HTTP/1.1 to file
[Tue Nov 25 19:16:42.109845 2025] [authz_core:error] [pid 3604:tid 1744] [client 104.23.187.147:10401] AH01630: client denied by server configuration: C:/lss/xampp/phpMyAdmin/
[Tue Nov 25 19:16:42.511357 2025] [core:error] [pid 3604:tid 1980] (20024)The given path is misformatted or contained invalid characters: [client 104.23.190.60:12822] AH00127: Cannot map GET /dashboard/https%3A/www.facebook.com/we.are.xampp HTTP/1.1 to file
[Tue Nov 25 19:16:43.009200 2025] [core:error] [pid 3604:tid 2008] (20024)The given path is misformatted or contained invalid characters: [client 172.71.203.105:12031] AH00127: Cannot map GET /dashboard/https%3A/twitter.com/apachefriends HTTP/1.1 to file
[Tue Nov 25 19:16:43.044868 2025] [core:error] [pid 3604:tid 1776] (20024)The given path is misformatted or contained invalid characters: [client 162.158.62.102:9794] AH00127: Cannot map GET /dashboard/https%3A/www.apachefriends.org/blog.html HTTP/1.1 to file
[Tue Nov 25 19:16:45.575361 2025] [core:error] [pid 3604:tid 1952] (20024)The given path is misformatted or contained invalid characters: [client 162.158.155.102:9861] AH00127: Cannot map GET /dashboard/http%3A/www.fastly.com/ HTTP/1.1 to file
[Tue Nov 25 19:27:31.046376 2025] [php:error] [pid 3604:tid 1952] [client 172.69.159.161:13365] script 'C:/lss/xampp/htdocs/wp-login.php' not found or unable to stat
[Tue Nov 25 23:21:05.247871 2025] [cgi:error] [pid 3604:tid 1612] [client 172.69.151.56:14034] malformed header from script 'php-cgi.exe': Bad header: Security Alert! The PHP
[Tue Nov 25 23:21:05.334868 2025] [cgi:error] [pid 3604:tid 1704] [client 172.71.148.136:10893] malformed header from script 'php-cgi.exe': Bad header: Security Alert! The PHP
[Tue Nov 25 23:21:05.980034 2025] [authz_core:error] [pid 3604:tid 1492] [client 172.69.151.55:14311] AH01630: client denied by server configuration: C:/lss/xampp/htdocs/server-status
[Tue Nov 25 23:21:06.014533 2025] [authz_core:error] [pid 3604:tid 1976] [client 162.158.94.9:10509] AH01630: client denied by server configuration: C:/lss/xampp/htdocs/server-status
[Tue Nov 25 23:21:06.179512 2025] [cgi:error] [pid 3604:tid 1624] [client 172.70.243.131:11820] malformed header from script 'php-cgi.exe': Bad header: Security Alert! The PHP
[Tue Nov 25 23:21:06.648519 2025] [php:error] [pid 3604:tid 1788] [client 172.71.247.34:10969] script 'C:/lss/xampp/htdocs/info.php' not found or unable to stat
[Tue Nov 25 23:21:06.779536 2025] [authz_core:error] [pid 3604:tid 1620] [client 172.70.243.132:11686] AH01630: client denied by server configuration: C:/lss/xampp/htdocs/server-status
[Tue Nov 25 23:21:06.791595 2025] [php:error] [pid 3604:tid 1492] [client 172.69.151.55:14311] script 'C:/lss/xampp/htdocs/info.php' not found or unable to stat
[Tue Nov 25 23:21:06.865517 2025] [cgi:error] [pid 3604:tid 1744] [client 172.71.148.114:13380] malformed header from script 'php-cgi.exe': Bad header: Security Alert! The PHP
[Tue Nov 25 23:21:07.454463 2025] [php:error] [pid 3604:tid 2024] [client 172.70.240.57:14132] script 'C:/lss/xampp/htdocs/info.php' not found or unable to stat
[Tue Nov 25 23:21:08.022815 2025] [authz_core:error] [pid 3604:tid 1620] [client 172.70.243.132:11686] AH01630: client denied by server configuration: C:/lss/xampp/htdocs/server-status
[Tue Nov 25 23:21:08.711918 2025] [php:error] [pid 3604:tid 1800] [client 172.71.164.161:12133] script 'C:/lss/xampp/htdocs/info.php' not found or unable to stat
[Tue Nov 25 23:49:37.207865 2025] [php:error] [pid 3604:tid 1452] [client 78.153.140.203:58810] script 'C:/lss/xampp/htdocs/app_dev.php' not found or unable to stat
[Wed Nov 26 03:41:21.842854 2025] [core:error] [pid 3604:tid 1812] [client 103.235.199.75:47962] AH10244: invalid URI path (/cgi-bin/.%2e/.%2e/.%2e/.%2e/.%2e/.%2e/.%2e/.%2e/.%2e/.%2e/bin/sh)
[Wed Nov 26 04:41:00.073120 2025] [php:error] [pid 3604:tid 1884] [client 185.67.33.247:28105] script 'C:/lss/xampp/htdocs/adminer.php' not found or unable to stat
[Wed Nov 26 06:05:25.825870 2025] [php:error] [pid 3604:tid 1884] [client 159.223.198.78:43712] script 'C:/lss/xampp/htdocs/alive.php' not found or unable to stat
[Wed Nov 26 07:08:12.126609 2025] [php:error] [pid 3604:tid 1884] [client 104.23.176.14:13378] script 'C:/lss/xampp/htdocs/xmlrpc.php' not found or unable to stat
[Wed Nov 26 12:53:51.393137 2025] [cgi:error] [pid 3604:tid 1452] [client 193.34.213.150:57280] AH02811: script not found or unable to stat: C:/lss/xampp/cgi-bin/luci
[Wed Nov 26 14:25:21.210506 2025] [authz_core:error] [pid 3604:tid 1960] [client 162.158.62.90:12916] AH01630: client denied by server configuration: C:/lss/xampp/phpMyAdmin/
[Wed Nov 26 14:25:21.232512 2025] [core:error] [pid 3604:tid 1896] (20024)The given path is misformatted or contained invalid characters: [client 172.70.111.24:13635] AH00127: Cannot map GET /dashboard/https%3A/community.apachefriends.org HTTP/1.1 to file
[Wed Nov 26 14:25:22.402609 2025] [core:error] [pid 3604:tid 1960] (20024)The given path is misformatted or contained invalid characters: [client 162.158.62.90:12916] AH00127: Cannot map GET /dashboard/https%3A/www.facebook.com/we.are.xampp HTTP/1.1 to file
[Wed Nov 26 14:25:22.417595 2025] [core:error] [pid 3604:tid 1928] (20024)The given path is misformatted or contained invalid characters: [client 104.23.187.207:10365] AH00127: Cannot map GET /dashboard/https%3A/www.apachefriends.org/blog.html HTTP/1.1 to file
[Wed Nov 26 14:25:22.667180 2025] [core:error] [pid 3604:tid 1956] (20024)The given path is misformatted or contained invalid characters: [client 172.70.230.102:10417] AH00127: Cannot map GET /dashboard/https%3A/twitter.com/apachefriends HTTP/1.1 to file
[Wed Nov 26 14:25:22.740755 2025] [core:error] [pid 3604:tid 1680] (20024)The given path is misformatted or contained invalid characters: [client 162.158.62.91:10082] AH00127: Cannot map GET /dashboard/http%3A/www.fastly.com/ HTTP/1.1 to file
[Wed Nov 26 19:32:17.631572 2025] [authz_core:error] [pid 3604:tid 1956] [client 172.68.229.99:9333] AH01630: client denied by server configuration: C:/lss/xampp/phpMyAdmin/, referer: https://sociallab.company/dashboard/
[Wed Nov 26 19:32:19.459852 2025] [authz_core:error] [pid 3604:tid 1680] [client 172.70.162.198:13576] AH01630: client denied by server configuration: C:/lss/xampp/phpMyAdmin/, referer: https://sociallab.company/dashboard/
[Wed Nov 26 23:02:50.561151 2025] [cgi:error] [pid 3604:tid 2032] [client 193.34.213.150:33740] AH02811: script not found or unable to stat: C:/lss/xampp/cgi-bin/luci
[Thu Nov 27 00:46:16.945857 2025] [core:error] [pid 3604:tid 1600] (20024)The given path is misformatted or contained invalid characters: [client 162.158.159.154:12569] AH00127: Cannot map GET /dashboard/https%3A/community.apachefriends.org HTTP/1.1 to file
[Thu Nov 27 00:46:16.963956 2025] [core:error] [pid 3604:tid 1836] (20024)The given path is misformatted or contained invalid characters: [client 172.70.115.11:9487] AH00127: Cannot map GET /dashboard/https%3A/www.facebook.com/we.are.xampp HTTP/1.1 to file
[Thu Nov 27 00:46:16.978918 2025] [authz_core:error] [pid 3604:tid 1880] [client 172.71.203.105:13864] AH01630: client denied by server configuration: C:/lss/xampp/phpMyAdmin/
[Thu Nov 27 00:46:17.084812 2025] [core:error] [pid 3604:tid 1632] (20024)The given path is misformatted or contained invalid characters: [client 104.23.187.146:10637] AH00127: Cannot map GET /dashboard/https%3A/twitter.com/apachefriends HTTP/1.1 to file
[Thu Nov 27 00:46:17.093800 2025] [core:error] [pid 3604:tid 1480] (20024)The given path is misformatted or contained invalid characters: [client 104.23.190.60:11241] AH00127: Cannot map GET /dashboard/https%3A/www.apachefriends.org/blog.html HTTP/1.1 to file
[Thu Nov 27 00:46:17.103806 2025] [core:error] [pid 3604:tid 1928] (20024)The given path is misformatted or contained invalid characters: [client 172.70.231.20:9590] AH00127: Cannot map GET /dashboard/http%3A/www.fastly.com/ HTTP/1.1 to file
[Thu Nov 27 00:46:18.135949 2025] [core:error] [pid 3604:tid 1960] (20024)The given path is misformatted or contained invalid characters: [client 162.158.62.103:9701] AH00127: Cannot map GET /dashboard/https%3A/www.virustotal.com/ HTTP/1.1 to file
[Thu Nov 27 00:46:18.144986 2025] [core:error] [pid 3604:tid 1632] (20024)The given path is misformatted or contained invalid characters: [client 104.23.187.146:10637] AH00127: Cannot map GET /dashboard/https%3A/community.apachefriends.org/f/viewtopic.php%3Ft%3D3012 HTTP/1.1 to file
[Thu Nov 27 00:46:18.355462 2025] [core:error] [pid 3604:tid 1928] (20024)The given path is misformatted or contained invalid characters: [client 172.70.231.20:9590] AH00127: Cannot map GET /dashboard/http%3A/www.kaspersky.com/virusscanner HTTP/1.1 to file
[Thu Nov 27 00:46:18.409468 2025] [core:error] [pid 3604:tid 1732] (20024)The given path is misformatted or contained invalid characters: [client 104.23.253.97:13506] AH00127: Cannot map GET /dashboard/http%3A/support.microsoft.com/kb/841290 HTTP/1.1 to file
[Thu Nov 27 00:46:18.667737 2025] [core:error] [pid 3604:tid 1900] (20024)The given path is misformatted or contained invalid characters: [client 162.158.155.7:13000] AH00127: Cannot map GET /dashboard/https%3A/community.apachefriends.org/f/viewtopic.php%3Ff%3D16%26t%3D71620 HTTP/1.1 to file
[Thu Nov 27 02:04:19.281659 2025] [core:error] [pid 3604:tid 2032] (20024)The given path is misformatted or contained invalid characters: [client 172.71.190.198:9649] AH00127: Cannot map GET /dashboard/https%3A/community.apachefriends.org HTTP/1.1 to file
[Thu Nov 27 02:04:19.302777 2025] [authz_core:error] [pid 3604:tid 1928] [client 172.71.190.198:9644] AH01630: client denied by server configuration: C:/lss/xampp/phpMyAdmin/
[Thu Nov 27 02:04:19.376054 2025] [core:error] [pid 3604:tid 1896] (20024)The given path is misformatted or contained invalid characters: [client 172.68.245.152:12401] AH00127: Cannot map GET /dashboard/https%3A/www.facebook.com/we.are.xampp HTTP/1.1 to file
[Thu Nov 27 02:04:19.383034 2025] [core:error] [pid 3604:tid 1664] (20024)The given path is misformatted or contained invalid characters: [client 172.70.43.54:14242] AH00127: Cannot map GET /dashboard/https%3A/twitter.com/apachefriends HTTP/1.1 to file
[Thu Nov 27 02:04:19.523825 2025] [core:error] [pid 3604:tid 1896] (20024)The given path is misformatted or contained invalid characters: [client 172.70.43.53:10946] AH00127: Cannot map GET /dashboard/https%3A/www.apachefriends.org/blog.html HTTP/1.1 to file
[Thu Nov 27 02:04:19.623328 2025] [core:error] [pid 3604:tid 1664] (20024)The given path is misformatted or contained invalid characters: [client 104.23.209.45:11776] AH00127: Cannot map GET /dashboard/http%3A/www.fastly.com/ HTTP/1.1 to file
[Thu Nov 27 02:10:30.271918 2025] [php:error] [pid 3604:tid 2004] [client 104.22.10.42:10414] script 'C:/lss/xampp/htdocs/xmlrpc.php' not found or unable to stat
[Thu Nov 27 18:03:10.439930 2025] [cgi:error] [pid 3604:tid 1744] [client 149.50.96.133:37230] AH02811: script not found or unable to stat: C:/lss/xampp/cgi-bin/luci
[Thu Nov 27 22:12:59.270094 2025] [php:error] [pid 3604:tid 1880] [client 172.64.222.190:13310] script 'C:/lss/xampp/htdocs/xmlrpc.php' not found or unable to stat
[Fri Nov 28 00:36:16.984488 2025] [core:error] [pid 3604:tid 1880] (20024)The given path is misformatted or contained invalid characters: [client 93.123.109.222:45412] AH00127: Cannot map GET /https://www.yahoo.com/%22%29,o.endsWith%28%22.aol.com%22%29&&window.location.replace%28%22https://www.aol.com/%22%29,o.endsWith%28%22.huffpost.com%22%29&&window.location.replace%28%22https://www.huffpost.com/%22%29,o.endsWith%28%22.engadget.com%22%29&&window.location.replace%28%22https://www.engadget.com/ HTTP/1.1 to file
[Fri Nov 28 04:49:08.301338 2025] [ssl:error] [pid 3604:tid 1952] [client 18.97.26.90:47678] AH02042: rejecting client initiated renegotiation
[Fri Nov 28 09:44:21.965408 2025] [cgi:error] [pid 3604:tid 1680] [client 123.143.114.188:50848] malformed header from script 'php-cgi.exe': Bad header: Security Alert! The PHP
[Fri Nov 28 09:44:23.697979 2025] [php:error] [pid 3604:tid 1680] [client 123.143.114.188:50864] script 'C:/lss/xampp/htdocs/test.php' not found or unable to stat
[Fri Nov 28 11:35:12.631473 2025] [php:error] [pid 3604:tid 1932] [client 83.136.211.205:61975] script 'C:/lss/xampp/htdocs/frontend_dev.php' not found or unable to stat
[Fri Nov 28 11:35:14.084305 2025] [php:error] [pid 3604:tid 1932] [client 83.136.211.205:53894] script 'C:/lss/xampp/htdocs/phpinfo.php' not found or unable to stat
[Fri Nov 28 12:31:09.647359 2025] [cgi:error] [pid 3604:tid 1680] [client 193.34.213.150:50872] AH02811: script not found or unable to stat: C:/lss/xampp/cgi-bin/luci
[Fri Nov 28 17:23:37.178718 2025] [php:error] [pid 3604:tid 1952] [client 45.135.193.3:48946] script 'C:/lss/xampp/htdocs/app_dev.php' not found or unable to stat
[Fri Nov 28 17:23:50.075245 2025] [php:error] [pid 3604:tid 1952] [client 45.135.193.3:47852] script 'C:/lss/xampp/htdocs/test.php' not found or unable to stat
[Fri Nov 28 17:36:36.873338 2025] [core:error] [pid 3604:tid 1952] [client 115.190.108.231:39984] AH10244: invalid URI path (/cgi-bin/.%2e/.%2e/.%2e/.%2e/.%2e/.%2e/.%2e/.%2e/.%2e/.%2e/bin/sh)
[Fri Nov 28 17:41:49.347449 2025] [php:error] [pid 3604:tid 1952] [client 78.153.140.176:41774] script 'C:/lss/xampp/htdocs/app_dev.php' not found or unable to stat
[Fri Nov 28 19:28:25.943176 2025] [php:warn] [pid 3604:tid 1700] [client 115.238.44.234:50282] PHP Warning: Undefined array key "HTTP_HOST" in C:\\lss\\xampp\\htdocs\\index.php on line 7
[Fri Nov 28 19:29:07.099232 2025] [authz_core:error] [pid 3604:tid 1700] [client 185.38.209.85:48002] AH01630: client denied by server configuration: C:/lss/xampp/htdocs/.htaccessczGyppgJBahkdpFM
[Fri Nov 28 19:29:07.186198 2025] [authz_core:error] [pid 3604:tid 1700] [client 185.38.209.85:48002] AH01630: client denied by server configuration: C:/lss/xampp/htdocs/.htaccessLsKDELjI
[Fri Nov 28 19:40:37.545939 2025] [php:warn] [pid 3604:tid 1952] [client 172.237.27.147:43646] PHP Warning: Undefined array key "HTTP_HOST" in C:\\lss\\xampp\\htdocs\\index.php on line 7
[Fri Nov 28 19:40:50.612100 2025] [php:error] [pid 3604:tid 1704] [client 172.237.27.147:53290] script 'C:/lss/xampp/htdocs/login.php' not found or unable to stat
[Fri Nov 28 19:41:05.082526 2025] [cgi:error] [pid 3604:tid 1836] [client 172.237.27.147:56066] AH02811: script not found or unable to stat: C:/lss/xampp/htdocs/info.asp
[Fri Nov 28 19:41:05.096483 2025] [cgi:error] [pid 3604:tid 1776] [client 172.237.27.147:56068] AH02811: script not found or unable to stat: C:/lss/xampp/cgi-bin/param.cgi
[Fri Nov 28 19:41:23.393036 2025] [php:warn] [pid 3604:tid 1900] [client 172.237.27.147:57428] PHP Warning: Undefined array key "HTTP_HOST" in C:\\lss\\xampp\\htdocs\\index.php on line 7
[Fri Nov 28 20:55:37.618448 2025] [cgi:error] [pid 3604:tid 1900] [client 123.143.114.188:44652] malformed header from script 'php-cgi.exe': Bad header: Security Alert! The PHP
[Fri Nov 28 20:55:39.417951 2025] [php:error] [pid 3604:tid 1900] [client 123.143.114.188:44666] script 'C:/lss/xampp/htdocs/test.php' not found or unable to stat
[Fri Nov 28 22:59:48.425082 2025] [php:error] [pid 3604:tid 1952] [client 172.71.96.141:13001] script 'C:/lss/xampp/htdocs/wp-login.php' not found or unable to stat
[Sat Nov 29 00:00:52.282032 2025] [core:error] [pid 3604:tid 1700] (20024)The given path is misformatted or contained invalid characters: [client 172.71.98.138:13368] AH00127: Cannot map GET /%22/dashboard/javascripts/all.js%22 HTTP/1.1 to file
[Sat Nov 29 00:00:52.345746 2025] [core:error] [pid 3604:tid 1700] (20024)The given path is misformatted or contained invalid characters: [client 172.71.98.138:13368] AH00127: Cannot map GET /%22/code.jquery.com/jquery-1.10.2.min.js%22 HTTP/1.1 to file
[Sat Nov 29 00:00:52.784542 2025] [core:error] [pid 3604:tid 1632] (20024)The given path is misformatted or contained invalid characters: [client 172.71.102.176:12062] AH00127: Cannot map GET /%22/dashboard/javascripts/modernizr.js%22 HTTP/1.1 to file
[Sat Nov 29 00:03:38.345745 2025] [cgi:error] [pid 3604:tid 1952] [client 149.50.96.133:41484] AH02811: script not found or unable to stat: C:/lss/xampp/cgi-bin/luci
[Sat Nov 29 03:06:33.422267 2025] [core:error] [pid 3604:tid 1700] (20024)The given path is misformatted or contained invalid characters: [client 172.71.98.180:12762] AH00127: Cannot map GET /%22/dashboard/javascripts/modernizr.js%22 HTTP/1.1 to file
[Sat Nov 29 03:06:33.422267 2025] [core:error] [pid 3604:tid 1632] (20024)The given path is misformatted or contained invalid characters: [client 104.23.170.106:10969] AH00127: Cannot map GET /%22/code.jquery.com/jquery-1.10.2.min.js%22 HTTP/1.1 to file
[Sat Nov 29 03:06:34.070382 2025] [core:error] [pid 3604:tid 1952] (20024)The given path is misformatted or contained invalid characters: [client 172.71.95.133:13688] AH00127: Cannot map GET /%22/dashboard/javascripts/all.js%22 HTTP/1.1 to file
[Sat Nov 29 08:07:22.310088 2025] [cgi:error] [pid 3604:tid 1700] [client 149.50.96.133:36552] AH02811: script not found or unable to stat: C:/lss/xampp/cgi-bin/luci
[Sat Nov 29 08:42:06.257697 2025] [php:error] [pid 3604:tid 1520] [client 172.71.96.140:9662] script 'C:/lss/xampp/htdocs/wp-login.php' not found or unable to stat
[Sat Nov 29 09:35:41.781372 2025] [cgi:error] [pid 3604:tid 1860] [client 172.71.144.48:12144] malformed header from script 'php-cgi.exe': Bad header: Security Alert! The PHP
[Sat Nov 29 09:35:45.926896 2025] [authz_core:error] [pid 3604:tid 1452] [client 162.158.110.242:13340] AH01630: client denied by server configuration: C:/lss/xampp/htdocs/server-status
[Sat Nov 29 09:35:51.323143 2025] [cgi:error] [pid 3604:tid 1860] [client 172.70.248.136:11421] malformed header from script 'php-cgi.exe': Bad header: Security Alert! The PHP
[Sat Nov 29 09:35:51.404142 2025] [php:error] [pid 3604:tid 2024] [client 104.23.239.96:9874] script 'C:/lss/xampp/htdocs/info.php' not found or unable to stat
[Sat Nov 29 09:35:56.040746 2025] [authz_core:error] [pid 3604:tid 1960] [client 162.158.110.243:13415] AH01630: client denied by server configuration: C:/lss/xampp/htdocs/server-status
[Sat Nov 29 09:36:03.206453 2025] [php:error] [pid 3604:tid 1452] [client 172.70.243.118:10330] script 'C:/lss/xampp/htdocs/info.php' not found or unable to stat
[Sat Nov 29 11:18:09.446901 2025] [core:error] [pid 3604:tid 1928] [client 103.40.61.98:40414] AH10244: invalid URI path (/cgi-bin/.%2e/.%2e/.%2e/.%2e/.%2e/.%2e/.%2e/.%2e/.%2e/.%2e/bin/sh)
[Sat Nov 29 11:18:10.109497 2025] [core:error] [pid 3604:tid 1928] [client 103.40.61.98:40420] AH10244: invalid URI path (/cgi-bin/%%32%65%%32%65/%%32%65%%32%65/%%32%65%%32%65/%%32%65%%32%65/%%32%65%%32%65/%%32%65%%32%65/%%32%65%%32%65/bin/sh)
[Sat Nov 29 11:47:59.687912 2025] [cgi:error] [pid 3604:tid 1452] [client 123.143.114.188:39886] malformed header from script 'php-cgi.exe': Bad header: Security Alert! The PHP
[Sat Nov 29 11:48:01.448732 2025] [php:error] [pid 3604:tid 1452] [client 123.143.114.188:39904] script 'C:/lss/xampp/htdocs/test.php' not found or unable to stat
[Sat Nov 29 12:33:51.192656 2025] [php:error] [pid 3604:tid 1700] [client 170.64.187.43:50532] script 'C:/lss/xampp/htdocs/alive.php' not found or unable to stat
[Sat Nov 29 13:10:44.902475 2025] [cgi:error] [pid 3604:tid 1860] [client 149.50.96.133:55020] AH02811: script not found or unable to stat: C:/lss/xampp/cgi-bin/luci
[Sat Nov 29 14:02:26.845600 2025] [php:error] [pid 3604:tid 1860] [client 78.153.140.203:53470] script 'C:/lss/xampp/htdocs/app_dev.php' not found or unable to stat
[Sat Nov 29 15:10:55.733796 2025] [authz_core:error] [pid 3604:tid 1552] [client 162.158.63.178:14262] AH01630: client denied by server configuration: C:/lss/xampp/phpMyAdmin/
[Sat Nov 29 15:10:56.123456 2025] [core:error] [pid 3604:tid 2004] (20024)The given path is misformatted or contained invalid characters: [client 104.23.187.236:13128] AH00127: Cannot map GET /dashboard/https%3A/community.apachefriends.org HTTP/1.1 to file
[Sat Nov 29 15:10:56.451559 2025] [core:error] [pid 3604:tid 1856] (20024)The given path is misformatted or contained invalid characters: [client 162.158.158.52:13790] AH00127: Cannot map GET /dashboard/https%3A/www.facebook.com/we.are.xampp HTTP/1.1 to file
[Sat Nov 29 15:10:56.597465 2025] [core:error] [pid 3604:tid 1520] (20024)The given path is misformatted or contained invalid characters: [client 172.70.230.103:12117] AH00127: Cannot map GET /dashboard/https%3A/twitter.com/apachefriends HTTP/1.1 to file
[Sat Nov 29 15:10:56.764507 2025] [core:error] [pid 3604:tid 1880] (20024)The given path is misformatted or contained invalid characters: [client 162.158.158.53:10658] AH00127: Cannot map GET /dashboard/https%3A/www.apachefriends.org/blog.html HTTP/1.1 to file
[Sat Nov 29 15:10:57.178708 2025] [core:error] [pid 3604:tid 2004] (20024)The given path is misformatted or contained invalid characters: [client 104.23.187.236:13128] AH00127: Cannot map GET /dashboard/http%3A/www.fastly.com/ HTTP/1.1 to file
[Sat Nov 29 15:19:48.820401 2025] [php:error] [pid 3604:tid 1660] [client 162.158.6.202:11691] script 'C:/lss/xampp/htdocs/config.php' not found or unable to stat
[Sat Nov 29 15:19:49.358266 2025] [php:error] [pid 3604:tid 1884] [client 162.158.49.174:13704] script 'C:/lss/xampp/htdocs/phpinfo.php' not found or unable to stat
[Sat Nov 29 15:19:49.437258 2025] [php:error] [pid 3604:tid 1660] [client 162.158.6.202:11691] script 'C:/lss/xampp/htdocs/info.php' not found or unable to stat
[Sat Nov 29 15:19:49.512534 2025] [php:error] [pid 3604:tid 1660] [client 162.158.6.202:11691] script 'C:/lss/xampp/htdocs/phpversion.php' not found or unable to stat
[Sat Nov 29 15:19:49.601464 2025] [php:error] [pid 3604:tid 1884] [client 162.158.49.174:13704] script 'C:/lss/xampp/htdocs/test.php' not found or unable to stat
[Sat Nov 29 15:19:49.764506 2025] [php:error] [pid 3604:tid 1884] [client 162.158.49.174:13704] script 'C:/lss/xampp/htdocs/admin.php' not found or unable to stat
[Sat Nov 29 15:19:51.225245 2025] [php:error] [pid 3604:tid 1884] [client 162.158.49.174:13704] script 'C:/lss/xampp/htdocs/mailgun.php' not found or unable to stat
[Sat Nov 29 15:19:51.566196 2025] [php:error] [pid 3604:tid 2004] [client 162.158.38.200:13215] script 'C:/lss/xampp/htdocs/sendgrid.php' not found or unable to stat
[Sat Nov 29 15:19:51.989713 2025] [php:error] [pid 3604:tid 1884] [client 162.158.49.174:13704] script 'C:/lss/xampp/htdocs/brevo.php' not found or unable to stat
[Sat Nov 29 16:44:01.106402 2025] [php:error] [pid 3604:tid 1552] [client 162.243.43.27:45482] script 'C:/lss/xampp/htdocs/alive.php' not found or unable to stat
[Sat Nov 29 17:10:45.038438 2025] [php:error] [pid 3604:tid 2004] [client 172.71.172.134:12054] script 'C:/lss/xampp/htdocs/config.php' not found or unable to stat
[Sat Nov 29 17:10:45.580614 2025] [php:error] [pid 3604:tid 1884] [client 172.70.246.237:14332] script 'C:/lss/xampp/htdocs/phpinfo.php' not found or unable to stat
[Sat Nov 29 17:10:45.651581 2025] [php:error] [pid 3604:tid 1860] [client 172.71.164.65:13408] script 'C:/lss/xampp/htdocs/info.php' not found or unable to stat
[Sat Nov 29 17:10:45.719574 2025] [php:error] [pid 3604:tid 1520] [client 172.71.148.115:11717] script 'C:/lss/xampp/htdocs/phpversion.php' not found or unable to stat
[Sat Nov 29 17:10:45.785267 2025] [php:error] [pid 3604:tid 1520] [client 172.71.148.115:11717] script 'C:/lss/xampp/htdocs/test.php' not found or unable to stat
[Sat Nov 29 17:10:45.918388 2025] [php:error] [pid 3604:tid 1732] [client 172.71.144.89:10543] script 'C:/lss/xampp/htdocs/admin.php' not found or unable to stat
[Sat Nov 29 17:10:47.628627 2025] [php:error] [pid 3604:tid 1704] [client 172.70.250.34:14329] script 'C:/lss/xampp/htdocs/mailgun.php' not found or unable to stat
[Sat Nov 29 17:10:48.018484 2025] [php:error] [pid 3604:tid 1664] [client 172.69.150.168:13726] script 'C:/lss/xampp/htdocs/sendgrid.php' not found or unable to stat
[Sat Nov 29 17:10:48.381401 2025] [php:error] [pid 3604:tid 1856] [client 172.70.240.57:13527] script 'C:/lss/xampp/htdocs/brevo.php' not found or unable to stat
