[Mon Dec 29 20:07:32.172772 2025] [php:error] [pid 3604:tid 1872] [client 129.212.239.185:40042] script 'C:/lss/xampp/htdocs/php_info.php' not found or unable to stat
[Mon Dec 29 20:07:32.411774 2025] [php:error] [pid 3604:tid 1872] [client 129.212.239.185:40042] script 'C:/lss/xampp/htdocs/phpversion.php' not found or unable to stat
[Mon Dec 29 20:07:32.629927 2025] [php:error] [pid 3604:tid 1872] [client 129.212.239.185:40042] script 'C:/lss/xampp/htdocs/pinfo.php' not found or unable to stat
[Mon Dec 29 20:07:32.844925 2025] [php:error] [pid 3604:tid 1872] [client 129.212.239.185:40042] script 'C:/lss/xampp/htdocs/info.php' not found or unable to stat
[Mon Dec 29 20:07:33.077957 2025] [php:error] [pid 3604:tid 1872] [client 129.212.239.185:40042] script 'C:/lss/xampp/htdocs/infos.php' not found or unable to stat
[Mon Dec 29 23:05:01.027110 2025] [php:warn] [pid 3604:tid 1044] [client 46.101.180.56:27325] PHP Warning: Undefined array key "HTTP_HOST" in C:\\lss\\xampp\\htdocs\\index.php on line 7
[Mon Dec 29 23:05:01.776397 2025] [php:warn] [pid 3604:tid 1044] [client 46.101.180.56:29655] PHP Warning: Undefined array key "HTTP_HOST" in C:\\lss\\xampp\\htdocs\\index.php on line 7
[Tue Dec 30 01:28:50.979624 2025] [cgi:error] [pid 3604:tid 2012] [client 89.42.231.179:56874] AH02811: script not found or unable to stat: C:/lss/xampp/cgi-bin/luci
[Tue Dec 30 05:04:55.822542 2025] [cgi:error] [pid 3604:tid 2012] [client 89.42.231.179:40708] AH02811: script not found or unable to stat: C:/lss/xampp/cgi-bin/luci
[Tue Dec 30 10:19:18.965260 2025] [cgi:error] [pid 3604:tid 2012] [client 89.42.231.179:56852] AH02811: script not found or unable to stat: C:/lss/xampp/cgi-bin/luci
[Tue Dec 30 11:34:19.305308 2025] [php:warn] [pid 3604:tid 1184] [client 185.67.33.213:51393] PHP Warning: Undefined array key "HTTP_HOST" in C:\\lss\\xampp\\htdocs\\index.php on line 7
[Tue Dec 30 11:34:19.443192 2025] [php:warn] [pid 3604:tid 2012] [client 185.67.33.213:51395] PHP Warning: Undefined array key "HTTP_HOST" in C:\\lss\\xampp\\htdocs\\index.php on line 7
[Tue Dec 30 11:34:19.759953 2025] [php:warn] [pid 3604:tid 1044] [client 185.67.33.213:51406] PHP Warning: Undefined array key "HTTP_HOST" in C:\\lss\\xampp\\htdocs\\index.php on line 7
[Tue Dec 30 11:38:31.442984 2025] [cgi:error] [pid 3604:tid 1044] [client 89.42.231.179:60492] AH02811: script not found or unable to stat: C:/lss/xampp/cgi-bin/luci
[Tue Dec 30 12:28:10.462557 2025] [php:error] [pid 3604:tid 1044] [client 35.216.189.16:48214] script 'C:/lss/xampp/htdocs/info.php' not found or unable to stat
[Tue Dec 30 12:28:11.477763 2025] [authz_core:error] [pid 3604:tid 1044] [client 35.216.189.16:48244] AH01630: client denied by server configuration: C:/lss/xampp/htdocs/server-status
[Tue Dec 30 12:52:11.724746 2025] [php:warn] [pid 3604:tid 1468] [client 185.67.33.201:58409] PHP Warning: Undefined array key "HTTP_HOST" in C:\\lss\\xampp\\htdocs\\index.php on line 7
[Tue Dec 30 12:52:12.110974 2025] [php:warn] [pid 3604:tid 2012] [client 185.67.33.201:58416] PHP Warning: Undefined array key "HTTP_HOST" in C:\\lss\\xampp\\htdocs\\index.php on line 7
[Tue Dec 30 14:52:57.825674 2025] [cgi:error] [pid 3604:tid 1468] [client 89.42.231.179:54294] AH02811: script not found or unable to stat: C:/lss/xampp/cgi-bin/luci
[Tue Dec 30 17:47:33.648344 2025] [cgi:error] [pid 3604:tid 1288] [client 89.42.231.179:34668] AH02811: script not found or unable to stat: C:/lss/xampp/cgi-bin/luci
[Tue Dec 30 19:07:07.598869 2025] [cgi:error] [pid 3604:tid 1288] [client 216.180.246.225:17106] AH02811: script not found or unable to stat: C:/lss/xampp/cgi-bin/login.cgi
[Tue Dec 30 19:07:28.791930 2025] [cgi:error] [pid 3604:tid 1288] [client 216.180.246.225:48724] AH02811: script not found or unable to stat: C:/lss/xampp/cgi-bin/login.cgi
[Tue Dec 30 19:15:24.920509 2025] [cgi:error] [pid 3604:tid 1288] [client 89.42.231.179:48372] AH02811: script not found or unable to stat: C:/lss/xampp/cgi-bin/luci
[Tue Dec 30 20:42:24.946520 2025] [cgi:error] [pid 3604:tid 1936] [client 89.42.231.179:49774] AH02811: script not found or unable to stat: C:/lss/xampp/cgi-bin/luci
[Tue Dec 30 21:56:46.891239 2025] [cgi:error] [pid 3604:tid 1936] [client 89.42.231.179:46930] AH02811: script not found or unable to stat: C:/lss/xampp/cgi-bin/luci
[Tue Dec 30 23:24:35.573477 2025] [cgi:error] [pid 3604:tid 1980] [client 89.42.231.179:44686] AH02811: script not found or unable to stat: C:/lss/xampp/cgi-bin/luci
[Tue Dec 30 23:39:40.133924 2025] [core:error] [pid 3604:tid 2012] (20024)The given path is misformatted or contained invalid characters: [client 93.123.109.222:41124] AH00127: Cannot map GET /https: HTTP/1.1 to file
[Wed Dec 31 00:26:10.482637 2025] [php:error] [pid 3604:tid 1936] [client 172.68.234.194:13141] script 'C:/lss/xampp/htdocs/xmlrpc.php' not found or unable to stat
[Wed Dec 31 04:23:59.914306 2025] [php:error] [pid 3604:tid 1940] [client 185.67.33.201:60857] script 'C:/lss/xampp/htdocs/adminer.php' not found or unable to stat
[Wed Dec 31 07:11:27.419676 2025] [php:error] [pid 3604:tid 1896] [client 107.170.8.248:36120] script 'C:/lss/xampp/htdocs/alive.php' not found or unable to stat
[Wed Dec 31 16:23:24.742215 2025] [core:error] [pid 3604:tid 1980] [client 103.232.121.71:46656] AH10244: invalid URI path (/cgi-bin/.%2e/.%2e/.%2e/.%2e/.%2e/.%2e/.%2e/.%2e/.%2e/.%2e/bin/sh)
[Wed Dec 31 21:23:12.398914 2025] [core:error] [pid 3604:tid 1136] [client 106.75.153.165:56210] AH10244: invalid URI path (/cgi-bin/.%2e/.%2e/.%2e/.%2e/.%2e/.%2e/.%2e/.%2e/.%2e/.%2e/bin/sh)
[Thu Jan 01 01:19:40.255528 2026] [core:error] [pid 3604:tid 1916] [client 198.91.136.35:36864] AH10244: invalid URI path (/cgi-bin/.%2e/.%2e/.%2e/.%2e/.%2e/.%2e/.%2e/.%2e/.%2e/.%2e/bin/sh)
[Thu Jan 01 06:01:24.808422 2026] [php:error] [pid 3604:tid 1980] [client 172.70.255.223:9368] script 'C:/lss/xampp/htdocs/xmlrpc.php' not found or unable to stat
[Thu Jan 01 08:47:37.286409 2026] [core:error] [pid 3604:tid 2024] [client 217.154.38.135:36014] AH10244: invalid URI path (/cgi-bin/.%2e/.%2e/.%2e/.%2e/.%2e/.%2e/.%2e/.%2e/.%2e/.%2e/bin/sh)
[Thu Jan 01 11:31:54.807768 2026] [core:error] [pid 3604:tid 1940] [client 213.88.57.114:47870] AH10244: invalid URI path (/cgi-bin/.%2e/.%2e/.%2e/.%2e/.%2e/.%2e/.%2e/.%2e/.%2e/.%2e/bin/sh)
[Thu Jan 01 17:28:19.590182 2026] [core:error] [pid 3604:tid 1432] [client 103.40.61.98:42856] AH10244: invalid URI path (/cgi-bin/.%2e/.%2e/.%2e/.%2e/.%2e/.%2e/.%2e/.%2e/.%2e/.%2e/bin/sh)
[Thu Jan 01 22:11:48.636264 2026] [cgi:error] [pid 3604:tid 1940] [client 89.42.231.179:42808] AH02811: script not found or unable to stat: C:/lss/xampp/cgi-bin/luci
[Fri Jan 02 00:48:53.585892 2026] [core:error] [pid 3604:tid 1004] [client 157.173.207.55:60782] AH10244: invalid URI path (/cgi-bin/.%2e/.%2e/.%2e/.%2e/.%2e/.%2e/.%2e/.%2e/.%2e/.%2e/bin/sh)
[Fri Jan 02 01:12:42.611461 2026] [core:error] [pid 3604:tid 1196] [client 107.172.82.247:48848] AH10244: invalid URI path (/cgi-bin/.%2e/.%2e/.%2e/.%2e/.%2e/.%2e/.%2e/.%2e/.%2e/.%2e/bin/sh)
[Fri Jan 02 02:29:44.926472 2026] [core:error] [pid 3604:tid 1004] [client 45.43.37.254:23642] AH10244: invalid URI path (/cgi-bin/.%2e/.%2e/.%2e/.%2e/.%2e/.%2e/.%2e/.%2e/.%2e/.%2e/bin/sh)
[Fri Jan 02 13:37:41.039784 2026] [php:error] [pid 3604:tid 1452] [client 142.93.86.65:50634] script 'C:/lss/xampp/htdocs/alive.php' not found or unable to stat
[Fri Jan 02 17:19:47.384961 2026] [php:warn] [pid 3604:tid 1284] [client 45.79.123.76:60130] PHP Warning: Undefined array key "HTTP_HOST" in C:\\lss\\xampp\\htdocs\\index.php on line 7
[Fri Jan 02 17:20:00.606840 2026] [cgi:error] [pid 3604:tid 1272] [client 45.79.123.76:44288] AH02811: script not found or unable to stat: C:/lss/xampp/cgi-bin/info.cgi
[Fri Jan 02 17:20:06.063474 2026] [php:error] [pid 3604:tid 1660] [client 45.79.123.76:54542] script 'C:/lss/xampp/htdocs/login.php' not found or unable to stat
[Fri Jan 02 17:20:06.109161 2026] [cgi:error] [pid 3604:tid 1952] [client 45.79.123.76:54556] AH02811: script not found or unable to stat: C:/lss/xampp/htdocs/info.asp
[Fri Jan 02 17:20:06.134146 2026] [php:warn] [pid 3604:tid 1536] [client 45.79.123.76:54568] PHP Warning: Undefined array key "HTTP_HOST" in C:\\lss\\xampp\\htdocs\\index.php on line 7
[Fri Jan 02 17:20:07.187014 2026] [cgi:error] [pid 3604:tid 1284] [client 45.79.123.76:54646] AH02811: script not found or unable to stat: C:/lss/xampp/cgi-bin/param.cgi
[Fri Jan 02 17:20:14.305024 2026] [cgi:error] [pid 3604:tid 1272] [client 45.79.123.76:55066] AH02811: script not found or unable to stat: C:/lss/xampp/htdocs/webportal.cgi
[Fri Jan 02 17:20:15.904103 2026] [cgi:error] [pid 3604:tid 1660] [client 45.79.123.76:46306] AH02811: script not found or unable to stat: C:/lss/xampp/cgi-bin/authLogin.cgi
[Fri Jan 02 17:20:18.723655 2026] [cgi:error] [pid 3604:tid 1860] [client 45.79.123.76:46444] AH02811: script not found or unable to stat: C:/lss/xampp/htdocs/Main_Login.asp
[Fri Jan 02 17:20:19.369551 2026] [cgi:error] [pid 3604:tid 1860] [client 45.79.123.76:46470] AH02811: script not found or unable to stat: C:/lss/xampp/cgi-bin/luci
[Fri Jan 02 17:20:23.398832 2026] [cgi:error] [pid 3604:tid 1536] [client 45.79.123.76:46818] AH02811: script not found or unable to stat: C:/lss/xampp/cgi-bin/meteobridge.cgi
[Fri Jan 02 17:20:24.282778 2026] [cgi:error] [pid 3604:tid 1172] [client 45.79.123.76:46934] AH02811: script not found or unable to stat: C:/lss/xampp/cgi-bin/getagent.cgi
[Fri Jan 02 17:20:25.629052 2026] [php:warn] [pid 3604:tid 960] [client 45.79.123.76:34118] PHP Warning: Undefined array key "HTTP_HOST" in C:\\lss\\xampp\\htdocs\\index.php on line 7
[Fri Jan 02 17:31:32.464424 2026] [core:error] [pid 3604:tid 1992] [client 103.72.147.138:57272] AH10244: invalid URI path (/cgi-bin/.%2e/.%2e/.%2e/.%2e/.%2e/.%2e/.%2e/.%2e/.%2e/.%2e/bin/sh)
[Sat Jan 03 04:36:02.974281 2026] [php:error] [pid 3604:tid 2024] [client 198.41.231.43:10501] script 'C:/lss/xampp/htdocs/xmlrpc.php' not found or unable to stat
[Sat Jan 03 10:28:19.080046 2026] [core:error] [pid 3604:tid 1284] (20024)The given path is misformatted or contained invalid characters: [client 185.67.34.142:49985] AH00127: Cannot map GET /91.132.49.59:443.sql HTTP/1.1 to file
[Sat Jan 03 10:28:19.087053 2026] [core:error] [pid 3604:tid 1044] (20024)The given path is misformatted or contained invalid characters: [client 185.67.34.142:2570] AH00127: Cannot map GET /91.132.49.59:443_db.sql HTTP/1.1 to file
[Sat Jan 03 14:40:59.571514 2026] [cgi:error] [pid 3604:tid 2000] [client 216.180.246.57:19016] AH02811: script not found or unable to stat: C:/lss/xampp/cgi-bin/login.cgi
[Sat Jan 03 14:41:38.554876 2026] [cgi:error] [pid 3604:tid 1444] [client 216.180.246.57:20100] AH02811: script not found or unable to stat: C:/lss/xampp/cgi-bin/login.cgi
[Sat Jan 03 16:27:51.094674 2026] [php:error] [pid 3604:tid 2024] [client 165.227.233.133:33808] script 'C:/lss/xampp/htdocs/alive.php' not found or unable to stat
[Sat Jan 03 18:49:48.077257 2026] [core:error] [pid 3604:tid 2024] [client 204.76.203.125:14632] AH10244: invalid URI path (/../../../../../../../proc/self/environ)
[Sat Jan 03 18:49:48.241251 2026] [core:error] [pid 3604:tid 2024] [client 204.76.203.125:14646] AH10244: invalid URI path (/../../../../../../../app/.env)
[Sat Jan 03 18:49:48.403778 2026] [core:error] [pid 3604:tid 2024] [client 204.76.203.125:14654] AH10244: invalid URI path (/../../../../../../../root/.env)
[Sun Jan 04 01:00:45.921054 2026] [php:warn] [pid 3604:tid 1444] [client 207.154.228.37:10983] PHP Warning: Undefined array key "HTTP_HOST" in C:\\lss\\xampp\\htdocs\\index.php on line 7
[Sun Jan 04 01:00:46.575665 2026] [php:warn] [pid 3604:tid 1444] [client 207.154.228.37:9737] PHP Warning: Undefined array key "HTTP_HOST" in C:\\lss\\xampp\\htdocs\\index.php on line 7
[Sun Jan 04 02:54:50.070070 2026] [php:error] [pid 3604:tid 1384] [client 159.65.177.89:37856] script 'C:/lss/xampp/htdocs/phpinfo.php' not found or unable to stat
[Sun Jan 04 02:54:51.803925 2026] [php:error] [pid 3604:tid 1384] [client 159.65.177.89:37856] script 'C:/lss/xampp/htdocs/info.php' not found or unable to stat
[Sun Jan 04 02:54:53.484229 2026] [php:error] [pid 3604:tid 1384] [client 159.65.177.89:37856] script 'C:/lss/xampp/htdocs/pinfo.php' not found or unable to stat
[Sun Jan 04 02:54:55.163764 2026] [php:error] [pid 3604:tid 1384] [client 159.65.177.89:37856] script 'C:/lss/xampp/htdocs/i.php' not found or unable to stat
[Sun Jan 04 02:55:50.789601 2026] [php:error] [pid 3604:tid 1384] [client 159.65.177.89:37856] script 'C:/lss/xampp/htdocs/wp-config.php' not found or unable to stat
[Sun Jan 04 02:55:54.302792 2026] [php:error] [pid 3604:tid 1384] [client 159.65.177.89:37856] script 'C:/lss/xampp/htdocs/temp.php' not found or unable to stat
[Sun Jan 04 03:15:57.301319 2026] [core:error] [pid 3604:tid 1660] (20024)The given path is misformatted or contained invalid characters: [client 109.177.154.2:53632] AH00127: Cannot map GET /http.html:%22UnoPim%22 HTTP/1.1 to file
[Sun Jan 04 03:15:57.302291 2026] [core:error] [pid 3604:tid 1384] (20024)The given path is misformatted or contained invalid characters: [client 109.177.154.2:53791] AH00127: Cannot map GET /http.html:%22/auth/password%22%20%22laravel%22 HTTP/1.1 to file
[Sun Jan 04 03:15:57.312308 2026] [core:error] [pid 3604:tid 1960] (20024)The given path is misformatted or contained invalid characters: [client 109.177.154.2:53055] AH00127: Cannot map GET /%22laravel%22%20%22ignition%22%20%22vendor/facade%22 HTTP/1.1 to file
[Sun Jan 04 03:15:57.314303 2026] [core:error] [pid 3604:tid 1980] (20024)The given path is misformatted or contained invalid characters: [client 109.177.154.2:53006] AH00127: Cannot map GET /%22Whoops,%20looks%20like%20something%20went%20wrong.%22 HTTP/1.1 to file
[Sun Jan 04 03:15:57.913297 2026] [core:error] [pid 3604:tid 1384] (20024)The given path is misformatted or contained invalid characters: [client 109.177.154.2:53791] AH00127: Cannot map GET /http.html:%22freescout%22 HTTP/1.1 to file
[Sun Jan 04 03:15:57.914273 2026] [authz_core:error] [pid 3604:tid 1660] [client 109.177.154.2:53632] AH01630: client denied by server configuration: C:/lss/xampp/phpMyAdmin/phpMyAdmin
[Sun Jan 04 03:15:57.922928 2026] [core:error] [pid 3604:tid 1960] (20024)The given path is misformatted or contained invalid characters: [client 109.177.154.2:53055] AH00127: Cannot map GET /http.html:%22Alpine%22%20%22laravel%22 HTTP/1.1 to file
[Sun Jan 04 03:15:58.426545 2026] [core:error] [pid 3604:tid 1960] (20024)The given path is misformatted or contained invalid characters: [client 109.177.154.2:53055] AH00127: Cannot map GET /http.html:%22sanctum/csrf-cookie%22%20%22laravel%22 HTTP/1.1 to file
[Sun Jan 04 03:15:58.969075 2026] [core:error] [pid 3604:tid 1384] (20024)The given path is misformatted or contained invalid characters: [client 109.177.154.2:53791] AH00127: Cannot map GET /http.html:%22australia%22%20%22laravel%22 HTTP/1.1 to file
[Sun Jan 04 03:15:58.980140 2026] [core:error] [pid 3604:tid 1960] (20024)The given path is misformatted or contained invalid characters: [client 109.177.154.2:53055] AH00127: Cannot map GET /http.html:%22/telescope/requests%22 HTTP/1.1 to file
[Sun Jan 04 03:15:58.981063 2026] [php:error] [pid 3604:tid 1956] [client 109.177.154.2:53287] script 'C:/lss/xampp/htdocs/adminer-4.8.4.php' not found or unable to stat
[Sun Jan 04 03:15:59.967546 2026] [core:error] [pid 3604:tid 1384] (20024)The given path is misformatted or contained invalid characters: [client 109.177.154.2:53791] AH00127: Cannot map GET /http.html:%22Horde%20Login%22 HTTP/1.1 to file
[Sun Jan 04 03:16:00.135985 2026] [core:error] [pid 3604:tid 1956] (20024)The given path is misformatted or contained invalid characters: [client 109.177.154.2:53287] AH00127: Cannot map GET /http.html:%22MAIL_PASSWORD=%22%20%22laravel%22 HTTP/1.1 to file
[Sun Jan 04 03:16:00.136805 2026] [core:error] [pid 3604:tid 1980] (20024)The given path is misformatted or contained invalid characters: [client 109.177.154.2:53006] AH00127: Cannot map GET /path=%22/admin%22%20&&%20title=%22Laravel%22 HTTP/1.1 to file
[Sun Jan 04 03:16:00.537015 2026] [proxy:error] [pid 3604:tid 1660] (OS 10061)Hedef makine etkin olarak reddettiðinden baðlantý kurulamadý. : AH00957: AJP: attempt to connect to 127.0.0.1:8009 (127.0.0.1:8009) failed
[Sun Jan 04 03:16:00.537015 2026] [proxy_ajp:error] [pid 3604:tid 1660] [client 109.177.154.2:53632] AH00896: failed to make connection to backend: 127.0.0.1
[Sun Jan 04 03:16:00.703032 2026] [core:error] [pid 3604:tid 1384] (20024)The given path is misformatted or contained invalid characters: [client 109.177.154.2:53791] AH00127: Cannot map GET /connection:%20%22laravel%22 HTTP/1.1 to file
[Sun Jan 04 03:16:00.886021 2026] [core:error] [pid 3604:tid 1960] (20024)The given path is misformatted or contained invalid characters: [client 109.177.154.2:53055] AH00127: Cannot map GET /http.html:%22Login%20to%20Webmail%22 HTTP/1.1 to file
[Sun Jan 04 03:16:00.888029 2026] [core:error] [pid 3604:tid 1980] (20024)The given path is misformatted or contained invalid characters: [client 109.177.154.2:53006] AH00127: Cannot map GET /%22laravel%22%20%22telescope%22%20%22200%20OK%22 HTTP/1.1 to file
[Sun Jan 04 03:16:01.275439 2026] [core:error] [pid 3604:tid 1384] (20024)The given path is misformatted or contained invalid characters: [client 109.177.154.2:53791] AH00127: Cannot map GET /http.html:%22Cashier%22%20%22laravel%22 HTTP/1.1 to file
[Sun Jan 04 04:40:15.887891 2026] [php:warn] [pid 3604:tid 1384] [client 172.104.30.66:45744] PHP Warning: Undefined array key "HTTP_HOST" in C:\\lss\\xampp\\htdocs\\index.php on line 7
[Sun Jan 04 04:40:17.460363 2026] [php:warn] [pid 3604:tid 1660] [client 172.104.30.66:58652] PHP Warning: Undefined array key "HTTP_HOST" in C:\\lss\\xampp\\htdocs\\index.php on line 7
[Sun Jan 04 05:27:45.076109 2026] [php:warn] [pid 3604:tid 1444] [client 138.68.107.204:12111] PHP Warning: Undefined array key "HTTP_HOST" in C:\\lss\\xampp\\htdocs\\index.php on line 7
[Sun Jan 04 05:27:45.747098 2026] [php:warn] [pid 3604:tid 1444] [client 138.68.107.204:17005] PHP Warning: Undefined array key "HTTP_HOST" in C:\\lss\\xampp\\htdocs\\index.php on line 7
[Sun Jan 04 14:20:25.191302 2026] [core:error] [pid 3604:tid 1384] [client 43.155.113.123:60900] AH10244: invalid URI path (/cgi-bin/.%2e/.%2e/.%2e/.%2e/.%2e/.%2e/.%2e/.%2e/.%2e/.%2e/bin/sh)
[Sun Jan 04 16:19:37.804271 2026] [php:error] [pid 3604:tid 1960] [client 138.68.16.17:55430] script 'C:/lss/xampp/htdocs/alive.php' not found or unable to stat
[Sun Jan 04 23:26:40.245688 2026] [php:error] [pid 3604:tid 1384] [client 172.68.234.194:9734] script 'C:/lss/xampp/htdocs/xmlrpc.php' not found or unable to stat
[Sun Jan 04 23:33:37.677909 2026] [core:error] [pid 3604:tid 1384] [client 149.88.74.74:53282] AH10244: invalid URI path (/cgi-bin/.%2e/.%2e/.%2e/.%2e/.%2e/.%2e/.%2e/.%2e/.%2e/.%2e/bin/sh)
[Mon Jan 05 15:25:22.064645 2026] [cgi:error] [pid 3604:tid 2024] [client 38.207.132.96:56850] malformed header from script 'php-cgi.exe': Bad header: Security Alert! The PHP
[Mon Jan 05 16:30:30.175668 2026] [core:error] [pid 3604:tid 1096] [client 8.209.219.74:41000] AH10244: invalid URI path (/cgi-bin/.%2e/.%2e/.%2e/.%2e/.%2e/.%2e/.%2e/.%2e/.%2e/.%2e/bin/sh)
[Mon Jan 05 18:20:33.543344 2026] [core:error] [pid 3604:tid 2004] [client 141.255.164.26:34472] AH10244: invalid URI path (/cgi-bin/.%2e/.%2e/.%2e/.%2e/.%2e/.%2e/.%2e/.%2e/.%2e/.%2e/bin/sh)
[Mon Jan 05 22:37:38.688203 2026] [core:error] [pid 3604:tid 2024] [client 112.225.219.106:38974] AH10244: invalid URI path (/cgi-bin/.%2e/.%2e/.%2e/.%2e/.%2e/.%2e/.%2e/.%2e/.%2e/.%2e/bin/sh)
[Tue Jan 06 00:43:48.899270 2026] [cgi:error] [pid 3604:tid 1764] [client 95.214.55.71:43028] AH02811: script not found or unable to stat: C:/lss/xampp/cgi-bin/luci
[Tue Jan 06 06:46:25.919947 2026] [core:error] [pid 3604:tid 2004] (22)Invalid argument: [client 158.220.90.195:34136] AH00127: Cannot map POST /%C0 HTTP/1.1 to file
[Tue Jan 06 07:21:45.980018 2026] [cgi:error] [pid 3604:tid 2024] [client 38.207.132.96:50826] malformed header from script 'php-cgi.exe': Bad header: Security Alert! The PHP
[Tue Jan 06 11:35:31.262954 2026] [php:warn] [pid 3604:tid 1208] [client 185.67.33.247:8554] PHP Warning: Undefined array key "HTTP_HOST" in C:\\lss\\xampp\\htdocs\\index.php on line 7
[Tue Jan 06 11:35:31.448667 2026] [php:warn] [pid 3604:tid 1764] [client 185.67.33.247:8558] PHP Warning: Undefined array key "HTTP_HOST" in C:\\lss\\xampp\\htdocs\\index.php on line 7
[Tue Jan 06 11:35:32.188041 2026] [php:warn] [pid 3604:tid 2004] [client 185.67.33.247:8567] PHP Warning: Undefined array key "HTTP_HOST" in C:\\lss\\xampp\\htdocs\\index.php on line 7
[Tue Jan 06 12:51:00.933780 2026] [core:error] [pid 3604:tid 1536] [client 47.252.4.54:41218] AH10244: invalid URI path (/cgi-bin/.%2e/.%2e/.%2e/.%2e/.%2e/.%2e/.%2e/.%2e/.%2e/.%2e/bin/sh)
[Tue Jan 06 12:52:56.208356 2026] [php:warn] [pid 3604:tid 1096] [client 185.67.33.213:7385] PHP Warning: Undefined array key "HTTP_HOST" in C:\\lss\\xampp\\htdocs\\index.php on line 7
[Tue Jan 06 12:52:57.598550 2026] [php:warn] [pid 3604:tid 2004] [client 185.67.33.213:7392] PHP Warning: Undefined array key "HTTP_HOST" in C:\\lss\\xampp\\htdocs\\index.php on line 7
[Tue Jan 06 13:45:40.660212 2026] [php:error] [pid 3604:tid 2004] [client 159.65.57.144:53942] script 'C:/lss/xampp/htdocs/alive.php' not found or unable to stat
[Tue Jan 06 14:46:24.456855 2026] [php:error] [pid 3604:tid 2004] [client 35.216.189.16:45224] script 'C:/lss/xampp/htdocs/info.php' not found or unable to stat
[Tue Jan 06 14:46:25.158026 2026] [authz_core:error] [pid 3604:tid 2004] [client 35.216.189.16:45228] AH01630: client denied by server configuration: C:/lss/xampp/htdocs/server-status
[Tue Jan 06 22:46:10.008393 2026] [cgi:error] [pid 3604:tid 1680] [client 216.180.246.66:28928] AH02811: script not found or unable to stat: C:/lss/xampp/cgi-bin/login.cgi
[Tue Jan 06 22:46:44.700603 2026] [cgi:error] [pid 3604:tid 1096] [client 216.180.246.66:42088] AH02811: script not found or unable to stat: C:/lss/xampp/cgi-bin/login.cgi
[Wed Jan 07 04:23:47.224225 2026] [php:error] [pid 3604:tid 2004] [client 185.67.33.207:4985] script 'C:/lss/xampp/htdocs/adminer.php' not found or unable to stat
[Wed Jan 07 09:06:25.186446 2026] [core:error] [pid 3604:tid 1704] (20024)The given path is misformatted or contained invalid characters: [client 93.123.109.222:42628] AH00127: Cannot map GET /weblogin.htm%22;f.sUserName.focus%28%29;if%28sUser_mgt_End==%22%22%29%7Bif%28mode%29%7Bswitch%28mode%29%7Bcase%203:%20if%28iFrmLgErr==4%29%7Berrmsg.innerHTML=TR%28%22User%20Mode%20is%20off%20now.%22%29;%7Delse%20if%28iFrmLgErr==5%29%7Berrmsg.innerHTML=TR%28%22Wrong%20validation%20code%21%22%29;%7Delse%7Berrmsg.innerHTML=TR%28%22The%20username%20or%20password%20you%20entered%20is%20incorrect.%22%29;%7Dbreak;case%204:%20errmsg.innerHTML=TR%28%22Reach%20the%20maximum%20login%20number.%20Try%20another%20user%20account.%22%29;break;case%205:%20errmsg.innerHTML=TR%28%22No%20available%20buffer%20now.%20Please%20contact%20with%20your%20administrator%22%29;break;case%206:%20errmsg.innerHTML=TR%28%22The%20username%20or%20password%20you%20entered%20is%20incorrect.%22%29;break;case%207:errmsg.innerHTML=TR%28%22User%20account%20is%20not%20enabled%20now.%22%29;break;case%208:errmsg.innerHTML=TR%28%22You%20aren%27t%20allowed%20to%20access%20internet%20%28out%20of%20schedule%29.%22%29;break;case%209:errmsg.innerHTML=TR%28%22User%20login%20denied%20from%20http%20protocol.%20Please%20contact%20with%20your%20administrator%22%29;break;case%2010:errmsg.innerHTML=TR%28%22The%20user%20ran%20out%20of%20time%20quota.%22%29;break;case%2011:errmsg.innerHTML=TR%28%22The%20user%20ran%20out%20of%20data%20quota.%22%29;break;case%2012:errmsg.innerHTML=TR%28%22Wrong%20user%20account.%20Please%20contact%20with%20your%20administrator.%22%29;break;default:if%28iFrmLgErr==2%29errmsg.innerHTML=TR%28%22The%20username%20or%20password%20you%20entered%20is%20incorrect.%22%29;break;%7D%7Delse%20if%28iFrmLgErr==2%29%7Berrmsg.innerHTML=TR%28%22The%20username%20or%20password%20you%20entered%20is%20incorrect.%22%29;%7Delse%20if%28iFrmLgErr==4%29%7Berrmsg.innerHTML=TR%28%22User%20Mode%20is%20off%20now.%22%29;%7Delse%20if%28iFrmLgErr==5%29%7Berrmsg.innerHTML=TR%28%22Wrong%20validation%20code%21%22%29;%7D%7Delse%20if%28iFrmLgErr==2%29%7Berrmsg.innerHTML=TR%28%22The%20username%20or%20password%20you%20entered%20is%20incorrect.%22%29;%7Delse%20if%28iFrmLgErr==4%29%7Berrmsg.innerHTML=TR%28%22User%20Mode%20is%20off%20now.%22%29;%7Delse%20if%28iFrmLgErr==5%29%7Berrmsg.innerHTML=TR%28%22Wrong%20validation%20code%21%22%29;%7Dif%28sValidatedCode%21=%22%22%29%7BshowElmtByClass%28document,%22tr%22,%22sValidatedCode%22%29;%7D%20for%28var%20d=0;d%3Cdocument.forms.length;d++%29%7B%20for%28var%20e=0;e%3Cdocument.forms%5Bd%5D.elements.length;e++%29%7Baddhandlers%28document.forms%5Bd%5D.elements%5Be%5D%29;%7D%7D%7Dfunction%20initParameter%28%29%7Bif%28sUser_mgt_End==%22%22%29%7Bsrc_ip=%27%27;target_url=%27%27;mode=6;fw_set=0;fw_rule=0;%7D%7Dfunction%20encode%28instr%29%7Bvar%20keyStr=%22ABCDEFGHIJKLMNOPQRSTUVWXYZabcdefghijklmnopqrstuvwxyz0123456789+/=%22;var%20outstr=%22%22;var%20chr1,chr2,chr3=%22%22;var%20enc1,enc2,enc3,enc4=%22%22;var%20i=0;do%7Bchr1=instr.charCodeAt%28i++%29;chr2=instr.charCodeAt%28i++%29;chr3=instr.charCodeAt%28i++%29;enc1=chr1%3E%3E2;enc2=%28%28chr1&3%29%3C%3C4%29%7C%28chr2%3E%3E4%29;enc3=%28%28chr2&15%29%3C%3C2%29%7C%28chr3%3E%3E6%29;enc4=chr3&63;if%28isNaN%28chr2%29%29%7Benc3=enc4=64;%7Delse%20if%28isNaN%28chr3%29%29%7Benc4=64;%7Doutstr=outstr+keyStr.charAt%28enc1%29+keyStr.charAt%28enc2%29+keyStr.charAt%28enc3%29+keyStr.charAt%28enc4%29;chr1=chr2=chr3=%22%22;enc1=enc2=enc3=enc4=%22%22;%7Dwhile%28i%3Cinstr.length%29;return%20outstr;%7Dfunction%20submitPara%28%29%7Bvar%20frmSub=document.frmSub;var%20fwElmIdx=2;frmSub.method=%22post%22;frmSub.action=%22cgi-bin/wlogin.cgi%22;frmSub%5B0%5D.name=%22aa%22;frmSub%5B0%5D.value=encode%28f.sUserName.value%29;frmSub%5B1%5D.name=%22ab%22;frmSub%5B1%5D.value=encode%28f.sSysPass.value%29;%20if%28sUser_mgt_End==%22%22&&mode%21=0%29%7BfrmSub%5B2%5D.name=%22src_ip%22;frmSub%5B2%5D.value=src_ip;frmSub%5B3%5D.name=%22target_url%22;frmSub%5B3%5D.value=target_url;frmSub%5B4%5D.name=%22mode%22;frmSub%5B4%5D.value=mode;frmSub%5B5%5D.name=%22fw_set%22;frmSub%5B5%5D.value=fw_set;frmSub%5B6%5D.name=%22fw_rule%22;frmSub%5B6%5D.value=fw_rule;fwElmIdx=7;%7Dif%28enSSlgrp==%22%22%7C%7CenAdminAuth==%22%22%29%7BfrmSub%5BfwElmIdx%5D.name=%22sslgroup%22;frmSub%5BfwElmIdx%5D.value=f.sltsslgrp.value;%7Dif%28sValidatedCode%21=%22%22%29%7BfwElmIdx++;frmSub%5BfwElmIdx%5D.name=%22sVerifCode%22;frmSub%5BfwElmIdx%5D.value=document.getElementById%28%22validated_code%22%29.value;fwElmIdx++;frmSub%5BfwElmIdx%5D.name=%22sValidatedCodeNum%22;frmSub%5BfwElmIdx%5D.value=sValidatedCodeNum;%7DfrmSub%5Bform_num%5D.name=%22sFormAuthStr%22;frmSub%5Bform_num%5D.value=randomString%2815%29;frmSub.submit%28%29;%7Dfunction%20randomString%28len%29%7Bvar%20chars=%27ABCDEFGHJKMNPQRSTWXYZabcdefhijkmnprstwxyz2345678%27;var%20maxPos=chars.length;var%20pwd=%27%27;for%28i=0;i%3Clen;i++%29%7Bpwd+=chars.charAt%28Math.floor%28Math.random%28%29%2AmaxPos%29%29;%7Dreturn%20pwd;%7Dfunction%20handler%28_e%29%7Bvar%20e=_e,elmt,type;if%28isNav%29%7Belmt=e.target;type=e.type;keycode=e.which;%7Dif%28isIE%7C%7CisOpr%29%7Be=window.event;elmt=e.srcElement;type=e.type;keycode=e.keyCode;%7D%20if%28isIE%29%7Bif%28elmt.type==%22text%22%29e.cancelBubble=false;else%20e.cancelBubble=true;%7Dif%28elmt==f.btnOk&&type==%22click%22%29%7BsubmitPara%28%29;%7Dif%28elmt%21=f.btnOk&&type==%22keydown%22%29%7Bif%28keycode==13%29%7B%20e.returnValue=false;submitPara%28%29;%7D%7D%7D%20function%20addhandlers%28_o%29%7Bvar%20o=_o;o.onclick=handler;o.onkeydown=handler;%7Dfunction%20ClearCookies%28%29%7Bvar%20temp=document.cookie.split%28%22;%22%29;var%20ts;for%28var%20i=0;;i++%29%7Bif%28%21temp%5Bi%5D%29break;ts=temp%5Bi%5D.split%28%22=%22%29%5B0%5D;DeleteCookie%28ts%29;%7D%7Dfunction%20GetCookieVal%28offset%29%7Bvar%20endstr=document.cookie.indexOf%28%22;%22,offset%29;if%28endstr==-1%29endstr=document.cookie.length;return%20unescape%28document.cookie.substring%28offset,endstr%29%29;%7Dfunction%20GetCookie%28name%29%7Bvar%20arg=name+%22=%22;var%20alen=arg.length;var%20clen=document.cookie.length;var%20i=0;while%28i%3Cclen%29%7Bvar%20j=i+alen;if%28document.cookie.substring%28i,j%29==arg%29return%20GetCookieVal%28j%29;i=document.cookie.indexOf%28%22%20%22,i%29+1;if%28i==0%29break;%7Dreturn%20null;%7Dfunction%20DeleteCookie%28name%29%7Bvar%20exp=new%20Date%28%29;exp.setTime%28exp.getTime%28%29-1%29;var%20cval=GetCookie%28name%29;document.cookie=name+%22=%22+cval+%22;%20expires= HTTP/1.1 to file
[Wed Jan 07 11:47:51.192481 2026] [core:error] [pid 3604:tid 1980] [client 23.225.177.250:54268] AH10244: invalid URI path (/cgi-bin/.%2e/.%2e/.%2e/.%2e/.%2e/.%2e/.%2e/.%2e/.%2e/.%2e/bin/sh)
[Wed Jan 07 19:56:51.503322 2026] [cgi:error] [pid 3604:tid 1956] [client 216.180.246.7:59794] AH02811: script not found or unable to stat: C:/lss/xampp/cgi-bin/login.cgi
[Wed Jan 07 19:57:24.684873 2026] [cgi:error] [pid 3604:tid 1956] [client 216.180.246.7:37192] AH02811: script not found or unable to stat: C:/lss/xampp/cgi-bin/login.cgi
[Wed Jan 07 20:42:57.207804 2026] [php:error] [pid 3604:tid 1536] [client 78.153.140.177:54470] script 'C:/lss/xampp/htdocs/app_dev.php' not found or unable to stat
[Wed Jan 07 20:42:59.879667 2026] [php:error] [pid 3604:tid 1536] [client 78.153.140.177:41848] script 'C:/lss/xampp/htdocs/app_dev.php' not found or unable to stat
[Wed Jan 07 20:43:00.484948 2026] [php:error] [pid 3604:tid 1536] [client 78.153.140.177:45166] script 'C:/lss/xampp/htdocs/phpinfo.php' not found or unable to stat
[Wed Jan 07 20:43:11.128156 2026] [php:error] [pid 3604:tid 1172] [client 78.153.140.177:41810] script 'C:/lss/xampp/htdocs/php-info.php' not found or unable to stat
[Wed Jan 07 22:24:13.858476 2026] [core:error] [pid 3604:tid 1704] [client 119.29.197.233:60500] AH10244: invalid URI path (/cgi-bin/.%2e/.%2e/.%2e/.%2e/.%2e/.%2e/.%2e/.%2e/.%2e/.%2e/bin/sh)
[Wed Jan 07 22:27:48.104384 2026] [ssl:error] [pid 3604:tid 1704] [client 18.97.5.77:43402] AH02042: rejecting client initiated renegotiation
[Thu Jan 08 00:14:15.598707 2026] [php:error] [pid 3604:tid 1444] [client 141.101.76.32:11177] script 'C:/lss/xampp/htdocs/phpinfo.php' not found or unable to stat
[Thu Jan 08 00:14:15.684721 2026] [php:error] [pid 3604:tid 1788] [client 104.23.172.85:13500] script 'C:/lss/xampp/htdocs/info.php' not found or unable to stat
[Thu Jan 08 09:19:51.492121 2026] [authz_core:error] [pid 3604:tid 1500] [client 185.67.34.142:17709] AH01630: client denied by server configuration: C:/lss/xampp/phpMyAdmin/
[Thu Jan 08 13:01:56.548923 2026] [core:error] [pid 3604:tid 1528] [client 47.252.4.54:33030] AH10244: invalid URI path (/cgi-bin/.%2e/.%2e/.%2e/.%2e/.%2e/.%2e/.%2e/.%2e/.%2e/.%2e/bin/sh)
[Thu Jan 08 13:27:27.539040 2026] [php:error] [pid 3604:tid 1304] [client 104.23.166.104:12086] script 'C:/lss/xampp/htdocs/phpinfo.php' not found or unable to stat
[Thu Jan 08 13:27:30.343300 2026] [php:error] [pid 3604:tid 1528] [client 172.71.95.153:14206] script 'C:/lss/xampp/htdocs/info.php' not found or unable to stat
[Thu Jan 08 13:27:32.594379 2026] [php:error] [pid 3604:tid 1500] [client 162.159.113.62:13407] script 'C:/lss/xampp/htdocs/test.php' not found or unable to stat
[Thu Jan 08 13:27:35.507670 2026] [php:error] [pid 3604:tid 1528] [client 104.23.166.104:12094] script 'C:/lss/xampp/htdocs/php.php' not found or unable to stat
[Thu Jan 08 13:27:39.533423 2026] [php:error] [pid 3604:tid 1500] [client 172.71.102.177:11343] script 'C:/lss/xampp/htdocs/i.php' not found or unable to stat
[Thu Jan 08 16:56:35.227005 2026] [core:error] [pid 3604:tid 1100] [client 47.251.124.72:42630] AH10244: invalid URI path (/cgi-bin/.%2e/.%2e/.%2e/.%2e/.%2e/.%2e/.%2e/.%2e/.%2e/.%2e/bin/sh)
[Thu Jan 08 18:26:21.647337 2026] [cgi:error] [pid 3604:tid 1432] [client 95.214.55.71:60536] AH02811: script not found or unable to stat: C:/lss/xampp/cgi-bin/luci
[Thu Jan 08 19:35:38.298429 2026] [cgi:error] [pid 3604:tid 1188] [client 216.180.246.18:35330] AH02811: script not found or unable to stat: C:/lss/xampp/cgi-bin/login.cgi
[Thu Jan 08 19:35:51.637184 2026] [cgi:error] [pid 3604:tid 1188] [client 216.180.246.18:34634] AH02811: script not found or unable to stat: C:/lss/xampp/cgi-bin/login.cgi
[Thu Jan 08 19:55:16.878437 2026] [php:error] [pid 3604:tid 1204] [client 172.71.198.80:11769] script 'C:/lss/xampp/htdocs/xmlrpc.php' not found or unable to stat
[Thu Jan 08 20:52:20.800925 2026] [php:warn] [pid 3604:tid 2008] [client 104.248.249.65:4209] PHP Warning: Undefined array key "HTTP_HOST" in C:\\lss\\xampp\\htdocs\\index.php on line 7
[Thu Jan 08 20:52:21.717348 2026] [php:warn] [pid 3604:tid 1476] [client 104.248.249.65:7833] PHP Warning: Undefined array key "HTTP_HOST" in C:\\lss\\xampp\\htdocs\\index.php on line 7
[Thu Jan 08 21:26:23.592064 2026] [php:error] [pid 3604:tid 1352] [client 167.99.76.148:48514] script 'C:/lss/xampp/htdocs/alive.php' not found or unable to stat
[Thu Jan 08 23:43:06.103655 2026] [php:error] [pid 3604:tid 1928] [client 172.71.119.20:10230] script 'C:/lss/xampp/htdocs/phpinfo.php' not found or unable to stat
[Thu Jan 08 23:43:10.300788 2026] [php:error] [pid 3604:tid 904] [client 104.23.225.32:12957] script 'C:/lss/xampp/htdocs/php.php' not found or unable to stat
[Thu Jan 08 23:43:10.390691 2026] [php:error] [pid 3604:tid 1928] [client 172.71.119.20:10230] script 'C:/lss/xampp/htdocs/pi.php' not found or unable to stat
[Thu Jan 08 23:43:10.599288 2026] [php:error] [pid 3604:tid 1284] [client 172.71.134.190:12315] script 'C:/lss/xampp/htdocs/i.php' not found or unable to stat
[Fri Jan 09 01:36:29.002742 2026] [php:error] [pid 3604:tid 1928] [client 172.71.127.123:12350] script 'C:/lss/xampp/htdocs/test.php' not found or unable to stat
[Fri Jan 09 01:36:31.202556 2026] [php:error] [pid 3604:tid 1444] [client 172.71.134.191:12516] script 'C:/lss/xampp/htdocs/pi.php' not found or unable to stat
[Fri Jan 09 02:51:36.716026 2026] [php:error] [pid 3604:tid 1444] [client 172.69.222.39:12381] script 'C:/lss/xampp/htdocs/test.php' not found or unable to stat
[Fri Jan 09 02:51:40.807404 2026] [php:error] [pid 3604:tid 1444] [client 172.69.222.39:12381] script 'C:/lss/xampp/htdocs/i.php' not found or unable to stat
[Fri Jan 09 05:12:25.077456 2026] [php:error] [pid 3604:tid 1980] [client 172.71.232.152:11141] script 'C:/lss/xampp/htdocs/phpinfo.php' not found or unable to stat
[Fri Jan 09 05:12:29.158792 2026] [php:error] [pid 3604:tid 1980] [client 172.71.232.152:11141] script 'C:/lss/xampp/htdocs/php.php' not found or unable to stat
[Fri Jan 09 05:12:29.236165 2026] [php:error] [pid 3604:tid 1980] [client 172.71.232.152:11141] script 'C:/lss/xampp/htdocs/pi.php' not found or unable to stat
[Fri Jan 09 06:26:29.760296 2026] [php:error] [pid 3604:tid 1100] [client 172.71.172.135:13339] script 'C:/lss/xampp/htdocs/userfuns.php' not found or unable to stat, referer: www.google.com
[Fri Jan 09 06:26:49.956604 2026] [php:error] [pid 3604:tid 1100] [client 162.158.95.248:10276] script 'C:/lss/xampp/htdocs/postnews.php' not found or unable to stat, referer: www.google.com
[Fri Jan 09 06:26:54.588722 2026] [php:error] [pid 3604:tid 1868] [client 172.70.248.114:9681] script 'C:/lss/xampp/htdocs/postnews.php' not found or unable to stat, referer: www.google.com
[Fri Jan 09 17:45:11.193861 2026] [core:error] [pid 3604:tid 1912] [client 47.89.134.198:51676] AH10244: invalid URI path (/cgi-bin/.%2e/.%2e/.%2e/.%2e/.%2e/.%2e/.%2e/.%2e/.%2e/.%2e/bin/sh)
[Fri Jan 09 17:45:13.196470 2026] [core:error] [pid 3604:tid 1912] [client 47.89.134.198:52566] AH10244: invalid URI path (/cgi-bin/%%32%65%%32%65/%%32%65%%32%65/%%32%65%%32%65/%%32%65%%32%65/%%32%65%%32%65/%%32%65%%32%65/%%32%65%%32%65/bin/sh)
[Fri Jan 09 18:44:57.827465 2026] [core:error] [pid 3604:tid 1912] [client 8.219.84.110:47842] AH10244: invalid URI path (/cgi-bin/.%2e/.%2e/.%2e/.%2e/.%2e/.%2e/.%2e/.%2e/.%2e/.%2e/bin/sh)
[Fri Jan 09 20:34:15.312420 2026] [core:error] [pid 3604:tid 1788] [client 47.74.0.222:36106] AH10244: invalid URI path (/cgi-bin/.%2e/.%2e/.%2e/.%2e/.%2e/.%2e/.%2e/.%2e/.%2e/.%2e/bin/sh)
[Fri Jan 09 21:56:05.972515 2026] [php:error] [pid 3604:tid 1548] [client 172.68.234.194:13303] script 'C:/lss/xampp/htdocs/xmlrpc.php' not found or unable to stat
[Fri Jan 09 21:58:43.640138 2026] [php:error] [pid 3604:tid 1680] [client 162.158.217.119:12091] script 'C:/lss/xampp/htdocs/xmlrpc.php' not found or unable to stat
[Sat Jan 10 03:51:00.410007 2026] [authz_core:error] [pid 3604:tid 1484] [client 185.67.34.142:57126] AH01630: client denied by server configuration: C:/lss/xampp/phpMyAdmin/setup/index.php
[Sat Jan 10 06:50:43.809535 2026] [core:error] [pid 3604:tid 1704] [client 134.65.30.157:51444] AH10244: invalid URI path (/cgi-bin/.%2e/.%2e/.%2e/.%2e/.%2e/.%2e/.%2e/.%2e/.%2e/.%2e/bin/sh)
[Sat Jan 10 23:10:36.656532 2026] [core:error] [pid 3604:tid 1788] [client 47.85.24.25:36408] AH10244: invalid URI path (/cgi-bin/.%2e/.%2e/.%2e/.%2e/.%2e/.%2e/.%2e/.%2e/.%2e/.%2e/bin/sh)
[Sun Jan 11 01:25:36.482144 2026] [core:error] [pid 3604:tid 1444] [client 115.190.108.231:54764] AH10244: invalid URI path (/cgi-bin/.%2e/.%2e/.%2e/.%2e/.%2e/.%2e/.%2e/.%2e/.%2e/.%2e/bin/sh)
[Sun Jan 11 02:59:26.669949 2026] [php:error] [pid 3604:tid 1508] [client 172.70.206.10:10589] script 'C:/lss/xampp/htdocs/xmlrpc.php' not found or unable to stat
[Sun Jan 11 04:15:50.090289 2026] [core:error] [pid 3604:tid 2008] [client 163.5.148.15:42904] AH10244: invalid URI path (/cgi-bin/.%2e/.%2e/.%2e/.%2e/.%2e/.%2e/.%2e/.%2e/.%2e/.%2e/bin/sh)
[Sun Jan 11 06:30:49.982417 2026] [cgi:error] [pid 3604:tid 2000] [client 95.214.55.71:40938] AH02811: script not found or unable to stat: C:/lss/xampp/cgi-bin/luci
[Sun Jan 11 07:24:57.982307 2026] [php:error] [pid 3604:tid 1548] [client 167.172.71.124:50370] script 'C:/lss/xampp/htdocs/alive.php' not found or unable to stat
[Sun Jan 11 07:28:08.404309 2026] [core:error] [pid 3604:tid 1548] [client 196.188.187.189:42984] AH10244: invalid URI path (/cgi-bin/.%2e/.%2e/.%2e/.%2e/.%2e/.%2e/.%2e/.%2e/.%2e/.%2e/bin/sh)
[Sun Jan 11 09:00:50.543850 2026] [core:error] [pid 3604:tid 1352] [client 159.203.45.163:55574] AH10244: invalid URI path (/cgi-bin/.%2e/.%2e/.%2e/.%2e/.%2e/.%2e/.%2e/.%2e/.%2e/.%2e/bin/sh)
[Sun Jan 11 11:11:05.711470 2026] [core:error] [pid 3604:tid 2000] [client 77.90.39.122:50576] AH10244: invalid URI path (/cgi-bin/.%2e/.%2e/.%2e/.%2e/.%2e/.%2e/.%2e/.%2e/.%2e/.%2e/bin/sh)
[Mon Jan 12 02:53:04.514833 2026] [php:error] [pid 3604:tid 1452] [client 172.71.182.246:10974] script 'C:/lss/xampp/htdocs/phpinfo.php' not found or unable to stat
[Mon Jan 12 02:53:04.688109 2026] [php:error] [pid 3604:tid 1764] [client 104.23.172.64:9287] script 'C:/lss/xampp/htdocs/info.php' not found or unable to stat
[Mon Jan 12 06:29:43.293233 2026] [core:error] [pid 3604:tid 1788] [client 47.251.142.10:37790] AH10244: invalid URI path (/cgi-bin/.%2e/.%2e/.%2e/.%2e/.%2e/.%2e/.%2e/.%2e/.%2e/.%2e/bin/sh)
[Mon Jan 12 06:29:43.887988 2026] [core:error] [pid 3604:tid 1788] [client 47.251.142.10:37798] AH10244: invalid URI path (/cgi-bin/%%32%65%%32%65/%%32%65%%32%65/%%32%65%%32%65/%%32%65%%32%65/%%32%65%%32%65/%%32%65%%32%65/%%32%65%%32%65/bin/sh)
[Mon Jan 12 09:30:14.060974 2026] [php:error] [pid 3604:tid 996] [client 172.69.179.73:10449] script 'C:/lss/xampp/htdocs/xmlrpc.php' not found or unable to stat
[Mon Jan 12 15:23:32.567663 2026] [cgi:error] [pid 3604:tid 1004] [client 93.123.72.132:39558] AH02811: script not found or unable to stat: C:/lss/xampp/cgi-bin/luci
[Mon Jan 12 20:40:05.839528 2026] [php:warn] [pid 3604:tid 1284] [client 154.197.56.163:32936] PHP Warning: Undefined array key "HTTP_HOST" in C:\\lss\\xampp\\htdocs\\index.php on line 7
[Mon Jan 12 22:50:31.626662 2026] [php:error] [pid 3604:tid 1852] [client 185.67.34.142:58406] script 'C:/lss/xampp/htdocs/adminer.php' not found or unable to stat
[Mon Jan 12 22:50:32.630170 2026] [php:error] [pid 3604:tid 1852] [client 185.67.34.142:42354] script 'C:/lss/xampp/htdocs/_adminer.php' not found or unable to stat
[Mon Jan 12 22:50:33.608219 2026] [php:error] [pid 3604:tid 1036] [client 185.67.34.142:21248] script 'C:/lss/xampp/htdocs/editor.php' not found or unable to stat
[Mon Jan 12 22:50:33.675810 2026] [php:error] [pid 3604:tid 1036] [client 185.67.34.142:32540] script 'C:/lss/xampp/htdocs/mysql.php' not found or unable to stat
[Mon Jan 12 22:50:33.720792 2026] [php:error] [pid 3604:tid 1036] [client 185.67.34.142:25019] script 'C:/lss/xampp/htdocs/sql.php' not found or unable to stat
[Mon Jan 12 22:50:34.674990 2026] [php:error] [pid 3604:tid 1036] [client 185.67.34.142:48153] script 'C:/lss/xampp/htdocs/admin.php' not found or unable to stat
[Tue Jan 13 00:53:38.683513 2026] [core:error] [pid 3604:tid 1004] [client 91.215.87.53:57386] AH10244: invalid URI path (/cgi-bin/.%2e/.%2e/.%2e/.%2e/.%2e/.%2e/.%2e/.%2e/.%2e/.%2e/bin/sh)
[Tue Jan 13 02:48:01.196319 2026] [php:error] [pid 3604:tid 996] [client 143.110.207.95:52928] script 'C:/lss/xampp/htdocs/alive.php' not found or unable to stat
[Tue Jan 13 07:06:05.553246 2026] [core:error] [pid 3604:tid 996] (20024)The given path is misformatted or contained invalid characters: [client 104.23.170.49:11004] AH00127: Cannot map GET /%22//code.jquery.com/jquery-1.10.2.min.js%22 HTTP/1.1 to file
[Tue Jan 13 07:06:05.560251 2026] [core:error] [pid 3604:tid 1788] (20024)The given path is misformatted or contained invalid characters: [client 172.71.102.177:12862] AH00127: Cannot map GET /%22/dashboard/javascripts/all.js%22 HTTP/1.1 to file
[Tue Jan 13 07:06:05.568286 2026] [core:error] [pid 3604:tid 1632] (20024)The given path is misformatted or contained invalid characters: [client 172.71.99.19:12185] AH00127: Cannot map GET /%22/dashboard/javascripts/modernizr.js%22 HTTP/1.1 to file
[Tue Jan 13 07:06:05.832122 2026] [php:error] [pid 3604:tid 1940] [client 104.23.172.84:11333] script 'C:/lss/xampp/htdocs/config.php' not found or unable to stat
[Tue Jan 13 11:09:49.166323 2026] [core:error] [pid 3604:tid 2000] [client 115.190.64.245:43036] AH10244: invalid URI path (/cgi-bin/.%2e/.%2e/.%2e/.%2e/.%2e/.%2e/.%2e/.%2e/.%2e/.%2e/bin/sh)
[Tue Jan 13 11:09:53.053946 2026] [core:error] [pid 3604:tid 2000] [client 115.190.64.245:58016] AH10244: invalid URI path (/cgi-bin/%%32%65%%32%65/%%32%65%%32%65/%%32%65%%32%65/%%32%65%%32%65/%%32%65%%32%65/%%32%65%%32%65/%%32%65%%32%65/bin/sh)
[Tue Jan 13 11:17:30.668511 2026] [php:error] [pid 3604:tid 1452] [client 172.71.158.51:11631] script 'C:/lss/xampp/htdocs/xmlrpc.php' not found or unable to stat
[Tue Jan 13 11:34:10.380072 2026] [php:warn] [pid 3604:tid 1940] [client 185.67.33.218:58600] PHP Warning: Undefined array key "HTTP_HOST" in C:\\lss\\xampp\\htdocs\\index.php on line 7
[Tue Jan 13 11:34:10.487035 2026] [php:warn] [pid 3604:tid 1824] [client 185.67.33.218:58603] PHP Warning: Undefined array key "HTTP_HOST" in C:\\lss\\xampp\\htdocs\\index.php on line 7
[Tue Jan 13 11:34:10.861269 2026] [php:warn] [pid 3604:tid 1452] [client 185.67.33.218:58613] PHP Warning: Undefined array key "HTTP_HOST" in C:\\lss\\xampp\\htdocs\\index.php on line 7
[Tue Jan 13 11:35:09.866155 2026] [core:error] [pid 3604:tid 1452] [client 101.35.122.20:58896] AH10244: invalid URI path (/cgi-bin/.%2e/.%2e/.%2e/.%2e/.%2e/.%2e/.%2e/.%2e/.%2e/.%2e/bin/sh)
[Tue Jan 13 11:46:15.307007 2026] [cgi:error] [pid 3604:tid 1452] [client 193.142.147.209:13350] AH02811: script not found or unable to stat: C:/lss/xampp/cgi-bin/luci
[Tue Jan 13 12:51:47.640651 2026] [core:error] [pid 3604:tid 1852] [client 121.43.125.129:58442] AH10244: invalid URI path (/cgi-bin/.%2e/.%2e/.%2e/.%2e/.%2e/.%2e/.%2e/.%2e/.%2e/.%2e/bin/sh)
[Tue Jan 13 12:52:43.524049 2026] [php:warn] [pid 3604:tid 1832] [client 185.67.33.235:62007] PHP Warning: Undefined array key "HTTP_HOST" in C:\\lss\\xampp\\htdocs\\index.php on line 7
[Tue Jan 13 12:52:44.014336 2026] [php:warn] [pid 3604:tid 1952] [client 185.67.33.235:62012] PHP Warning: Undefined array key "HTTP_HOST" in C:\\lss\\xampp\\htdocs\\index.php on line 7
[Tue Jan 13 13:20:48.523815 2026] [core:error] [pid 3604:tid 1284] [client 107.175.89.189:50974] AH10244: invalid URI path (/cgi-bin/.%2e/.%2e/.%2e/.%2e/.%2e/.%2e/.%2e/.%2e/.%2e/.%2e/bin/sh)
[Tue Jan 13 14:49:10.503419 2026] [cgi:error] [pid 3604:tid 1004] [client 193.142.147.209:37226] AH02811: script not found or unable to stat: C:/lss/xampp/cgi-bin/luci
[Tue Jan 13 15:32:32.688296 2026] [cgi:error] [pid 3604:tid 1788] [client 89.42.231.200:47296] AH02811: script not found or unable to stat: C:/lss/xampp/cgi-bin/luci
[Tue Jan 13 17:09:50.739107 2026] [cgi:error] [pid 3604:tid 1788] [client 89.42.231.200:44616] AH02811: script not found or unable to stat: C:/lss/xampp/cgi-bin/luci
[Tue Jan 13 18:16:40.955981 2026] [cgi:error] [pid 3604:tid 1004] [client 89.42.231.200:50550] AH02811: script not found or unable to stat: C:/lss/xampp/cgi-bin/luci
[Tue Jan 13 19:43:32.601559 2026] [cgi:error] [pid 3604:tid 1704] [client 89.42.231.200:56056] AH02811: script not found or unable to stat: C:/lss/xampp/cgi-bin/luci
[Tue Jan 13 21:11:43.606953 2026] [cgi:error] [pid 3604:tid 1764] [client 89.42.231.200:34360] AH02811: script not found or unable to stat: C:/lss/xampp/cgi-bin/luci
[Tue Jan 13 22:23:00.897499 2026] [cgi:error] [pid 3604:tid 1004] [client 89.42.231.200:58812] AH02811: script not found or unable to stat: C:/lss/xampp/cgi-bin/luci
[Tue Jan 13 22:31:30.778996 2026] [core:error] [pid 3604:tid 1004] [client 5.180.96.139:48528] AH10244: invalid URI path (/cgi-bin/.%2e/.%2e/.%2e/.%2e/.%2e/.%2e/.%2e/.%2e/.%2e/.%2e/bin/sh)
[Tue Jan 13 22:31:51.610673 2026] [core:error] [pid 3604:tid 1004] [client 5.180.96.139:51488] AH10244: invalid URI path (/cgi-bin/.%2e/.%2e/.%2e/.%2e/.%2e/.%2e/.%2e/.%2e/.%2e/.%2e/bin/sh)
[Tue Jan 13 22:43:02.138484 2026] [core:error] [pid 3604:tid 1416] [client 101.36.107.228:59260] AH10244: invalid URI path (/cgi-bin/.%2e/.%2e/.%2e/.%2e/.%2e/.%2e/.%2e/.%2e/.%2e/.%2e/bin/sh)
[Tue Jan 13 23:46:07.035612 2026] [cgi:error] [pid 3604:tid 1208] [client 89.42.231.200:35716] AH02811: script not found or unable to stat: C:/lss/xampp/cgi-bin/luci
[Wed Jan 14 00:57:37.870823 2026] [cgi:error] [pid 3604:tid 1004] [client 89.42.231.200:49248] AH02811: script not found or unable to stat: C:/lss/xampp/cgi-bin/luci
[Wed Jan 14 02:04:38.982610 2026] [cgi:error] [pid 3604:tid 1952] [client 193.142.147.209:22664] AH02811: script not found or unable to stat: C:/lss/xampp/cgi-bin/luci
[Wed Jan 14 02:47:03.224967 2026] [php:error] [pid 3604:tid 1036] [client 172.70.216.105:10989] script 'C:/lss/xampp/htdocs/wp-login.php' not found or unable to stat, referer: sociallab.company
[Wed Jan 14 04:23:46.402855 2026] [php:error] [pid 3604:tid 1484] [client 185.67.33.207:24245] script 'C:/lss/xampp/htdocs/adminer.php' not found or unable to stat
[Wed Jan 14 04:55:34.113904 2026] [core:error] [pid 3604:tid 1484] [client 84.247.150.119:42214] AH10244: invalid URI path (/cgi-bin/.%2e/.%2e/.%2e/.%2e/.%2e/.%2e/.%2e/.%2e/.%2e/.%2e/bin/sh)
[Wed Jan 14 06:11:00.685274 2026] [php:error] [pid 3604:tid 1484] [client 78.153.140.177:45976] script 'C:/lss/xampp/htdocs/app_dev.php' not found or unable to stat
[Wed Jan 14 13:19:22.669902 2026] [core:error] [pid 3604:tid 1004] [client 103.207.99.1:60686] AH10244: invalid URI path (/cgi-bin/.%2e/.%2e/.%2e/.%2e/.%2e/.%2e/.%2e/.%2e/.%2e/.%2e/bin/sh)
[Wed Jan 14 13:53:41.084215 2026] [php:error] [pid 3604:tid 1004] [client 172.69.131.153:10087] script 'C:/lss/xampp/htdocs/xmlrpc.php' not found or unable to stat
[Wed Jan 14 15:12:18.278136 2026] [core:error] [pid 3604:tid 1500] [client 185.67.34.140:2115] AH10244: invalid URI path (/../../web.config)
[Wed Jan 14 17:01:58.420721 2026] [core:error] [pid 3604:tid 1852] [client 47.250.122.222:46594] AH10244: invalid URI path (/cgi-bin/.%2e/.%2e/.%2e/.%2e/.%2e/.%2e/.%2e/.%2e/.%2e/.%2e/bin/sh)
[Wed Jan 14 17:02:02.180571 2026] [core:error] [pid 3604:tid 1852] [client 47.250.122.222:35884] AH10244: invalid URI path (/cgi-bin/%%32%65%%32%65/%%32%65%%32%65/%%32%65%%32%65/%%32%65%%32%65/%%32%65%%32%65/%%32%65%%32%65/%%32%65%%32%65/bin/sh)
[Thu Jan 15 00:03:34.508522 2026] [php:error] [pid 3604:tid 1788] [client 159.223.96.80:39128] script 'C:/lss/xampp/htdocs/alive.php' not found or unable to stat
[Thu Jan 15 02:59:05.231811 2026] [cgi:error] [pid 3604:tid 1788] [client 95.214.55.71:56192] AH02811: script not found or unable to stat: C:/lss/xampp/cgi-bin/luci
[Thu Jan 15 10:16:41.927278 2026] [ssl:error] [pid 3604:tid 2024] [client 44.220.188.24:33476] AH02042: rejecting client initiated renegotiation
[Thu Jan 15 16:29:16.755074 2026] [php:error] [pid 3604:tid 1788] [client 104.23.216.31:14109] script 'C:/lss/xampp/htdocs/xmlrpc.php' not found or unable to stat
[Thu Jan 15 19:11:13.582184 2026] [core:error] [pid 3604:tid 1036] [client 84.247.128.226:42696] AH10244: invalid URI path (/cgi-bin/.%2e/.%2e/.%2e/.%2e/.%2e/.%2e/.%2e/.%2e/.%2e/.%2e/bin/sh)
[Fri Jan 16 06:49:17.245969 2026] [core:error] [pid 3604:tid 1868] (20024)The given path is misformatted or contained invalid characters: [client 104.23.170.49:10191] AH00127: Cannot map GET /%22/dashboard/javascripts/all.js%22 HTTP/1.1 to file
[Fri Jan 16 06:49:17.258047 2026] [core:error] [pid 3604:tid 1352] (20024)The given path is misformatted or contained invalid characters: [client 172.71.102.177:13810] AH00127: Cannot map GET /%22/dashboard/javascripts/modernizr.js%22 HTTP/1.1 to file
