[Sat Nov 29 18:07:47.751247 2025] [php:error] [pid 3604:tid 1492] [client 172.69.45.130:12748] script 'C:/lss/xampp/htdocs/xmlrpc.php' not found or unable to stat
[Sat Nov 29 19:57:55.311185 2025] [php:warn] [pid 3604:tid 1536] [client 64.225.101.102:3007] PHP Warning: Undefined array key "HTTP_HOST" in C:\\lss\\xampp\\htdocs\\index.php on line 7
[Sat Nov 29 19:57:56.072979 2025] [php:warn] [pid 3604:tid 1536] [client 64.225.101.102:14767] PHP Warning: Undefined array key "HTTP_HOST" in C:\\lss\\xampp\\htdocs\\index.php on line 7
[Sat Nov 29 20:08:59.333199 2025] [core:error] [pid 3604:tid 1476] [client 45.171.255.203:42568] AH10244: invalid URI path (/cgi-bin/.%2e/.%2e/.%2e/.%2e/.%2e/.%2e/.%2e/.%2e/.%2e/.%2e/bin/sh)
[Sat Nov 29 20:32:20.430508 2025] [core:error] [pid 3604:tid 1884] [client 64.227.97.118:49018] AH10244: invalid URI path (/cgi-bin/.%2e/.%2e/.%2e/.%2e/.%2e/.%2e/.%2e/.%2e/.%2e/.%2e/bin/sh)
[Sat Nov 29 22:17:28.467682 2025] [cgi:error] [pid 3604:tid 1860] [client 123.143.114.188:58382] malformed header from script 'php-cgi.exe': Bad header: Security Alert! The PHP
[Sat Nov 29 22:17:30.166962 2025] [php:error] [pid 3604:tid 1860] [client 123.143.114.188:58402] script 'C:/lss/xampp/htdocs/test.php' not found or unable to stat
[Sat Nov 29 22:46:40.650933 2025] [core:error] [pid 3604:tid 1704] [client 45.142.193.171:33446] AH10244: invalid URI path (/cgi-bin/.%2e/.%2e/.%2e/.%2e/.%2e/.%2e/.%2e/.%2e/.%2e/.%2e/bin/sh)
[Sat Nov 29 23:32:44.555022 2025] [php:warn] [pid 3604:tid 1860] [client 172.104.30.66:33430] PHP Warning: Undefined array key "HTTP_HOST" in C:\\lss\\xampp\\htdocs\\index.php on line 7
[Sun Nov 30 01:23:08.865650 2025] [core:error] [pid 3604:tid 1884] [client 42.224.67.94:57702] AH10244: invalid URI path (/cgi-bin/.%2e/.%2e/.%2e/.%2e/.%2e/.%2e/.%2e/.%2e/.%2e/.%2e/bin/sh)
[Sun Nov 30 01:28:37.411090 2025] [php:error] [pid 3604:tid 1552] [client 172.71.119.20:12541] script 'C:/lss/xampp/htdocs/config.php' not found or unable to stat
[Sun Nov 30 01:28:38.034764 2025] [php:error] [pid 3604:tid 1704] [client 172.68.151.119:14331] script 'C:/lss/xampp/htdocs/phpinfo.php' not found or unable to stat
[Sun Nov 30 01:28:38.115785 2025] [php:error] [pid 3604:tid 1536] [client 104.23.225.32:13871] script 'C:/lss/xampp/htdocs/info.php' not found or unable to stat
[Sun Nov 30 01:28:38.313407 2025] [php:error] [pid 3604:tid 1624] [client 172.71.232.153:11209] script 'C:/lss/xampp/htdocs/phpversion.php' not found or unable to stat
[Sun Nov 30 01:28:38.383648 2025] [php:error] [pid 3604:tid 1552] [client 172.71.119.20:12541] script 'C:/lss/xampp/htdocs/test.php' not found or unable to stat
[Sun Nov 30 01:28:38.659195 2025] [php:error] [pid 3604:tid 1552] [client 172.71.119.20:12541] script 'C:/lss/xampp/htdocs/admin.php' not found or unable to stat
[Sun Nov 30 01:28:39.996929 2025] [php:error] [pid 3604:tid 1492] [client 141.101.95.76:9610] script 'C:/lss/xampp/htdocs/mailgun.php' not found or unable to stat
[Sun Nov 30 01:28:40.309775 2025] [php:error] [pid 3604:tid 1552] [client 172.71.119.20:12541] script 'C:/lss/xampp/htdocs/sendgrid.php' not found or unable to stat
[Sun Nov 30 01:28:40.682399 2025] [php:error] [pid 3604:tid 1520] [client 172.69.223.151:13542] script 'C:/lss/xampp/htdocs/brevo.php' not found or unable to stat
[Sun Nov 30 05:13:58.987125 2025] [php:error] [pid 3604:tid 1660] [client 172.68.164.118:12895] script 'C:/lss/xampp/htdocs/wp-login.php' not found or unable to stat
[Sun Nov 30 06:40:12.074447 2025] [php:error] [pid 3604:tid 1552] [client 78.153.140.179:37098] script 'C:/lss/xampp/htdocs/app_dev.php' not found or unable to stat
[Sun Nov 30 06:51:28.112286 2025] [php:error] [pid 3604:tid 1536] [client 204.76.203.30:45320] script 'C:/lss/xampp/htdocs/app_dev.php' not found or unable to stat
[Sun Nov 30 06:52:00.468649 2025] [php:error] [pid 3604:tid 1536] [client 204.76.203.30:41512] script 'C:/lss/xampp/htdocs/phpinfos.php' not found or unable to stat
[Sun Nov 30 08:37:37.964504 2025] [core:error] [pid 3604:tid 1660] [client 143.14.121.41:37308] AH10244: invalid URI path (/cgi-bin/.%2e/.%2e/.%2e/.%2e/.%2e/.%2e/.%2e/.%2e/.%2e/.%2e/bin/sh)
[Sun Nov 30 12:25:56.592922 2025] [core:error] [pid 3604:tid 1908] [client 139.9.25.4:42312] AH10244: invalid URI path (/cgi-bin/.%2e/.%2e/.%2e/.%2e/.%2e/.%2e/.%2e/.%2e/.%2e/.%2e/bin/sh)
[Sun Nov 30 12:25:57.510213 2025] [core:error] [pid 3604:tid 1908] [client 139.9.25.4:51618] AH10244: invalid URI path (/cgi-bin/%%32%65%%32%65/%%32%65%%32%65/%%32%65%%32%65/%%32%65%%32%65/%%32%65%%32%65/%%32%65%%32%65/%%32%65%%32%65/bin/sh)
[Sun Nov 30 15:39:52.317215 2025] [core:error] [pid 3604:tid 1536] [client 216.108.237.50:57400] AH10244: invalid URI path (/cgi-bin/.%2e/.%2e/.%2e/.%2e/.%2e/.%2e/.%2e/.%2e/.%2e/.%2e/bin/sh)
[Sun Nov 30 17:45:25.035964 2025] [cgi:error] [pid 3604:tid 1552] [client 193.34.213.150:35574] AH02811: script not found or unable to stat: C:/lss/xampp/cgi-bin/luci
[Sun Nov 30 18:29:02.224422 2025] [mpm_winnt:error] [pid 3604:tid 4672] AH00326: Server ran out of threads to serve requests. Consider raising the ThreadsPerChild setting
[Sun Nov 30 18:34:07.464272 2025] [php:error] [pid 3604:tid 1308] [client 172.70.108.228:9873] script 'C:/lss/xampp/htdocs/xmlrpc.php' not found or unable to stat
[Mon Dec 01 03:49:30.546396 2025] [php:warn] [pid 3604:tid 1480] [client 172.234.231.96:4890] PHP Warning: Undefined array key "HTTP_HOST" in C:\\lss\\xampp\\htdocs\\index.php on line 7
[Mon Dec 01 11:42:26.030016 2025] [core:error] [pid 3604:tid 1204] [client 185.215.164.205:54666] AH10244: invalid URI path (/cgi-bin/.%2e/.%2e/.%2e/.%2e/.%2e/.%2e/.%2e/.%2e/.%2e/.%2e/bin/sh)
[Mon Dec 01 15:22:11.554096 2025] [php:error] [pid 3604:tid 1480] [client 78.153.140.203:36300] script 'C:/lss/xampp/htdocs/app_dev.php' not found or unable to stat
[Mon Dec 01 16:31:53.177487 2025] [php:error] [pid 3604:tid 1904] [client 162.159.122.191:11078] script 'C:/lss/xampp/htdocs/xmlrpc.php' not found or unable to stat
[Mon Dec 01 22:33:42.319496 2025] [php:error] [pid 3604:tid 1124] [client 35.216.140.3:60940] script 'C:/lss/xampp/htdocs/info.php' not found or unable to stat
[Mon Dec 01 22:33:42.992384 2025] [authz_core:error] [pid 3604:tid 1124] [client 35.216.140.3:60952] AH01630: client denied by server configuration: C:/lss/xampp/htdocs/server-status
[Mon Dec 01 22:45:11.227564 2025] [php:error] [pid 3604:tid 1944] [client 172.68.218.155:10975] script 'C:/lss/xampp/htdocs/wp-login.php' not found or unable to stat
[Tue Dec 02 04:05:26.118618 2025] [php:error] [pid 3604:tid 1452] [client 172.71.96.140:13539] script 'C:/lss/xampp/htdocs/wp-login.php' not found or unable to stat
[Tue Dec 02 09:30:45.461497 2025] [php:error] [pid 3604:tid 1764] [client 104.22.10.43:12546] script 'C:/lss/xampp/htdocs/phpinfo.php' not found or unable to stat
[Tue Dec 02 09:30:45.725634 2025] [php:error] [pid 3604:tid 1764] [client 104.22.10.43:12546] script 'C:/lss/xampp/htdocs/info.php' not found or unable to stat
[Tue Dec 02 09:30:46.009390 2025] [php:error] [pid 3604:tid 1764] [client 104.22.10.43:12546] script 'C:/lss/xampp/htdocs/php_info.php' not found or unable to stat
[Tue Dec 02 09:30:46.527170 2025] [php:error] [pid 3604:tid 1764] [client 104.22.10.43:12546] script 'C:/lss/xampp/htdocs/test.php' not found or unable to stat
[Tue Dec 02 09:30:46.781684 2025] [php:error] [pid 3604:tid 1764] [client 104.22.10.43:12546] script 'C:/lss/xampp/htdocs/info1.php' not found or unable to stat
[Tue Dec 02 09:30:47.040493 2025] [php:error] [pid 3604:tid 1764] [client 104.22.10.43:12546] script 'C:/lss/xampp/htdocs/info2.php' not found or unable to stat
[Tue Dec 02 09:30:47.307318 2025] [php:error] [pid 3604:tid 1764] [client 104.22.10.43:12546] script 'C:/lss/xampp/htdocs/info3.php' not found or unable to stat
[Tue Dec 02 09:30:47.582212 2025] [php:error] [pid 3604:tid 1764] [client 104.22.10.43:12546] script 'C:/lss/xampp/htdocs/php.php' not found or unable to stat
[Tue Dec 02 09:30:47.836112 2025] [php:error] [pid 3604:tid 1764] [client 104.22.10.43:12546] script 'C:/lss/xampp/htdocs/pi.php' not found or unable to stat
[Tue Dec 02 09:30:48.098310 2025] [php:error] [pid 3604:tid 1764] [client 104.22.10.43:12546] script 'C:/lss/xampp/htdocs/i.php' not found or unable to stat
[Tue Dec 02 09:30:48.355204 2025] [php:error] [pid 3604:tid 1764] [client 104.22.10.43:12546] script 'C:/lss/xampp/htdocs/phpversion.php' not found or unable to stat
[Tue Dec 02 09:30:48.620392 2025] [php:error] [pid 3604:tid 1764] [client 104.22.10.43:12546] script 'C:/lss/xampp/htdocs/php_version.php' not found or unable to stat
[Tue Dec 02 09:30:48.872552 2025] [php:error] [pid 3604:tid 1764] [client 104.22.10.43:12546] script 'C:/lss/xampp/htdocs/serverinfo.php' not found or unable to stat
[Tue Dec 02 09:30:49.128414 2025] [php:error] [pid 3604:tid 1764] [client 104.22.10.43:12546] script 'C:/lss/xampp/htdocs/server.php' not found or unable to stat
[Tue Dec 02 09:30:49.382397 2025] [php:error] [pid 3604:tid 1764] [client 104.22.10.43:12546] script 'C:/lss/xampp/htdocs/debug.php' not found or unable to stat
[Tue Dec 02 09:30:49.655387 2025] [php:error] [pid 3604:tid 1764] [client 104.22.10.43:12546] script 'C:/lss/xampp/htdocs/diagnostic.php' not found or unable to stat
[Tue Dec 02 09:30:49.928933 2025] [php:error] [pid 3604:tid 1764] [client 104.22.10.43:12546] script 'C:/lss/xampp/htdocs/phptest.php' not found or unable to stat
[Tue Dec 02 09:30:50.181413 2025] [php:error] [pid 3604:tid 1764] [client 104.22.10.43:12546] script 'C:/lss/xampp/htdocs/check.php' not found or unable to stat
[Tue Dec 02 09:30:50.444587 2025] [php:error] [pid 3604:tid 1764] [client 104.22.10.43:12546] script 'C:/lss/xampp/htdocs/probe.php' not found or unable to stat
[Tue Dec 02 09:30:50.952809 2025] [php:error] [pid 3604:tid 1764] [client 104.22.10.43:12546] script 'C:/lss/xampp/htdocs/1.php' not found or unable to stat
[Tue Dec 02 09:30:51.205802 2025] [php:error] [pid 3604:tid 1764] [client 104.22.10.43:12546] script 'C:/lss/xampp/htdocs/2.php' not found or unable to stat
[Tue Dec 02 09:30:51.463993 2025] [php:error] [pid 3604:tid 1764] [client 104.22.10.43:12546] script 'C:/lss/xampp/htdocs/3.php' not found or unable to stat
[Tue Dec 02 09:30:51.717933 2025] [php:error] [pid 3604:tid 1764] [client 104.22.10.43:12546] script 'C:/lss/xampp/htdocs/p.php' not found or unable to stat
[Tue Dec 02 09:30:51.972831 2025] [php:error] [pid 3604:tid 1764] [client 104.22.10.43:12546] script 'C:/lss/xampp/htdocs/t.php' not found or unable to stat
[Tue Dec 02 09:30:52.249592 2025] [php:error] [pid 3604:tid 1764] [client 104.22.10.43:12546] script 'C:/lss/xampp/htdocs/info_php.php' not found or unable to stat
[Tue Dec 02 09:30:52.504288 2025] [php:error] [pid 3604:tid 1764] [client 104.22.10.43:12546] script 'C:/lss/xampp/htdocs/php-info.php' not found or unable to stat
[Tue Dec 02 09:30:52.760806 2025] [php:error] [pid 3604:tid 1764] [client 104.22.10.43:12546] script 'C:/lss/xampp/htdocs/infophp.php' not found or unable to stat
[Tue Dec 02 09:30:53.015660 2025] [php:error] [pid 3604:tid 1764] [client 104.22.10.43:12546] script 'C:/lss/xampp/htdocs/testphp.php' not found or unable to stat
[Tue Dec 02 09:31:25.012680 2025] [php:error] [pid 3604:tid 1764] [client 104.22.10.43:14068] script 'C:/lss/xampp/htdocs/configuration.php' not found or unable to stat
[Tue Dec 02 09:52:53.931968 2025] [php:error] [pid 3604:tid 1764] [client 172.69.159.161:11202] script 'C:/lss/xampp/htdocs/wp-login.php' not found or unable to stat
[Tue Dec 02 10:12:16.906767 2025] [php:warn] [pid 3604:tid 2012] [client 45.79.190.208:49510] PHP Warning: Undefined array key "HTTP_HOST" in C:\\lss\\xampp\\htdocs\\index.php on line 7
[Tue Dec 02 13:06:58.760738 2025] [php:warn] [pid 3604:tid 2016] [client 185.67.33.247:41303] PHP Warning: Undefined array key "HTTP_HOST" in C:\\lss\\xampp\\htdocs\\index.php on line 7
[Tue Dec 02 13:06:59.682168 2025] [php:warn] [pid 3604:tid 2016] [client 185.67.33.247:41307] PHP Warning: Undefined array key "HTTP_HOST" in C:\\lss\\xampp\\htdocs\\index.php on line 7
[Tue Dec 02 13:07:02.681616 2025] [php:warn] [pid 3604:tid 1188] [client 185.67.33.247:41316] PHP Warning: Undefined array key "HTTP_HOST" in C:\\lss\\xampp\\htdocs\\index.php on line 7
[Tue Dec 02 13:56:45.844756 2025] [php:error] [pid 3604:tid 1764] [client 162.158.116.47:12359] script 'C:/lss/xampp/htdocs/xmlrpc.php' not found or unable to stat
[Tue Dec 02 13:58:47.030755 2025] [php:error] [pid 3604:tid 1764] [client 172.68.47.130:13230] script 'C:/lss/xampp/htdocs/xmlrpc.php' not found or unable to stat
[Tue Dec 02 14:35:42.921762 2025] [php:warn] [pid 3604:tid 1764] [client 185.67.33.247:41451] PHP Warning: Undefined array key "HTTP_HOST" in C:\\lss\\xampp\\htdocs\\index.php on line 7
[Tue Dec 02 14:35:43.283710 2025] [php:warn] [pid 3604:tid 1500] [client 185.67.33.247:41456] PHP Warning: Undefined array key "HTTP_HOST" in C:\\lss\\xampp\\htdocs\\index.php on line 7
[Tue Dec 02 15:40:10.209491 2025] [cgi:error] [pid 3604:tid 952] [client 149.50.96.133:34340] AH02811: script not found or unable to stat: C:/lss/xampp/cgi-bin/luci
[Tue Dec 02 23:02:41.784736 2025] [core:error] [pid 3604:tid 1500] (20024)The given path is misformatted or contained invalid characters: [client 172.71.182.184:12083] AH00127: Cannot map GET /%22/dashboard/javascripts/all.js%22 HTTP/1.1 to file
[Tue Dec 02 23:02:42.371839 2025] [core:error] [pid 3604:tid 1996] (20024)The given path is misformatted or contained invalid characters: [client 104.23.166.104:13895] AH00127: Cannot map GET /%22/code.jquery.com/jquery-1.10.2.min.js%22 HTTP/1.1 to file
[Tue Dec 02 23:02:44.446596 2025] [core:error] [pid 3604:tid 1500] (20024)The given path is misformatted or contained invalid characters: [client 172.71.182.184:12083] AH00127: Cannot map GET /%22/dashboard/javascripts/modernizr.js%22 HTTP/1.1 to file
[Wed Dec 03 05:16:05.370483 2025] [php:error] [pid 3604:tid 896] [client 185.67.33.218:10106] script 'C:/lss/xampp/htdocs/adminer.php' not found or unable to stat
[Wed Dec 03 06:08:44.533959 2025] [cgi:error] [pid 3604:tid 1996] [client 123.143.114.188:34468] malformed header from script 'php-cgi.exe': Bad header: Security Alert! The PHP
[Wed Dec 03 06:08:46.321308 2025] [php:error] [pid 3604:tid 1996] [client 123.143.114.188:42940] script 'C:/lss/xampp/htdocs/test.php' not found or unable to stat
[Wed Dec 03 06:50:32.543558 2025] [cgi:error] [pid 3604:tid 896] [client 193.34.213.150:52878] AH02811: script not found or unable to stat: C:/lss/xampp/cgi-bin/luci
[Wed Dec 03 07:31:11.763892 2025] [php:error] [pid 3604:tid 1500] [client 162.158.138.7:12362] script 'C:/lss/xampp/htdocs/phpinfo.php' not found or unable to stat
[Wed Dec 03 07:31:12.632542 2025] [php:error] [pid 3604:tid 1980] [client 141.101.84.243:12438] script 'C:/lss/xampp/htdocs/info.php' not found or unable to stat
[Wed Dec 03 07:31:12.964114 2025] [php:error] [pid 3604:tid 1500] [client 162.158.138.7:12362] script 'C:/lss/xampp/htdocs/php_info.php' not found or unable to stat
[Wed Dec 03 07:31:14.123415 2025] [php:error] [pid 3604:tid 896] [client 172.71.110.166:10282] script 'C:/lss/xampp/htdocs/test.php' not found or unable to stat
[Wed Dec 03 07:31:14.428773 2025] [php:error] [pid 3604:tid 1500] [client 162.158.138.7:12362] script 'C:/lss/xampp/htdocs/info1.php' not found or unable to stat
[Wed Dec 03 07:31:14.733701 2025] [php:error] [pid 3604:tid 1980] [client 141.101.84.243:12438] script 'C:/lss/xampp/htdocs/info2.php' not found or unable to stat
[Wed Dec 03 07:31:15.040898 2025] [php:error] [pid 3604:tid 896] [client 172.71.110.166:10282] script 'C:/lss/xampp/htdocs/info3.php' not found or unable to stat
[Wed Dec 03 07:31:15.344353 2025] [php:error] [pid 3604:tid 1500] [client 162.158.138.7:12362] script 'C:/lss/xampp/htdocs/php.php' not found or unable to stat
[Wed Dec 03 07:31:15.655091 2025] [php:error] [pid 3604:tid 1500] [client 162.158.138.7:12362] script 'C:/lss/xampp/htdocs/pi.php' not found or unable to stat
[Wed Dec 03 07:31:15.958882 2025] [php:error] [pid 3604:tid 896] [client 172.71.110.166:10282] script 'C:/lss/xampp/htdocs/i.php' not found or unable to stat
[Wed Dec 03 07:31:16.268667 2025] [php:error] [pid 3604:tid 1500] [client 162.158.138.7:12362] script 'C:/lss/xampp/htdocs/phpversion.php' not found or unable to stat
[Wed Dec 03 07:31:16.579975 2025] [php:error] [pid 3604:tid 896] [client 172.71.110.166:10282] script 'C:/lss/xampp/htdocs/php_version.php' not found or unable to stat
[Wed Dec 03 07:31:16.891358 2025] [php:error] [pid 3604:tid 896] [client 172.71.110.166:10282] script 'C:/lss/xampp/htdocs/serverinfo.php' not found or unable to stat
[Wed Dec 03 07:31:17.191497 2025] [php:error] [pid 3604:tid 896] [client 172.71.110.166:10282] script 'C:/lss/xampp/htdocs/server.php' not found or unable to stat
[Wed Dec 03 07:31:17.492450 2025] [php:error] [pid 3604:tid 1500] [client 162.158.138.7:12362] script 'C:/lss/xampp/htdocs/debug.php' not found or unable to stat
[Wed Dec 03 07:31:17.795188 2025] [php:error] [pid 3604:tid 1980] [client 141.101.84.243:12438] script 'C:/lss/xampp/htdocs/diagnostic.php' not found or unable to stat
[Wed Dec 03 07:31:18.101193 2025] [php:error] [pid 3604:tid 1500] [client 162.158.138.7:12362] script 'C:/lss/xampp/htdocs/phptest.php' not found or unable to stat
[Wed Dec 03 07:31:18.396136 2025] [php:error] [pid 3604:tid 1500] [client 162.158.138.7:12362] script 'C:/lss/xampp/htdocs/check.php' not found or unable to stat
[Wed Dec 03 07:31:18.694013 2025] [php:error] [pid 3604:tid 896] [client 172.71.110.166:10282] script 'C:/lss/xampp/htdocs/probe.php' not found or unable to stat
[Wed Dec 03 07:31:19.294255 2025] [php:error] [pid 3604:tid 1500] [client 162.158.138.7:12362] script 'C:/lss/xampp/htdocs/1.php' not found or unable to stat
[Wed Dec 03 07:31:19.630930 2025] [php:error] [pid 3604:tid 896] [client 172.71.110.166:10282] script 'C:/lss/xampp/htdocs/2.php' not found or unable to stat
[Wed Dec 03 07:31:19.956997 2025] [php:error] [pid 3604:tid 896] [client 172.71.110.166:10282] script 'C:/lss/xampp/htdocs/3.php' not found or unable to stat
[Wed Dec 03 07:31:20.279828 2025] [php:error] [pid 3604:tid 1500] [client 162.158.138.7:12362] script 'C:/lss/xampp/htdocs/p.php' not found or unable to stat
[Wed Dec 03 07:31:20.589194 2025] [php:error] [pid 3604:tid 896] [client 172.71.110.166:10282] script 'C:/lss/xampp/htdocs/t.php' not found or unable to stat
[Wed Dec 03 07:31:20.882543 2025] [php:error] [pid 3604:tid 896] [client 172.71.110.166:10282] script 'C:/lss/xampp/htdocs/info_php.php' not found or unable to stat
[Wed Dec 03 07:31:21.185177 2025] [php:error] [pid 3604:tid 896] [client 172.71.110.166:10282] script 'C:/lss/xampp/htdocs/php-info.php' not found or unable to stat
[Wed Dec 03 07:31:21.492310 2025] [php:error] [pid 3604:tid 896] [client 172.71.110.166:10282] script 'C:/lss/xampp/htdocs/infophp.php' not found or unable to stat
[Wed Dec 03 07:31:21.820677 2025] [php:error] [pid 3604:tid 1980] [client 141.101.84.243:12438] script 'C:/lss/xampp/htdocs/testphp.php' not found or unable to stat
[Wed Dec 03 07:31:57.768189 2025] [php:error] [pid 3604:tid 896] [client 172.71.110.166:10282] script 'C:/lss/xampp/htdocs/configuration.php' not found or unable to stat
[Wed Dec 03 09:18:48.755605 2025] [authz_core:error] [pid 3604:tid 896] [client 104.23.190.61:11544] AH01630: client denied by server configuration: C:/lss/xampp/phpMyAdmin/
[Wed Dec 03 09:18:48.758612 2025] [core:error] [pid 3604:tid 1500] (20024)The given path is misformatted or contained invalid characters: [client 162.158.62.102:13978] AH00127: Cannot map GET /dashboard/https%3A/community.apachefriends.org HTTP/1.1 to file
[Wed Dec 03 09:18:49.010377 2025] [core:error] [pid 3604:tid 1764] (20024)The given path is misformatted or contained invalid characters: [client 172.70.230.103:11696] AH00127: Cannot map GET /dashboard/https%3A/twitter.com/apachefriends HTTP/1.1 to file
[Wed Dec 03 09:18:49.017372 2025] [core:error] [pid 3604:tid 952] (20024)The given path is misformatted or contained invalid characters: [client 172.70.111.106:12974] AH00127: Cannot map GET /dashboard/https%3A/www.apachefriends.org/blog.html HTTP/1.1 to file
[Wed Dec 03 09:18:49.037381 2025] [core:error] [pid 3604:tid 1624] (20024)The given path is misformatted or contained invalid characters: [client 104.23.187.147:12521] AH00127: Cannot map GET /dashboard/http%3A/www.fastly.com/ HTTP/1.1 to file
[Wed Dec 03 09:18:49.082237 2025] [core:error] [pid 3604:tid 1700] (20024)The given path is misformatted or contained invalid characters: [client 162.158.155.101:11220] AH00127: Cannot map GET /dashboard/https%3A/www.facebook.com/we.are.xampp HTTP/1.1 to file
[Wed Dec 03 10:05:14.649371 2025] [authz_core:error] [pid 3604:tid 1764] [client 172.71.203.104:11120] AH01630: client denied by server configuration: C:/lss/xampp/phpMyAdmin/
[Wed Dec 03 10:05:14.767501 2025] [core:error] [pid 3604:tid 1500] (20024)The given path is misformatted or contained invalid characters: [client 162.159.119.19:10051] AH00127: Cannot map GET /dashboard/https%3A/community.apachefriends.org HTTP/1.1 to file
[Wed Dec 03 10:05:14.784508 2025] [core:error] [pid 3604:tid 1716] (20024)The given path is misformatted or contained invalid characters: [client 104.23.187.146:9296] AH00127: Cannot map GET /dashboard/https%3A/twitter.com/apachefriends HTTP/1.1 to file
[Wed Dec 03 10:05:14.949792 2025] [core:error] [pid 3604:tid 896] (20024)The given path is misformatted or contained invalid characters: [client 162.158.62.90:10256] AH00127: Cannot map GET /dashboard/https%3A/www.facebook.com/we.are.xampp HTTP/1.1 to file
[Wed Dec 03 10:05:15.040300 2025] [core:error] [pid 3604:tid 1208] (20024)The given path is misformatted or contained invalid characters: [client 162.158.155.102:14009] AH00127: Cannot map GET /dashboard/https%3A/www.apachefriends.org/blog.html HTTP/1.1 to file
[Wed Dec 03 10:05:15.064787 2025] [core:error] [pid 3604:tid 1764] (20024)The given path is misformatted or contained invalid characters: [client 172.71.203.104:11120] AH00127: Cannot map GET /dashboard/http%3A/www.fastly.com/ HTTP/1.1 to file
[Wed Dec 03 11:21:50.158197 2025] [php:error] [pid 3604:tid 1996] [client 104.23.176.14:11905] script 'C:/lss/xampp/htdocs/xmlrpc.php' not found or unable to stat
[Wed Dec 03 12:02:53.002705 2025] [cgi:error] [pid 3604:tid 1996] [client 218.252.242.98:16623] malformed header from script 'php-cgi.exe': Bad header: Security Alert! The PHP
[Wed Dec 03 12:02:55.072424 2025] [cgi:error] [pid 3604:tid 1996] [client 218.252.242.98:14983] malformed header from script 'php-cgi.exe': Bad header: Security Alert! The PHP
[Wed Dec 03 12:02:59.822634 2025] [cgi:error] [pid 3604:tid 1996] [client 218.252.242.98:2567] malformed header from script 'php-cgi.exe': Bad header: Security Alert! The PHP
[Wed Dec 03 12:03:01.620310 2025] [cgi:error] [pid 3604:tid 1996] [client 218.252.242.98:19907] malformed header from script 'php-cgi.exe': Bad header: Security Alert! The PHP
[Wed Dec 03 12:03:03.551979 2025] [cgi:error] [pid 3604:tid 1996] [client 218.252.242.98:1879] malformed header from script 'php-cgi.exe': Bad header: Security Alert! The PHP
[Wed Dec 03 12:03:05.196966 2025] [cgi:error] [pid 3604:tid 1996] [client 218.252.242.98:6563] AH02811: script not found or unable to stat: C:/lss/xampp/cgi-bin/php-cgi.exe
[Wed Dec 03 12:03:05.625822 2025] [cgi:error] [pid 3604:tid 1996] [client 218.252.242.98:6563] AH02811: script not found or unable to stat: C:/lss/xampp/cgi-bin/php-cgi.exe
[Wed Dec 03 12:03:06.044858 2025] [cgi:error] [pid 3604:tid 1996] [client 218.252.242.98:6563] AH02811: script not found or unable to stat: C:/lss/xampp/cgi-bin/php-cgi.exe
[Wed Dec 03 12:03:06.516905 2025] [cgi:error] [pid 3604:tid 1996] [client 218.252.242.98:6563] AH02811: script not found or unable to stat: C:/lss/xampp/cgi-bin/php-cgi.exe
[Wed Dec 03 12:03:07.169550 2025] [cgi:error] [pid 3604:tid 1996] [client 218.252.242.98:6563] AH02811: script not found or unable to stat: C:/lss/xampp/cgi-bin/php-cgi.exe
[Wed Dec 03 12:03:07.685370 2025] [cgi:error] [pid 3604:tid 1996] [client 218.252.242.98:6563] AH02811: script not found or unable to stat: C:/lss/xampp/cgi-bin/php-cgi.exe
[Wed Dec 03 12:20:39.135425 2025] [php:error] [pid 3604:tid 896] [client 172.71.127.127:11437] script 'C:/lss/xampp/htdocs/phpinfo.php' not found or unable to stat
[Wed Dec 03 12:20:39.217416 2025] [php:error] [pid 3604:tid 1996] [client 172.71.232.153:12848] script 'C:/lss/xampp/htdocs/info.php' not found or unable to stat
[Wed Dec 03 12:20:39.402797 2025] [php:error] [pid 3604:tid 1376] [client 104.23.225.32:13137] script 'C:/lss/xampp/htdocs/phpversion.php' not found or unable to stat
[Wed Dec 03 12:20:39.475785 2025] [php:error] [pid 3604:tid 1208] [client 172.71.130.158:12306] script 'C:/lss/xampp/htdocs/test.php' not found or unable to stat
[Wed Dec 03 12:20:39.548024 2025] [php:error] [pid 3604:tid 1208] [client 172.71.130.158:12306] script 'C:/lss/xampp/htdocs/admin.php' not found or unable to stat
[Wed Dec 03 12:20:39.848586 2025] [php:error] [pid 3604:tid 952] [client 172.69.223.152:11907] script 'C:/lss/xampp/htdocs/config.php' not found or unable to stat
[Wed Dec 03 12:20:39.924620 2025] [php:error] [pid 3604:tid 896] [client 172.71.127.127:11437] script 'C:/lss/xampp/htdocs/.env.php' not found or unable to stat
[Wed Dec 03 12:20:40.007948 2025] [php:error] [pid 3604:tid 896] [client 172.71.127.127:11437] script 'C:/lss/xampp/htdocs/secrets.php' not found or unable to stat
[Wed Dec 03 12:33:32.945927 2025] [php:error] [pid 3604:tid 896] [client 162.158.119.246:13170] script 'C:/lss/xampp/htdocs/wp-login.php' not found or unable to stat
[Wed Dec 03 21:44:07.762050 2025] [cgi:error] [pid 3604:tid 1912] [client 193.34.213.150:39376] AH02811: script not found or unable to stat: C:/lss/xampp/cgi-bin/luci
[Wed Dec 03 22:17:46.553800 2025] [core:error] [pid 3604:tid 1520] [client 139.9.25.4:41370] AH10244: invalid URI path (/cgi-bin/.%2e/.%2e/.%2e/.%2e/.%2e/.%2e/.%2e/.%2e/.%2e/.%2e/bin/sh)
[Wed Dec 03 23:28:17.884138 2025] [cgi:error] [pid 3604:tid 1912] [client 123.143.114.188:49500] malformed header from script 'php-cgi.exe': Bad header: Security Alert! The PHP
[Wed Dec 03 23:28:19.615080 2025] [php:error] [pid 3604:tid 1912] [client 123.143.114.188:49526] script 'C:/lss/xampp/htdocs/test.php' not found or unable to stat
[Thu Dec 04 05:08:24.557974 2025] [core:error] [pid 3604:tid 1912] [client 192.210.160.141:57656] AH10244: invalid URI path (/cgi-bin/.%2e/.%2e/.%2e/.%2e/.%2e/.%2e/.%2e/.%2e/.%2e/.%2e/bin/sh)
[Thu Dec 04 08:32:37.603450 2025] [cgi:error] [pid 3604:tid 1600] [client 123.143.114.188:35292] malformed header from script 'php-cgi.exe': Bad header: Security Alert! The PHP
[Thu Dec 04 08:32:39.224768 2025] [php:error] [pid 3604:tid 1600] [client 123.143.114.188:35314] script 'C:/lss/xampp/htdocs/test.php' not found or unable to stat
[Thu Dec 04 09:08:32.450259 2025] [authz_core:error] [pid 3604:tid 1520] [client 172.69.194.105:11352] AH01630: client denied by server configuration: C:/lss/xampp/phpMyAdmin/
[Thu Dec 04 10:47:01.746180 2025] [php:error] [pid 3604:tid 1208] [client 178.128.45.213:34850] script 'C:/lss/xampp/htdocs/alive.php' not found or unable to stat
[Thu Dec 04 12:00:37.815234 2025] [core:error] [pid 3604:tid 1992] [client 152.32.247.133:26214] AH10244: invalid URI path (/cgi-bin/.%2e/.%2e/.%2e/.%2e/.%2e/.%2e/.%2e/.%2e/.%2e/.%2e/bin/sh)
[Thu Dec 04 15:30:35.260945 2025] [php:error] [pid 3604:tid 1992] [client 172.69.159.160:12148] script 'C:/lss/xampp/htdocs/wp-login.php' not found or unable to stat
[Thu Dec 04 19:45:18.650087 2025] [php:error] [pid 3604:tid 1692] [client 172.70.115.11:13127] script 'C:/lss/xampp/htdocs/wp-login.php' not found or unable to stat
[Fri Dec 05 01:18:27.009030 2025] [cgi:error] [pid 3604:tid 1764] [client 123.143.114.188:45374] malformed header from script 'php-cgi.exe': Bad header: Security Alert! The PHP
[Fri Dec 05 01:18:30.473330 2025] [php:error] [pid 3604:tid 1764] [client 123.143.114.188:45388] script 'C:/lss/xampp/htdocs/test.php' not found or unable to stat
[Fri Dec 05 02:11:50.476104 2025] [core:error] [pid 3604:tid 1912] [client 173.224.125.59:30689] AH10244: invalid URI path (/cgi-bin/.%2e/.%2e/.%2e/.%2e/.%2e/.%2e/.%2e/.%2e/.%2e/.%2e/bin/sh)
[Fri Dec 05 06:27:22.860080 2025] [php:error] [pid 3604:tid 1652] [client 172.71.82.135:9480] script 'C:/lss/xampp/htdocs/xmlrpc.php' not found or unable to stat
[Fri Dec 05 06:27:32.638486 2025] [php:error] [pid 3604:tid 1652] [client 172.70.208.146:12427] script 'C:/lss/xampp/htdocs/xmlrpc.php' not found or unable to stat
[Fri Dec 05 17:12:52.410174 2025] [cgi:error] [pid 3604:tid 896] [client 123.143.114.188:52010] malformed header from script 'php-cgi.exe': Bad header: Security Alert! The PHP
[Fri Dec 05 17:12:54.044943 2025] [php:error] [pid 3604:tid 896] [client 123.143.114.188:52034] script 'C:/lss/xampp/htdocs/test.php' not found or unable to stat
[Fri Dec 05 19:37:27.702996 2025] [ssl:error] [pid 3604:tid 2016] [client 44.220.188.18:58746] AH02042: rejecting client initiated renegotiation
[Fri Dec 05 21:25:19.105360 2025] [authz_core:error] [pid 3604:tid 1872] [client 162.158.62.153:11342] AH01630: client denied by server configuration: C:/lss/xampp/phpMyAdmin/
[Fri Dec 05 21:25:19.396674 2025] [core:error] [pid 3604:tid 1552] (20024)The given path is misformatted or contained invalid characters: [client 162.158.62.153:11351] AH00127: Cannot map GET /dashboard/https%3A/community.apachefriends.org HTTP/1.1 to file
[Fri Dec 05 21:25:19.513732 2025] [core:error] [pid 3604:tid 1916] (20024)The given path is misformatted or contained invalid characters: [client 172.70.111.174:9630] AH00127: Cannot map GET /dashboard/https%3A/www.facebook.com/we.are.xampp HTTP/1.1 to file
[Fri Dec 05 21:25:19.700176 2025] [core:error] [pid 3604:tid 1996] (20024)The given path is misformatted or contained invalid characters: [client 104.23.187.147:10709] AH00127: Cannot map GET /dashboard/http%3A/www.fastly.com/ HTTP/1.1 to file
[Fri Dec 05 21:25:19.740423 2025] [core:error] [pid 3604:tid 1884] (20024)The given path is misformatted or contained invalid characters: [client 172.70.230.102:9845] AH00127: Cannot map GET /dashboard/https%3A/www.apachefriends.org/blog.html HTTP/1.1 to file
[Fri Dec 05 21:25:20.648011 2025] [core:error] [pid 3604:tid 1340] (20024)The given path is misformatted or contained invalid characters: [client 162.158.62.152:13012] AH00127: Cannot map GET /dashboard/https%3A/twitter.com/apachefriends HTTP/1.1 to file
[Fri Dec 05 21:25:23.252414 2025] [core:error] [pid 3604:tid 1996] (20024)The given path is misformatted or contained invalid characters: [client 104.23.187.147:10709] AH00127: Cannot map GET /dashboard/https%3A/community.apachefriends.org/f/viewtopic.php%3Ft%3D3012 HTTP/1.1 to file
[Fri Dec 05 21:25:23.257421 2025] [core:error] [pid 3604:tid 1916] (20024)The given path is misformatted or contained invalid characters: [client 172.70.111.174:9630] AH00127: Cannot map GET /dashboard/https%3A/www.virustotal.com/ HTTP/1.1 to file
[Fri Dec 05 21:25:23.476216 2025] [core:error] [pid 3604:tid 1912] (20024)The given path is misformatted or contained invalid characters: [client 162.158.62.140:13931] AH00127: Cannot map GET /dashboard/http%3A/www.kaspersky.com/virusscanner HTTP/1.1 to file
[Fri Dec 05 21:25:23.490168 2025] [core:error] [pid 3604:tid 960] (20024)The given path is misformatted or contained invalid characters: [client 104.23.190.61:9977] AH00127: Cannot map GET /dashboard/http%3A/support.microsoft.com/kb/841290 HTTP/1.1 to file
[Fri Dec 05 21:25:23.528556 2025] [core:error] [pid 3604:tid 832] (20024)The given path is misformatted or contained invalid characters: [client 172.70.111.174:9632] AH00127: Cannot map GET /dashboard/https%3A/community.apachefriends.org/f/viewtopic.php%3Ff%3D16%26t%3D71620 HTTP/1.1 to file
[Sat Dec 06 01:49:45.443452 2025] [cgi:error] [pid 3604:tid 1140] [client 123.143.114.188:54846] malformed header from script 'php-cgi.exe': Bad header: Security Alert! The PHP
[Sat Dec 06 01:49:47.179842 2025] [php:error] [pid 3604:tid 1140] [client 123.143.114.188:46360] script 'C:/lss/xampp/htdocs/test.php' not found or unable to stat
[Sat Dec 06 03:10:27.841324 2025] [core:error] [pid 3604:tid 1916] [client 157.173.207.55:43880] AH10244: invalid URI path (/cgi-bin/.%2e/.%2e/.%2e/.%2e/.%2e/.%2e/.%2e/.%2e/.%2e/.%2e/bin/sh)
[Sat Dec 06 04:59:42.182972 2025] [php:error] [pid 3604:tid 1600] [client 172.70.240.33:13262] script 'C:/lss/xampp/htdocs/app_dev.php' not found or unable to stat
[Sat Dec 06 04:59:42.269994 2025] [php:error] [pid 3604:tid 1188] [client 172.71.246.119:9769] script 'C:/lss/xampp/htdocs/app_dev.php' not found or unable to stat
[Sat Dec 06 04:59:53.705134 2025] [php:error] [pid 3604:tid 1520] [client 172.69.151.188:11117] script 'C:/lss/xampp/htdocs/phpinfo.php' not found or unable to stat
[Sat Dec 06 04:59:54.110520 2025] [php:error] [pid 3604:tid 1340] [client 172.71.148.136:10682] script 'C:/lss/xampp/htdocs/phpinfo.php' not found or unable to stat
[Sat Dec 06 06:14:07.718721 2025] [php:error] [pid 3604:tid 1832] [client 172.69.17.163:14196] script 'C:/lss/xampp/htdocs/phpinfo.php' not found or unable to stat
[Sat Dec 06 06:14:08.034540 2025] [php:error] [pid 3604:tid 1832] [client 172.69.17.163:14196] script 'C:/lss/xampp/htdocs/info.php' not found or unable to stat
[Sat Dec 06 06:14:09.613524 2025] [php:error] [pid 3604:tid 1832] [client 172.69.17.163:14196] script 'C:/lss/xampp/htdocs/test.php' not found or unable to stat
[Sat Dec 06 06:14:17.016643 2025] [php:error] [pid 3604:tid 1832] [client 172.69.17.163:14196] script 'C:/lss/xampp/htdocs/pi.php' not found or unable to stat
[Sat Dec 06 06:14:20.116403 2025] [php:error] [pid 3604:tid 1832] [client 172.69.17.163:14196] script 'C:/lss/xampp/htdocs/server.php' not found or unable to stat
[Sat Dec 06 06:14:21.257706 2025] [php:error] [pid 3604:tid 1832] [client 172.69.17.163:14196] script 'C:/lss/xampp/htdocs/configuration.php' not found or unable to stat
[Sat Dec 06 06:14:25.197085 2025] [php:error] [pid 3604:tid 1832] [client 172.69.17.163:14196] script 'C:/lss/xampp/htdocs/i.php' not found or unable to stat
[Sat Dec 06 06:14:25.604130 2025] [php:error] [pid 3604:tid 1832] [client 172.69.17.163:14196] script 'C:/lss/xampp/htdocs/php.php' not found or unable to stat
[Sat Dec 06 06:14:40.540268 2025] [php:error] [pid 3604:tid 1832] [client 172.69.17.163:14196] script 'C:/lss/xampp/htdocs/testphp.php' not found or unable to stat
[Sat Dec 06 06:14:40.798558 2025] [php:error] [pid 3604:tid 1832] [client 172.69.17.163:14196] script 'C:/lss/xampp/htdocs/infophp.php' not found or unable to stat
[Sat Dec 06 06:14:41.557403 2025] [php:error] [pid 3604:tid 1832] [client 172.69.17.163:14196] script 'C:/lss/xampp/htdocs/php-info.php' not found or unable to stat
[Sat Dec 06 06:14:42.077489 2025] [php:error] [pid 3604:tid 1832] [client 172.69.17.163:14196] script 'C:/lss/xampp/htdocs/info_php.php' not found or unable to stat
[Sat Dec 06 06:14:42.464136 2025] [php:error] [pid 3604:tid 1832] [client 172.69.17.163:14196] script 'C:/lss/xampp/htdocs/t.php' not found or unable to stat
[Sat Dec 06 06:14:42.862360 2025] [php:error] [pid 3604:tid 1832] [client 172.69.17.163:14196] script 'C:/lss/xampp/htdocs/p.php' not found or unable to stat
[Sat Dec 06 06:14:43.732634 2025] [php:error] [pid 3604:tid 1832] [client 172.69.17.163:14196] script 'C:/lss/xampp/htdocs/3.php' not found or unable to stat
[Sat Dec 06 06:14:44.068997 2025] [php:error] [pid 3604:tid 1832] [client 172.69.17.163:14196] script 'C:/lss/xampp/htdocs/2.php' not found or unable to stat
[Sat Dec 06 06:14:44.753974 2025] [php:error] [pid 3604:tid 1832] [client 172.69.17.163:14196] script 'C:/lss/xampp/htdocs/1.php' not found or unable to stat
[Sat Dec 06 06:14:45.274342 2025] [php:error] [pid 3604:tid 1832] [client 172.69.17.163:14196] script 'C:/lss/xampp/htdocs/probe.php' not found or unable to stat
[Sat Dec 06 06:14:45.611116 2025] [php:error] [pid 3604:tid 1832] [client 172.69.17.163:14196] script 'C:/lss/xampp/htdocs/check.php' not found or unable to stat
[Sat Dec 06 06:14:46.234451 2025] [php:error] [pid 3604:tid 1832] [client 172.69.17.163:14196] script 'C:/lss/xampp/htdocs/phptest.php' not found or unable to stat
[Sat Dec 06 06:14:46.592800 2025] [php:error] [pid 3604:tid 1832] [client 172.69.17.163:14196] script 'C:/lss/xampp/htdocs/diagnostic.php' not found or unable to stat
[Sat Dec 06 06:14:47.103664 2025] [php:error] [pid 3604:tid 1832] [client 172.69.17.163:14196] script 'C:/lss/xampp/htdocs/debug.php' not found or unable to stat
[Sat Dec 06 06:14:47.702329 2025] [php:error] [pid 3604:tid 1832] [client 172.69.17.163:14196] script 'C:/lss/xampp/htdocs/serverinfo.php' not found or unable to stat
[Sat Dec 06 06:14:48.503704 2025] [php:error] [pid 3604:tid 1832] [client 172.69.17.163:14196] script 'C:/lss/xampp/htdocs/phpversion.php' not found or unable to stat
[Sat Dec 06 06:14:49.017937 2025] [php:error] [pid 3604:tid 1832] [client 172.69.17.163:14196] script 'C:/lss/xampp/htdocs/info3.php' not found or unable to stat
[Sat Dec 06 06:14:49.461548 2025] [php:error] [pid 3604:tid 1832] [client 172.69.17.163:14196] script 'C:/lss/xampp/htdocs/info2.php' not found or unable to stat
[Sat Dec 06 06:14:50.184012 2025] [php:error] [pid 3604:tid 1832] [client 172.69.17.163:14196] script 'C:/lss/xampp/htdocs/info1.php' not found or unable to stat
[Sat Dec 06 06:14:50.771924 2025] [php:error] [pid 3604:tid 1832] [client 172.69.17.163:14196] script 'C:/lss/xampp/htdocs/php_info.php' not found or unable to stat
[Sat Dec 06 06:14:51.024450 2025] [php:error] [pid 3604:tid 1832] [client 172.69.17.163:14196] script 'C:/lss/xampp/htdocs/php_version.php' not found or unable to stat
[Sat Dec 06 08:57:56.457226 2025] [php:error] [pid 3604:tid 1624] [client 107.170.38.61:34116] script 'C:/lss/xampp/htdocs/alive.php' not found or unable to stat
[Sat Dec 06 09:20:25.937361 2025] [cgi:error] [pid 3604:tid 1624] [client 51.210.216.192:63775] malformed header from script 'php-cgi.exe': Bad header: Security Alert! The PHP
[Sat Dec 06 09:20:25.938348 2025] [cgi:error] [pid 3604:tid 988] [client 51.210.216.192:63780] malformed header from script 'php-cgi.exe': Bad header: Security Alert! The PHP
[Sat Dec 06 09:20:26.279579 2025] [php:error] [pid 3604:tid 988] [client 51.210.216.192:63812] script 'C:/lss/xampp/htdocs/test.php' not found or unable to stat
[Sat Dec 06 09:20:26.292560 2025] [php:error] [pid 3604:tid 1624] [client 51.210.216.192:63811] script 'C:/lss/xampp/htdocs/test.php' not found or unable to stat
[Sat Dec 06 11:16:16.106234 2025] [cgi:error] [pid 3604:tid 1872] [client 123.143.114.188:40366] malformed header from script 'php-cgi.exe': Bad header: Security Alert! The PHP
[Sat Dec 06 11:16:17.775617 2025] [php:error] [pid 3604:tid 1872] [client 123.143.114.188:48838] script 'C:/lss/xampp/htdocs/test.php' not found or unable to stat
[Sat Dec 06 16:51:35.649662 2025] [php:error] [pid 3604:tid 896] [client 172.70.230.103:12770] script 'C:/lss/xampp/htdocs/wp-login.php' not found or unable to stat
[Sun Dec 07 02:40:47.764453 2025] [php:error] [pid 3604:tid 1624] [client 172.69.59.41:9325] script 'C:/lss/xampp/htdocs/xmlrpc.php' not found or unable to stat
[Sun Dec 07 03:26:26.471895 2025] [php:warn] [pid 3604:tid 988] [client 164.90.190.208:1838] PHP Warning: Undefined array key "HTTP_HOST" in C:\\lss\\xampp\\htdocs\\index.php on line 7
[Sun Dec 07 03:26:33.620996 2025] [php:warn] [pid 3604:tid 896] [client 164.90.190.208:28641] PHP Warning: Undefined array key "HTTP_HOST" in C:\\lss\\xampp\\htdocs\\index.php on line 7
[Sun Dec 07 03:30:51.606260 2025] [core:error] [pid 3604:tid 1204] [client 89.35.130.146:52142] AH10244: invalid URI path (/cgi-bin/.%2e/.%2e/.%2e/.%2e/.%2e/.%2e/.%2e/.%2e/.%2e/.%2e/bin/sh)
[Sun Dec 07 19:38:45.449631 2025] [php:error] [pid 3604:tid 1884] [client 85.11.167.4:56524] script 'C:/lss/xampp/htdocs/phpinfo.php' not found or unable to stat
[Sun Dec 07 19:38:48.675919 2025] [php:error] [pid 3604:tid 1884] [client 85.11.167.4:56536] script 'C:/lss/xampp/htdocs/info.php' not found or unable to stat
[Sun Dec 07 19:38:49.006173 2025] [php:error] [pid 3604:tid 1884] [client 85.11.167.4:52850] script 'C:/lss/xampp/htdocs/php_info.php' not found or unable to stat
[Sun Dec 07 19:38:49.179864 2025] [php:error] [pid 3604:tid 1884] [client 85.11.167.4:52852] script 'C:/lss/xampp/htdocs/test.php' not found or unable to stat
[Sun Dec 07 20:32:31.362003 2025] [cgi:error] [pid 3604:tid 1992] [client 87.120.191.100:33934] AH02811: script not found or unable to stat: C:/lss/xampp/cgi-bin/luci
[Sun Dec 07 21:23:51.811798 2025] [cgi:error] [pid 3604:tid 1992] [client 87.120.191.100:48942] AH02811: script not found or unable to stat: C:/lss/xampp/cgi-bin/luci
[Sun Dec 07 23:29:11.464012 2025] [php:error] [pid 3604:tid 1508] [client 172.71.203.104:9297] script 'C:/lss/xampp/htdocs/wp-login.php' not found or unable to stat
[Mon Dec 08 13:38:09.466376 2025] [core:error] [pid 3604:tid 1308] [client 47.79.146.110:60214] AH10244: invalid URI path (/cgi-bin/.%2e/.%2e/.%2e/.%2e/.%2e/.%2e/.%2e/.%2e/.%2e/.%2e/bin/sh)
[Mon Dec 08 17:04:02.778229 2025] [authz_core:error] [pid 3604:tid 960] [client 172.69.223.152:14190] AH01630: client denied by server configuration: C:/lss/xampp/phpMyAdmin/
[Mon Dec 08 17:07:52.652065 2025] [authz_core:error] [pid 3604:tid 1308] [client 172.71.135.38:11609] AH01630: client denied by server configuration: C:/lss/xampp/phpMyAdmin/
[Mon Dec 08 18:44:27.420572 2025] [php:error] [pid 3604:tid 960] [client 188.166.184.111:46664] script 'C:/lss/xampp/htdocs/alive.php' not found or unable to stat
[Tue Dec 09 11:38:09.263803 2025] [php:warn] [pid 3604:tid 960] [client 185.67.33.247:55776] PHP Warning: Undefined array key "HTTP_HOST" in C:\\lss\\xampp\\htdocs\\index.php on line 7
[Tue Dec 09 11:38:09.401749 2025] [php:warn] [pid 3604:tid 1272] [client 185.67.33.247:55778] PHP Warning: Undefined array key "HTTP_HOST" in C:\\lss\\xampp\\htdocs\\index.php on line 7
[Tue Dec 09 11:38:10.574057 2025] [php:warn] [pid 3604:tid 1272] [client 185.67.33.247:55789] PHP Warning: Undefined array key "HTTP_HOST" in C:\\lss\\xampp\\htdocs\\index.php on line 7
[Tue Dec 09 13:06:51.712049 2025] [php:warn] [pid 3604:tid 1492] [client 185.67.33.243:20920] PHP Warning: Undefined array key "HTTP_HOST" in C:\\lss\\xampp\\htdocs\\index.php on line 7
[Tue Dec 09 13:06:52.007316 2025] [php:warn] [pid 3604:tid 1916] [client 185.67.33.243:20927] PHP Warning: Undefined array key "HTTP_HOST" in C:\\lss\\xampp\\htdocs\\index.php on line 7
[Tue Dec 09 13:42:12.502805 2025] [php:error] [pid 3604:tid 1916] [client 162.158.174.129:10525] script 'C:/lss/xampp/htdocs/xmlrpc.php' not found or unable to stat
[Tue Dec 09 18:07:41.235556 2025] [php:error] [pid 3604:tid 1716] [client 172.71.124.200:13624] script 'C:/lss/xampp/htdocs/wp-login.php' not found or unable to stat
[Tue Dec 09 20:55:56.588733 2025] [core:error] [pid 3604:tid 1992] [client 70.92.242.159:43110] AH10244: invalid URI path (/cgi-bin/.%2e/.%2e/.%2e/.%2e/.%2e/.%2e/.%2e/.%2e/.%2e/.%2e/bin/sh)
[Tue Dec 09 20:55:57.049768 2025] [core:error] [pid 3604:tid 1992] [client 70.92.242.159:43112] AH10244: invalid URI path (/cgi-bin/%%32%65%%32%65/%%32%65%%32%65/%%32%65%%32%65/%%32%65%%32%65/%%32%65%%32%65/%%32%65%%32%65/%%32%65%%32%65/bin/sh)
[Tue Dec 09 22:10:50.835576 2025] [core:error] [pid 3604:tid 1992] [client 47.236.76.100:45166] AH10244: invalid URI path (/cgi-bin/.%2e/.%2e/.%2e/.%2e/.%2e/.%2e/.%2e/.%2e/.%2e/.%2e/bin/sh)
[Tue Dec 09 22:10:51.807053 2025] [core:error] [pid 3604:tid 1992] [client 47.236.76.100:45170] AH10244: invalid URI path (/cgi-bin/%%32%65%%32%65/%%32%65%%32%65/%%32%65%%32%65/%%32%65%%32%65/%%32%65%%32%65/%%32%65%%32%65/%%32%65%%32%65/bin/sh)
[Wed Dec 10 00:57:37.726299 2025] [cgi:error] [pid 3604:tid 1672] [client 216.180.246.59:12910] AH02811: script not found or unable to stat: C:/lss/xampp/cgi-bin/login.cgi
[Wed Dec 10 00:57:55.258468 2025] [cgi:error] [pid 3604:tid 1672] [client 216.180.246.59:27592] AH02811: script not found or unable to stat: C:/lss/xampp/cgi-bin/login.cgi
[Wed Dec 10 04:30:16.316616 2025] [cgi:error] [pid 3604:tid 1188] [client 65.49.27.189:65514] malformed header from script 'php-cgi.exe': Bad header: Security Alert! The PHP
[Wed Dec 10 05:06:46.418112 2025] [php:error] [pid 3604:tid 1188] [client 185.67.33.207:52992] script 'C:/lss/xampp/htdocs/adminer.php' not found or unable to stat
[Wed Dec 10 10:59:53.032754 2025] [core:error] [pid 3604:tid 1672] [client 4.185.68.243:56144] AH10244: invalid URI path (/cgi-bin/.%2e/.%2e/.%2e/.%2e/.%2e/.%2e/.%2e/.%2e/.%2e/.%2e/bin/sh)
[Wed Dec 10 11:45:40.886546 2025] [php:error] [pid 3604:tid 1716] [client 172.70.93.89:9688] script 'C:/lss/xampp/htdocs/xmlrpc.php' not found or unable to stat
[Wed Dec 10 18:07:28.257344 2025] [php:error] [pid 3604:tid 988] [client 78.153.140.203:60380] script 'C:/lss/xampp/htdocs/app_dev.php' not found or unable to stat
[Thu Dec 11 02:34:09.479170 2025] [core:error] [pid 3604:tid 1184] [client 150.40.178.176:36586] AH10244: invalid URI path (/cgi-bin/.%2e/.%2e/.%2e/.%2e/.%2e/.%2e/.%2e/.%2e/.%2e/.%2e/bin/sh)
[Thu Dec 11 02:34:10.212990 2025] [core:error] [pid 3604:tid 1184] [client 150.40.178.176:36600] AH10244: invalid URI path (/cgi-bin/%%32%65%%32%65/%%32%65%%32%65/%%32%65%%32%65/%%32%65%%32%65/%%32%65%%32%65/%%32%65%%32%65/%%32%65%%32%65/bin/sh)
[Thu Dec 11 08:09:25.140885 2025] [cgi:error] [pid 3604:tid 1508] [client 164.92.244.132:33608] malformed header from script 'php-cgi.exe': Bad header: Security Alert! The PHP
[Thu Dec 11 08:09:32.994735 2025] [authz_core:error] [pid 3604:tid 996] [client 164.92.244.132:49996] AH01630: client denied by server configuration: C:/lss/xampp/htdocs/server-status
[Thu Dec 11 08:09:42.999708 2025] [php:error] [pid 3604:tid 1944] [client 164.92.244.132:54580] script 'C:/lss/xampp/htdocs/info.php' not found or unable to stat
[Thu Dec 11 08:58:45.708302 2025] [core:error] [pid 3604:tid 1508] [client 158.69.216.226:38984] AH10244: invalid URI path (/cgi-bin/.%2e/.%2e/.%2e/.%2e/.%2e/.%2e/.%2e/.%2e/.%2e/.%2e/bin/sh)
[Thu Dec 11 14:34:59.602188 2025] [php:error] [pid 3604:tid 1800] [client 162.158.163.180:9502] script 'C:/lss/xampp/htdocs/xmlrpc.php' not found or unable to stat
[Thu Dec 11 14:55:40.873482 2025] [php:error] [pid 3604:tid 1700] [client 78.153.140.203:52224] script 'C:/lss/xampp/htdocs/app_dev.php' not found or unable to stat
[Thu Dec 11 15:58:27.245920 2025] [php:warn] [pid 3604:tid 1012] [client 165.232.126.84:1681] PHP Warning: Undefined array key "HTTP_HOST" in C:\\lss\\xampp\\htdocs\\index.php on line 7
[Thu Dec 11 15:58:34.374645 2025] [php:warn] [pid 3604:tid 1500] [client 165.232.126.84:21891] PHP Warning: Undefined array key "HTTP_HOST" in C:\\lss\\xampp\\htdocs\\index.php on line 7
[Thu Dec 11 16:37:16.648328 2025] [php:warn] [pid 3604:tid 1692] [client 207.154.250.48:30047] PHP Warning: Undefined array key "HTTP_HOST" in C:\\lss\\xampp\\htdocs\\index.php on line 7
[Thu Dec 11 16:37:23.745199 2025] [php:warn] [pid 3604:tid 1624] [client 207.154.250.48:16287] PHP Warning: Undefined array key "HTTP_HOST" in C:\\lss\\xampp\\htdocs\\index.php on line 7
[Thu Dec 11 17:52:27.007291 2025] [core:error] [pid 3604:tid 1500] [client 20.9.185.246:35416] AH10244: invalid URI path (/cgi-bin/.%2e/.%2e/.%2e/.%2e/.%2e/.%2e/.%2e/.%2e/.%2e/.%2e/bin/sh)
[Fri Dec 12 00:24:22.838229 2025] [core:error] [pid 3604:tid 1264] [client 101.36.104.242:51676] AH10244: invalid URI path (/cgi-bin/.%2e/.%2e/.%2e/.%2e/.%2e/.%2e/.%2e/.%2e/.%2e/.%2e/bin/sh)
[Fri Dec 12 01:49:38.154252 2025] [core:error] [pid 3604:tid 1032] [client 1.241.37.117:59342] AH10244: invalid URI path (/cgi-bin/.%2e/.%2e/.%2e/.%2e/.%2e/.%2e/.%2e/.%2e/.%2e/.%2e/bin/sh)
[Fri Dec 12 06:21:15.574646 2025] [cgi:error] [pid 3604:tid 1564] [client 87.120.191.100:41224] AH02811: script not found or unable to stat: C:/lss/xampp/cgi-bin/luci
[Fri Dec 12 07:12:56.553517 2025] [php:error] [pid 3604:tid 1564] [client 78.153.140.151:49248] script 'C:/lss/xampp/htdocs/app_dev.php' not found or unable to stat
[Fri Dec 12 07:13:04.529659 2025] [php:error] [pid 3604:tid 1564] [client 78.153.140.151:37612] script 'C:/lss/xampp/htdocs/phpinfos.php' not found or unable to stat
[Fri Dec 12 07:13:13.694465 2025] [cgi:error] [pid 3604:tid 1032] [client 87.120.191.100:34958] AH02811: script not found or unable to stat: C:/lss/xampp/cgi-bin/luci
[Fri Dec 12 08:05:33.752769 2025] [cgi:error] [pid 3604:tid 1908] [client 87.120.191.100:52586] AH02811: script not found or unable to stat: C:/lss/xampp/cgi-bin/luci
[Fri Dec 12 08:58:11.508505 2025] [cgi:error] [pid 3604:tid 1184] [client 87.120.191.100:41402] AH02811: script not found or unable to stat: C:/lss/xampp/cgi-bin/luci
[Fri Dec 12 09:50:49.640312 2025] [cgi:error] [pid 3604:tid 1032] [client 87.120.191.100:32992] AH02811: script not found or unable to stat: C:/lss/xampp/cgi-bin/luci
[Fri Dec 12 10:22:32.581913 2025] [php:error] [pid 3604:tid 1956] [client 172.71.96.140:13552] script 'C:/lss/xampp/htdocs/wp-login.php' not found or unable to stat
[Fri Dec 12 10:36:04.936375 2025] [core:error] [pid 3604:tid 1956] [client 124.220.11.234:46344] AH10244: invalid URI path (/cgi-bin/.%2e/.%2e/.%2e/.%2e/.%2e/.%2e/.%2e/.%2e/.%2e/.%2e/bin/sh)
[Fri Dec 12 10:46:37.667335 2025] [cgi:error] [pid 3604:tid 1264] [client 87.120.191.100:45682] AH02811: script not found or unable to stat: C:/lss/xampp/cgi-bin/luci
[Fri Dec 12 11:45:06.050933 2025] [cgi:error] [pid 3604:tid 904] [client 87.120.191.100:37744] AH02811: script not found or unable to stat: C:/lss/xampp/cgi-bin/luci
[Fri Dec 12 12:18:48.597308 2025] [php:warn] [pid 3604:tid 1012] [client 185.67.33.243:28906] PHP Warning: Undefined array key "HTTP_HOST" in C:\\lss\\xampp\\htdocs\\index.php on line 7
