[Wed Nov 05 18:22:27.911945 2025] [ssl:warn] [pid 3852:tid 564] AH01909: www.example.com:443:0 server certificate does NOT include an ID which matches the server name
[Wed Nov 05 18:22:28.005808 2025] [ssl:warn] [pid 3852:tid 564] AH01909: www.example.com:443:0 server certificate does NOT include an ID which matches the server name
[Wed Nov 05 18:22:28.099505 2025] [mpm_winnt:notice] [pid 3852:tid 564] AH00455: Apache/2.4.58 (Win64) OpenSSL/3.1.3 PHP/8.2.12 configured -- resuming normal operations
[Wed Nov 05 18:22:28.099505 2025] [mpm_winnt:notice] [pid 3852:tid 564] AH00456: Apache Lounge VS17 Server built: Oct 18 2023 13:03:18
[Wed Nov 05 18:22:28.099505 2025] [core:notice] [pid 3852:tid 564] AH00094: Command line: 'C:\\xampp\\apache\\bin\\httpd.exe -d C:/xampp/apache'
[Wed Nov 05 18:22:28.118522 2025] [mpm_winnt:notice] [pid 3852:tid 564] AH00418: Parent: Created child process 7084
[Wed Nov 05 18:22:29.286912 2025] [ssl:warn] [pid 7084:tid 608] AH01909: www.example.com:443:0 server certificate does NOT include an ID which matches the server name
[Wed Nov 05 18:22:29.365388 2025] [ssl:warn] [pid 7084:tid 608] AH01909: www.example.com:443:0 server certificate does NOT include an ID which matches the server name
[Wed Nov 05 18:22:29.458793 2025] [mpm_winnt:notice] [pid 7084:tid 608] AH00354: Child: Starting 150 worker threads.
[Wed Nov 05 18:23:28.036056 2025] [ssl:warn] [pid 604:tid 568] AH01909: www.example.com:443:0 server certificate does NOT include an ID which matches the server name
[Wed Nov 05 18:23:28.129806 2025] [ssl:warn] [pid 604:tid 568] AH01909: www.example.com:443:0 server certificate does NOT include an ID which matches the server name
[Wed Nov 05 18:23:28.223579 2025] [mpm_winnt:notice] [pid 604:tid 568] AH00455: Apache/2.4.58 (Win64) OpenSSL/3.1.3 PHP/8.2.12 configured -- resuming normal operations
[Wed Nov 05 18:23:28.223579 2025] [mpm_winnt:notice] [pid 604:tid 568] AH00456: Apache Lounge VS17 Server built: Oct 18 2023 13:03:18
[Wed Nov 05 18:23:28.223579 2025] [core:notice] [pid 604:tid 568] AH00094: Command line: 'c:\\xampp\\apache\\bin\\httpd.exe -d C:/xampp/apache'
[Wed Nov 05 18:23:28.239293 2025] [mpm_winnt:notice] [pid 604:tid 568] AH00418: Parent: Created child process 5616
[Wed Nov 05 18:23:29.098553 2025] [ssl:warn] [pid 5616:tid 540] AH01909: www.example.com:443:0 server certificate does NOT include an ID which matches the server name
[Wed Nov 05 18:23:29.176678 2025] [ssl:warn] [pid 5616:tid 540] AH01909: www.example.com:443:0 server certificate does NOT include an ID which matches the server name
[Wed Nov 05 18:23:29.254829 2025] [mpm_winnt:notice] [pid 5616:tid 540] AH00354: Child: Starting 150 worker threads.
[Wed Nov 05 18:52:09.667877 2025] [ssl:warn] [pid 7592:tid 580] AH01909: www.example.com:443:0 server certificate does NOT include an ID which matches the server name
[Wed Nov 05 18:52:09.745970 2025] [core:warn] [pid 7592:tid 580] AH00098: pid file C:/lss/xampp/apache/logs/httpd.pid overwritten -- Unclean shutdown of previous Apache run?
[Wed Nov 05 18:52:09.745970 2025] [ssl:warn] [pid 7592:tid 580] AH01909: www.example.com:443:0 server certificate does NOT include an ID which matches the server name
[Wed Nov 05 18:52:09.933466 2025] [mpm_winnt:notice] [pid 7592:tid 580] AH00455: Apache/2.4.58 (Win64) OpenSSL/3.1.3 PHP/8.2.12 configured -- resuming normal operations
[Wed Nov 05 18:52:09.933466 2025] [mpm_winnt:notice] [pid 7592:tid 580] AH00456: Apache Lounge VS17 Server built: Oct 18 2023 13:03:18
[Wed Nov 05 18:52:09.933466 2025] [core:notice] [pid 7592:tid 580] AH00094: Command line: 'c:\\lss\\xampp\\apache\\bin\\httpd.exe -d C:/lss/xampp/apache'
[Wed Nov 05 18:52:09.933466 2025] [mpm_winnt:notice] [pid 7592:tid 580] AH00418: Parent: Created child process 4808
[Wed Nov 05 18:52:10.824107 2025] [ssl:warn] [pid 4808:tid 528] AH01909: www.example.com:443:0 server certificate does NOT include an ID which matches the server name
[Wed Nov 05 18:52:10.902216 2025] [ssl:warn] [pid 4808:tid 528] AH01909: www.example.com:443:0 server certificate does NOT include an ID which matches the server name
[Wed Nov 05 18:52:10.995976 2025] [mpm_winnt:notice] [pid 4808:tid 528] AH00354: Child: Starting 150 worker threads.
[Wed Nov 05 19:37:08.903095 2025] [authz_core:error] [pid 4808:tid 2012] [client 43.157.52.37:39760] AH01630: client denied by server configuration: C:/lss/xampp/phpMyAdmin/
[Wed Nov 05 20:12:26.484183 2025] [authz_core:error] [pid 4808:tid 2004] [client 43.157.148.38:47536] AH01630: client denied by server configuration: C:/lss/xampp/phpMyAdmin/
[Wed Nov 05 21:02:49.863625 2025] [cgi:error] [pid 4808:tid 2008] [client 193.142.147.209:24276] AH02811: script not found or unable to stat: C:/lss/xampp/cgi-bin/luci
[Wed Nov 05 21:23:12.283384 2025] [cgi:error] [pid 4808:tid 2008] [client 193.142.147.209:19610] AH02811: script not found or unable to stat: C:/lss/xampp/cgi-bin/luci
[Wed Nov 05 22:29:53.362650 2025] [php:warn] [pid 4808:tid 2008] [client 91.232.238.112:61001] PHP Warning: Undefined array key "HTTP_HOST" in C:\\lss\\xampp\\htdocs\\index.php on line 7
[Wed Nov 05 23:39:18.670241 2025] [authz_core:error] [pid 4808:tid 2016] [client 43.153.85.46:48978] AH01630: client denied by server configuration: C:/lss/xampp/phpMyAdmin/
[Thu Nov 06 03:28:42.308885 2025] [cgi:error] [pid 4808:tid 2016] [client 193.142.147.209:25002] AH02811: script not found or unable to stat: C:/lss/xampp/cgi-bin/luci
[Thu Nov 06 06:27:21.087835 2025] [cgi:error] [pid 4808:tid 2004] [client 193.142.147.209:46040] AH02811: script not found or unable to stat: C:/lss/xampp/cgi-bin/luci
[Thu Nov 06 07:42:22.776810 2025] [core:error] [pid 4808:tid 2000] [client 123.253.22.30:53576] AH10244: invalid URI path (/cgi-bin/.%2e/.%2e/.%2e/.%2e/.%2e/.%2e/.%2e/.%2e/.%2e/.%2e/bin/sh)
[Thu Nov 06 10:03:38.895281 2025] [cgi:error] [pid 4808:tid 2004] [client 193.142.147.209:45704] AH02811: script not found or unable to stat: C:/lss/xampp/cgi-bin/luci
[Thu Nov 06 10:09:34.454014 2025] [cgi:error] [pid 4808:tid 2020] [client 193.142.147.209:43262] AH02811: script not found or unable to stat: C:/lss/xampp/cgi-bin/luci
[Thu Nov 06 10:50:32.546650 2025] [php:warn] [pid 4808:tid 2008] [client 91.232.238.112:61001] PHP Warning: Undefined array key "HTTP_HOST" in C:\\lss\\xampp\\htdocs\\index.php on line 7
[Thu Nov 06 11:07:26.546403 2025] [php:error] [pid 4808:tid 2008] [client 178.128.234.71:37842] script 'C:/lss/xampp/htdocs/alive.php' not found or unable to stat
[Thu Nov 06 11:25:04.662273 2025] [authz_core:error] [pid 4808:tid 2020] [client 43.159.135.203:44278] AH01630: client denied by server configuration: C:/lss/xampp/phpMyAdmin/
[Thu Nov 06 12:19:13.551926 2025] [core:error] [pid 4808:tid 2020] [client 212.227.3.250:43528] AH10244: invalid URI path (/cgi-bin/.%2e/.%2e/.%2e/.%2e/.%2e/.%2e/.%2e/.%2e/.%2e/.%2e/bin/sh)
[Thu Nov 06 12:19:13.693825 2025] [core:error] [pid 4808:tid 2020] [client 212.227.3.250:43530] AH10244: invalid URI path (/cgi-bin/%%32%65%%32%65/%%32%65%%32%65/%%32%65%%32%65/%%32%65%%32%65/%%32%65%%32%65/%%32%65%%32%65/%%32%65%%32%65/bin/sh)
[Thu Nov 06 12:55:28.925808 2025] [cgi:error] [pid 4808:tid 2020] [client 193.142.147.209:25196] AH02811: script not found or unable to stat: C:/lss/xampp/cgi-bin/luci
[Thu Nov 06 13:10:08.203653 2025] [core:error] [pid 4808:tid 2020] [client 103.232.122.33:54406] AH10244: invalid URI path (/cgi-bin/.%2e/.%2e/.%2e/.%2e/.%2e/.%2e/.%2e/.%2e/.%2e/.%2e/bin/sh)
[Thu Nov 06 13:10:09.586933 2025] [core:error] [pid 4808:tid 2020] [client 103.232.122.33:58962] AH10244: invalid URI path (/cgi-bin/%%32%65%%32%65/%%32%65%%32%65/%%32%65%%32%65/%%32%65%%32%65/%%32%65%%32%65/%%32%65%%32%65/%%32%65%%32%65/bin/sh)
[Thu Nov 06 15:21:50.897468 2025] [cgi:error] [pid 4808:tid 2008] [client 221.159.119.6:45682] AH02811: script not found or unable to stat: C:/lss/xampp/cgi-bin/luci
[Thu Nov 06 15:21:51.303747 2025] [cgi:error] [pid 4808:tid 2008] [client 221.159.119.6:45797] AH02811: script not found or unable to stat: C:/lss/xampp/cgi-bin/luci
[Thu Nov 06 16:22:14.378048 2025] [cgi:error] [pid 4808:tid 2008] [client 193.142.147.209:17586] AH02811: script not found or unable to stat: C:/lss/xampp/cgi-bin/luci
[Thu Nov 06 16:32:06.106415 2025] [core:error] [pid 4808:tid 2008] [client 152.32.189.180:31954] AH10244: invalid URI path (/cgi-bin/.%2e/.%2e/.%2e/.%2e/.%2e/.%2e/.%2e/.%2e/.%2e/.%2e/bin/sh)
[Thu Nov 06 16:32:07.151354 2025] [core:error] [pid 4808:tid 2008] [client 152.32.189.180:37998] AH10244: invalid URI path (/cgi-bin/%%32%65%%32%65/%%32%65%%32%65/%%32%65%%32%65/%%32%65%%32%65/%%32%65%%32%65/%%32%65%%32%65/%%32%65%%32%65/bin/sh)
[Thu Nov 06 16:41:30.074182 2025] [cgi:error] [pid 4808:tid 2008] [client 193.142.147.209:33742] AH02811: script not found or unable to stat: C:/lss/xampp/cgi-bin/luci
[Thu Nov 06 17:49:37.125910 2025] [php:warn] [pid 4808:tid 2008] [client 51.158.205.47:61000] PHP Warning: Undefined array key "HTTP_HOST" in C:\\lss\\xampp\\htdocs\\index.php on line 7
[Thu Nov 06 18:04:38.890088 2025] [cgi:error] [pid 4808:tid 2008] [client 123.143.114.188:33534] malformed header from script 'php-cgi.exe': Bad header: Security Alert! The PHP
[Thu Nov 06 18:04:40.124466 2025] [php:error] [pid 4808:tid 2008] [client 123.143.114.188:33548] script 'C:/lss/xampp/htdocs/test.php' not found or unable to stat
[Thu Nov 06 20:16:06.669730 2025] [authz_core:error] [pid 4808:tid 2008] [client 94.102.49.155:46138] AH01630: client denied by server configuration: C:/lss/xampp/htdocs/server-status
[Thu Nov 06 20:16:12.810395 2025] [authz_core:error] [pid 4808:tid 2008] [client 94.102.49.155:39254] AH01630: client denied by server configuration: C:/lss/xampp/htdocs/server-status
[Thu Nov 06 20:32:38.692441 2025] [cgi:error] [pid 4808:tid 2008] [client 193.142.147.209:4072] AH02811: script not found or unable to stat: C:/lss/xampp/cgi-bin/luci
[Thu Nov 06 20:46:32.851608 2025] [cgi:error] [pid 4808:tid 2008] [client 193.142.147.209:39026] AH02811: script not found or unable to stat: C:/lss/xampp/cgi-bin/luci
[Thu Nov 06 21:47:57.237467 2025] [php:warn] [pid 4808:tid 2016] [client 93.174.93.12:60000] PHP Warning: Undefined array key "HTTP_HOST" in C:\\lss\\xampp\\htdocs\\index.php on line 7
[Thu Nov 06 22:07:51.001826 2025] [core:error] [pid 4808:tid 2008] [client 152.32.189.180:47586] AH10244: invalid URI path (/cgi-bin/.%2e/.%2e/.%2e/.%2e/.%2e/.%2e/.%2e/.%2e/.%2e/.%2e/bin/sh)
[Thu Nov 06 22:08:34.144377 2025] [core:error] [pid 4808:tid 2008] [client 152.32.189.180:51382] AH10244: invalid URI path (/cgi-bin/%%32%65%%32%65/%%32%65%%32%65/%%32%65%%32%65/%%32%65%%32%65/%%32%65%%32%65/%%32%65%%32%65/%%32%65%%32%65/bin/sh)
[Thu Nov 06 22:09:49.845835 2025] [php:error] [pid 4808:tid 2008] [client 204.76.203.30:33056] script 'C:/lss/xampp/htdocs/app_dev.php' not found or unable to stat
[Thu Nov 06 23:30:01.510589 2025] [cgi:error] [pid 4808:tid 2004] [client 123.143.114.188:33894] malformed header from script 'php-cgi.exe': Bad header: Security Alert! The PHP
[Thu Nov 06 23:30:02.745044 2025] [php:error] [pid 4808:tid 2004] [client 123.143.114.188:33902] script 'C:/lss/xampp/htdocs/test.php' not found or unable to stat
[Fri Nov 07 00:17:27.053641 2025] [cgi:error] [pid 4808:tid 2004] [client 193.142.147.209:23498] AH02811: script not found or unable to stat: C:/lss/xampp/cgi-bin/luci
[Fri Nov 07 00:19:56.180764 2025] [cgi:error] [pid 4808:tid 2004] [client 193.142.147.209:63616] AH02811: script not found or unable to stat: C:/lss/xampp/cgi-bin/luci
[Fri Nov 07 00:52:06.216740 2025] [cgi:error] [pid 4808:tid 2004] [client 193.142.147.209:22626] AH02811: script not found or unable to stat: C:/lss/xampp/cgi-bin/luci
[Fri Nov 07 00:59:30.425673 2025] [cgi:error] [pid 4808:tid 2004] [client 193.142.147.209:41022] AH02811: script not found or unable to stat: C:/lss/xampp/cgi-bin/luci
[Fri Nov 07 01:19:52.331536 2025] [cgi:error] [pid 4808:tid 2004] [client 193.142.147.209:18590] AH02811: script not found or unable to stat: C:/lss/xampp/cgi-bin/luci
[Fri Nov 07 01:25:48.822541 2025] [php:warn] [pid 4808:tid 2004] [client 198.235.24.218:49514] PHP Warning: Undefined array key "HTTP_HOST" in C:\\lss\\xampp\\htdocs\\index.php on line 7
[Fri Nov 07 02:14:03.463979 2025] [cgi:error] [pid 4808:tid 2004] [client 193.142.147.209:19008] AH02811: script not found or unable to stat: C:/lss/xampp/cgi-bin/luci
[Fri Nov 07 02:34:37.276674 2025] [cgi:error] [pid 4808:tid 2004] [client 193.142.147.209:50514] AH02811: script not found or unable to stat: C:/lss/xampp/cgi-bin/luci
[Fri Nov 07 03:11:17.345041 2025] [cgi:error] [pid 4808:tid 2004] [client 193.142.147.209:9686] AH02811: script not found or unable to stat: C:/lss/xampp/cgi-bin/luci
[Fri Nov 07 04:03:51.526122 2025] [cgi:error] [pid 4808:tid 2004] [client 193.142.147.209:57758] AH02811: script not found or unable to stat: C:/lss/xampp/cgi-bin/luci
[Fri Nov 07 04:47:08.799296 2025] [cgi:error] [pid 4808:tid 2004] [client 193.142.147.209:19320] AH02811: script not found or unable to stat: C:/lss/xampp/cgi-bin/luci
[Fri Nov 07 05:28:44.109198 2025] [cgi:error] [pid 4808:tid 2020] [client 193.26.115.195:41032] AH02811: script not found or unable to stat: C:/lss/xampp/cgi-bin/login.cgi
[Fri Nov 07 05:28:44.421719 2025] [cgi:error] [pid 4808:tid 2020] [client 193.26.115.195:41054] AH02811: script not found or unable to stat: C:/lss/xampp/cgi-bin/cgi_main.cgi, referer: http://91.132.49.59/cfg_system_time.htm
[Fri Nov 07 05:28:44.577987 2025] [cgi:error] [pid 4808:tid 2020] [client 193.26.115.195:41060] AH02811: script not found or unable to stat: C:/lss/xampp/cgi-bin/server, referer: http://91.132.49.59/cgi-bin/server/server.cgi?func=server02_main_submit&counter=6.7496022225883&TEST_BTN4=
[Fri Nov 07 05:28:44.734224 2025] [core:error] [pid 4808:tid 2020] [client 193.26.115.195:41074] AH10244: invalid URI path (/cgi-bin/.%%32%65/.%%32%65/.%%32%65/.%%32%65/.%%32%65/.%%32%65/bin/sh)
[Fri Nov 07 07:46:37.239100 2025] [cgi:error] [pid 4808:tid 2016] [client 193.142.147.209:26888] AH02811: script not found or unable to stat: C:/lss/xampp/cgi-bin/luci
[Fri Nov 07 08:23:58.009629 2025] [cgi:error] [pid 4808:tid 2016] [client 193.142.147.209:44134] AH02811: script not found or unable to stat: C:/lss/xampp/cgi-bin/luci
[Fri Nov 07 08:45:13.774227 2025] [core:error] [pid 4808:tid 2016] [client 23.95.35.114:51102] AH10244: invalid URI path (/cgi-bin/.%2e/.%2e/.%2e/.%2e/.%2e/.%2e/.%2e/.%2e/.%2e/.%2e/bin/sh)
[Fri Nov 07 09:06:26.909083 2025] [php:error] [pid 4808:tid 2016] [client 64.62.156.66:54742] script 'C:/lss/xampp/htdocs/info.php' not found or unable to stat
[Fri Nov 07 09:06:37.480422 2025] [php:error] [pid 4808:tid 2016] [client 64.62.156.66:31890] script 'C:/lss/xampp/htdocs/phpinfo.php' not found or unable to stat
[Fri Nov 07 12:00:14.030932 2025] [php:warn] [pid 4808:tid 1996] [client 91.232.238.112:61001] PHP Warning: Undefined array key "HTTP_HOST" in C:\\lss\\xampp\\htdocs\\index.php on line 7
[Fri Nov 07 12:07:18.794904 2025] [core:error] [pid 4808:tid 1996] [client 82.66.241.245:54568] AH10244: invalid URI path (/cgi-bin/.%2e/.%2e/.%2e/.%2e/.%2e/.%2e/.%2e/.%2e/.%2e/.%2e/bin/sh)
[Fri Nov 07 12:07:57.751096 2025] [cgi:error] [pid 4808:tid 1996] [client 193.142.147.209:44540] AH02811: script not found or unable to stat: C:/lss/xampp/cgi-bin/luci
[Fri Nov 07 12:27:20.817494 2025] [cgi:error] [pid 4808:tid 2016] [client 193.142.147.209:56268] AH02811: script not found or unable to stat: C:/lss/xampp/cgi-bin/luci
[Fri Nov 07 13:38:08.899473 2025] [php:error] [pid 4808:tid 1996] [client 178.128.234.71:43994] script 'C:/lss/xampp/htdocs/upl.php' not found or unable to stat
[Fri Nov 07 13:38:10.133779 2025] [php:error] [pid 4808:tid 1996] [client 178.128.234.71:44040] script 'C:/lss/xampp/htdocs/1.php' not found or unable to stat
[Fri Nov 07 13:38:10.665093 2025] [php:error] [pid 4808:tid 1996] [client 178.128.234.71:44060] script 'C:/lss/xampp/htdocs/password.php' not found or unable to stat
[Fri Nov 07 13:49:35.722469 2025] [cgi:error] [pid 4808:tid 2000] [client 200.124.241.140:42797] AH02811: script not found or unable to stat: C:/lss/xampp/htdocs/setup.cgi
[Fri Nov 07 15:55:13.327892 2025] [core:error] [pid 4808:tid 2000] [client 93.123.109.222:40032] AH10244: invalid URI path (/../logon/logon.htm)
[Fri Nov 07 15:55:13.452891 2025] [php:error] [pid 4808:tid 2000] [client 93.123.109.222:52568] script 'C:/lss/xampp/htdocs/product-category.php' not found or unable to stat
[Fri Nov 07 16:43:13.066526 2025] [cgi:error] [pid 4808:tid 2000] [client 193.142.147.209:25638] AH02811: script not found or unable to stat: C:/lss/xampp/cgi-bin/luci
[Fri Nov 07 17:36:27.293943 2025] [php:warn] [pid 4808:tid 2000] [client 216.180.246.47:21399] PHP Warning: Undefined array key "HTTP_HOST" in C:\\lss\\xampp\\htdocs\\index.php on line 7
[Fri Nov 07 17:39:53.533845 2025] [cgi:error] [pid 4808:tid 2000] [client 216.180.246.47:39846] AH02811: script not found or unable to stat: C:/lss/xampp/cgi-bin/login.cgi
[Fri Nov 07 17:41:27.220655 2025] [php:warn] [pid 4808:tid 2000] [client 93.174.93.12:60000] PHP Warning: Undefined array key "HTTP_HOST" in C:\\lss\\xampp\\htdocs\\index.php on line 7
[Fri Nov 07 19:02:21.663217 2025] [php:error] [pid 4808:tid 2000] [client 80.82.70.133:39872] script 'C:/lss/xampp/htdocs/phpinfo.php' not found or unable to stat
[Fri Nov 07 19:02:21.960098 2025] [php:error] [pid 4808:tid 2000] [client 80.82.70.133:39900] script 'C:/lss/xampp/htdocs/test.php' not found or unable to stat
[Fri Nov 07 19:02:22.211747 2025] [php:error] [pid 4808:tid 2000] [client 80.82.70.133:39910] script 'C:/lss/xampp/htdocs/1.php' not found or unable to stat
[Fri Nov 07 19:02:23.133613 2025] [php:error] [pid 4808:tid 2008] [client 80.82.70.133:39920] script 'C:/lss/xampp/htdocs/2.php' not found or unable to stat
[Fri Nov 07 19:02:23.368110 2025] [php:error] [pid 4808:tid 2008] [client 80.82.70.133:39930] script 'C:/lss/xampp/htdocs/3.php' not found or unable to stat
[Fri Nov 07 19:42:45.260648 2025] [cgi:error] [pid 4808:tid 2008] [client 193.26.115.195:50892] AH02811: script not found or unable to stat: C:/lss/xampp/cgi-bin/login.cgi
[Fri Nov 07 19:42:45.635796 2025] [cgi:error] [pid 4808:tid 2008] [client 193.26.115.195:50906] AH02811: script not found or unable to stat: C:/lss/xampp/cgi-bin/cgi_main.cgi, referer: http://91.132.49.59/cfg_system_time.htm
[Fri Nov 07 19:42:45.885915 2025] [cgi:error] [pid 4808:tid 2008] [client 193.26.115.195:50920] AH02811: script not found or unable to stat: C:/lss/xampp/cgi-bin/server, referer: http://91.132.49.59/cgi-bin/server/server.cgi?func=server02_main_submit&counter=6.7496022225883&TEST_BTN4=
[Fri Nov 07 19:42:46.166907 2025] [core:error] [pid 4808:tid 2008] [client 193.26.115.195:50932] AH10244: invalid URI path (/cgi-bin/.%%32%65/.%%32%65/.%%32%65/.%%32%65/.%%32%65/.%%32%65/bin/sh)
[Fri Nov 07 20:26:51.753012 2025] [cgi:error] [pid 4808:tid 2000] [client 193.142.147.209:54702] AH02811: script not found or unable to stat: C:/lss/xampp/cgi-bin/luci
[Fri Nov 07 20:35:54.601910 2025] [core:error] [pid 4808:tid 2000] [client 212.227.3.26:50846] AH10244: invalid URI path (/cgi-bin/.%2e/.%2e/.%2e/.%2e/.%2e/.%2e/.%2e/.%2e/.%2e/.%2e/bin/sh)
[Fri Nov 07 20:35:55.917468 2025] [core:error] [pid 4808:tid 2000] [client 212.227.3.26:50848] AH10244: invalid URI path (/cgi-bin/%%32%65%%32%65/%%32%65%%32%65/%%32%65%%32%65/%%32%65%%32%65/%%32%65%%32%65/%%32%65%%32%65/%%32%65%%32%65/bin/sh)
[Fri Nov 07 20:49:20.614497 2025] [cgi:error] [pid 4808:tid 2000] [client 193.142.147.209:56704] AH02811: script not found or unable to stat: C:/lss/xampp/cgi-bin/luci
[Fri Nov 07 21:46:37.590207 2025] [php:warn] [pid 4808:tid 2000] [client 93.174.93.12:60000] PHP Warning: Undefined array key "HTTP_HOST" in C:\\lss\\xampp\\htdocs\\index.php on line 7
[Fri Nov 07 22:16:28.010315 2025] [php:warn] [pid 4808:tid 2000] [client 198.235.24.84:50892] PHP Warning: Undefined array key "HTTP_HOST" in C:\\lss\\xampp\\htdocs\\index.php on line 7
[Sat Nov 08 00:03:35.593384 2025] [cgi:error] [pid 4808:tid 2004] [client 193.142.147.209:27942] AH02811: script not found or unable to stat: C:/lss/xampp/cgi-bin/luci
[Sat Nov 08 00:13:15.934047 2025] [cgi:error] [pid 4808:tid 2004] [client 193.26.115.195:58918] AH02811: script not found or unable to stat: C:/lss/xampp/cgi-bin/login.cgi
[Sat Nov 08 00:13:16.246551 2025] [cgi:error] [pid 4808:tid 2004] [client 193.26.115.195:58944] AH02811: script not found or unable to stat: C:/lss/xampp/cgi-bin/cgi_main.cgi, referer: http://91.132.49.59/cfg_system_time.htm
[Sat Nov 08 00:13:16.402825 2025] [cgi:error] [pid 4808:tid 2004] [client 193.26.115.195:58954] AH02811: script not found or unable to stat: C:/lss/xampp/cgi-bin/server, referer: http://91.132.49.59/cgi-bin/server/server.cgi?func=server02_main_submit&counter=6.7496022225883&TEST_BTN4=
[Sat Nov 08 00:13:16.559100 2025] [core:error] [pid 4808:tid 2004] [client 193.26.115.195:58960] AH10244: invalid URI path (/cgi-bin/.%%32%65/.%%32%65/.%%32%65/.%%32%65/.%%32%65/.%%32%65/bin/sh)
[Sat Nov 08 00:17:33.498686 2025] [php:error] [pid 4808:tid 2004] [client 78.153.140.203:49440] script 'C:/lss/xampp/htdocs/app_dev.php' not found or unable to stat
[Sat Nov 08 00:31:15.378441 2025] [cgi:error] [pid 4808:tid 2004] [client 193.142.147.209:54712] AH02811: script not found or unable to stat: C:/lss/xampp/cgi-bin/luci
[Sat Nov 08 02:56:33.683701 2025] [cgi:error] [pid 4808:tid 2004] [client 193.142.147.209:50572] AH02811: script not found or unable to stat: C:/lss/xampp/cgi-bin/luci
[Sat Nov 08 03:21:14.272506 2025] [cgi:error] [pid 4808:tid 2004] [client 193.142.147.209:13292] AH02811: script not found or unable to stat: C:/lss/xampp/cgi-bin/luci
[Sat Nov 08 03:28:53.404106 2025] [cgi:error] [pid 4808:tid 2004] [client 193.142.147.209:17656] AH02811: script not found or unable to stat: C:/lss/xampp/cgi-bin/luci
[Sat Nov 08 04:12:56.062290 2025] [cgi:error] [pid 4808:tid 2004] [client 193.142.147.209:43248] AH02811: script not found or unable to stat: C:/lss/xampp/cgi-bin/luci
[Sat Nov 08 05:43:09.028903 2025] [cgi:error] [pid 4808:tid 2004] [client 193.142.147.209:9304] AH02811: script not found or unable to stat: C:/lss/xampp/cgi-bin/luci
[Sat Nov 08 06:00:37.688616 2025] [cgi:error] [pid 4808:tid 2004] [client 193.142.147.209:50302] AH02811: script not found or unable to stat: C:/lss/xampp/cgi-bin/luci
[Sat Nov 08 08:02:01.938514 2025] [cgi:error] [pid 4808:tid 2004] [client 193.142.147.209:16254] AH02811: script not found or unable to stat: C:/lss/xampp/cgi-bin/luci
[Sat Nov 08 11:34:10.592769 2025] [php:warn] [pid 4808:tid 2004] [client 93.174.93.12:60000] PHP Warning: Undefined array key "HTTP_HOST" in C:\\lss\\xampp\\htdocs\\index.php on line 7
[Sat Nov 08 13:09:16.391700 2025] [core:error] [pid 4808:tid 2000] [client 62.169.30.38:49458] AH10244: invalid URI path (/cgi-bin/.%2e/.%2e/.%2e/.%2e/.%2e/.%2e/.%2e/.%2e/.%2e/.%2e/bin/sh)
[Sat Nov 08 13:16:59.243087 2025] [cgi:error] [pid 4808:tid 2004] [client 193.142.147.209:18336] AH02811: script not found or unable to stat: C:/lss/xampp/cgi-bin/luci
[Sat Nov 08 13:18:22.892839 2025] [php:warn] [pid 4808:tid 2004] [client 51.158.54.10:61001] PHP Warning: Undefined array key "HTTP_HOST" in C:\\lss\\xampp\\htdocs\\index.php on line 7
[Sat Nov 08 13:35:50.868773 2025] [cgi:error] [pid 4808:tid 2000] [client 221.159.119.6:59684] AH02811: script not found or unable to stat: C:/lss/xampp/cgi-bin/luci
[Sat Nov 08 13:35:51.181465 2025] [cgi:error] [pid 4808:tid 2000] [client 221.159.119.6:60011] AH02811: script not found or unable to stat: C:/lss/xampp/cgi-bin/luci
[Sat Nov 08 13:56:45.913312 2025] [cgi:error] [pid 4808:tid 2000] [client 193.142.147.209:7734] AH02811: script not found or unable to stat: C:/lss/xampp/cgi-bin/luci
[Sat Nov 08 14:58:42.028105 2025] [php:error] [pid 4808:tid 2000] [client 65.49.1.172:56616] script 'C:/lss/xampp/htdocs/info.php' not found or unable to stat
[Sat Nov 08 14:58:52.812879 2025] [php:error] [pid 4808:tid 2000] [client 65.49.1.172:48274] script 'C:/lss/xampp/htdocs/phpinfo.php' not found or unable to stat
[Sat Nov 08 16:48:25.306420 2025] [php:error] [pid 4808:tid 1996] [client 178.62.223.91:37378] script 'C:/lss/xampp/htdocs/alive.php' not found or unable to stat
[Sat Nov 08 17:38:29.125333 2025] [ssl:warn] [pid 11248:tid 560] AH01909: www.example.com:443:0 server certificate does NOT include an ID which matches the server name
[Sat Nov 08 17:38:29.219087 2025] [core:warn] [pid 11248:tid 560] AH00098: pid file C:/lss/xampp/apache/logs/httpd.pid overwritten -- Unclean shutdown of previous Apache run?
[Sat Nov 08 17:38:29.219087 2025] [ssl:warn] [pid 11248:tid 560] AH01909: www.example.com:443:0 server certificate does NOT include an ID which matches the server name
[Sat Nov 08 17:38:29.390932 2025] [mpm_winnt:notice] [pid 11248:tid 560] AH00455: Apache/2.4.58 (Win64) OpenSSL/3.1.3 PHP/8.2.12 configured -- resuming normal operations
[Sat Nov 08 17:38:29.390932 2025] [mpm_winnt:notice] [pid 11248:tid 560] AH00456: Apache Lounge VS17 Server built: Oct 18 2023 13:03:18
[Sat Nov 08 17:38:29.390932 2025] [core:notice] [pid 11248:tid 560] AH00094: Command line: 'c:\\lss\\xampp\\apache\\bin\\httpd.exe -d C:/lss/xampp/apache'
[Sat Nov 08 17:38:29.390932 2025] [mpm_winnt:notice] [pid 11248:tid 560] AH00418: Parent: Created child process 9924
[Sat Nov 08 17:38:30.265932 2025] [ssl:warn] [pid 9924:tid 576] AH01909: www.example.com:443:0 server certificate does NOT include an ID which matches the server name
[Sat Nov 08 17:38:30.344054 2025] [ssl:warn] [pid 9924:tid 576] AH01909: www.example.com:443:0 server certificate does NOT include an ID which matches the server name
[Sat Nov 08 17:38:30.469092 2025] [mpm_winnt:notice] [pid 9924:tid 576] AH00354: Child: Starting 150 worker threads.
[Sat Nov 08 17:42:36.925224 2025] [php:warn] [pid 9924:tid 2072] [client 91.232.238.112:61001] PHP Warning: Undefined array key "HTTP_HOST" in C:\\lss\\xampp\\htdocs\\index.php on line 7
[Sat Nov 08 17:44:28.725043 2025] [cgi:error] [pid 9924:tid 2072] [client 193.142.147.209:3682] AH02811: script not found or unable to stat: C:/lss/xampp/cgi-bin/luci
[Sat Nov 08 17:47:56.174550 2025] [cgi:error] [pid 9924:tid 2072] [client 193.142.147.209:45974] AH02811: script not found or unable to stat: C:/lss/xampp/cgi-bin/luci
[Sat Nov 08 17:49:02.761570 2025] [ssl:warn] [pid 11204:tid 524] AH01909: www.example.com:443:0 server certificate does NOT include an ID which matches the server name
AH00112: Warning: DocumentRoot [C:/limesurvey] does not exist
[Sat Nov 08 17:49:02.839689 2025] [core:warn] [pid 11204:tid 524] AH00098: pid file C:/lss/xampp/apache/logs/httpd.pid overwritten -- Unclean shutdown of previous Apache run?
[Sat Nov 08 17:49:02.839689 2025] [ssl:warn] [pid 11204:tid 524] AH01909: www.example.com:443:0 server certificate does NOT include an ID which matches the server name
[Sat Nov 08 17:49:02.949069 2025] [mpm_winnt:notice] [pid 11204:tid 524] AH00455: Apache/2.4.58 (Win64) OpenSSL/3.1.3 PHP/8.2.12 configured -- resuming normal operations
[Sat Nov 08 17:49:02.949069 2025] [mpm_winnt:notice] [pid 11204:tid 524] AH00456: Apache Lounge VS17 Server built: Oct 18 2023 13:03:18
[Sat Nov 08 17:49:02.949069 2025] [core:notice] [pid 11204:tid 524] AH00094: Command line: 'c:\\lss\\xampp\\apache\\bin\\httpd.exe -d C:/lss/xampp/apache'
[Sat Nov 08 17:49:02.949069 2025] [mpm_winnt:notice] [pid 11204:tid 524] AH00418: Parent: Created child process 316
AH00112: Warning: DocumentRoot [C:/limesurvey] does not exist
[Sat Nov 08 17:49:03.870969 2025] [ssl:warn] [pid 316:tid 552] AH01909: www.example.com:443:0 server certificate does NOT include an ID which matches the server name
AH00112: Warning: DocumentRoot [C:/limesurvey] does not exist
[Sat Nov 08 17:49:03.933587 2025] [ssl:warn] [pid 316:tid 552] AH01909: www.example.com:443:0 server certificate does NOT include an ID which matches the server name
[Sat Nov 08 17:49:04.042834 2025] [mpm_winnt:notice] [pid 316:tid 552] AH00354: Child: Starting 150 worker threads.
[Sat Nov 08 17:52:33.942421 2025] [ssl:warn] [pid 3228:tid 524] AH01909: www.example.com:443:0 server certificate does NOT include an ID which matches the server name
[Sat Nov 08 17:52:34.036184 2025] [core:warn] [pid 3228:tid 524] AH00098: pid file C:/lss/xampp/apache/logs/httpd.pid overwritten -- Unclean shutdown of previous Apache run?
[Sat Nov 08 17:52:34.051785 2025] [ssl:warn] [pid 3228:tid 524] AH01909: www.example.com:443:0 server certificate does NOT include an ID which matches the server name
[Sat Nov 08 17:52:34.145534 2025] [mpm_winnt:notice] [pid 3228:tid 524] AH00455: Apache/2.4.58 (Win64) OpenSSL/3.1.3 PHP/8.2.12 configured -- resuming normal operations
[Sat Nov 08 17:52:34.145534 2025] [mpm_winnt:notice] [pid 3228:tid 524] AH00456: Apache Lounge VS17 Server built: Oct 18 2023 13:03:18
[Sat Nov 08 17:52:34.145534 2025] [core:notice] [pid 3228:tid 524] AH00094: Command line: 'c:\\lss\\xampp\\apache\\bin\\httpd.exe -d C:/lss/xampp/apache'
[Sat Nov 08 17:52:34.145534 2025] [mpm_winnt:notice] [pid 3228:tid 524] AH00418: Parent: Created child process 6392
[Sat Nov 08 17:52:34.942428 2025] [ssl:warn] [pid 6392:tid 572] AH01909: www.example.com:443:0 server certificate does NOT include an ID which matches the server name
[Sat Nov 08 17:52:35.004912 2025] [ssl:warn] [pid 6392:tid 572] AH01909: www.example.com:443:0 server certificate does NOT include an ID which matches the server name
[Sat Nov 08 17:52:35.098737 2025] [mpm_winnt:notice] [pid 6392:tid 572] AH00354: Child: Starting 150 worker threads.
[Sat Nov 08 18:02:13.295125 2025] [php:error] [pid 6392:tid 2064] [client 78.153.140.177:44492] script 'C:/lss/xampp/htdocs/app_dev.php' not found or unable to stat
[Sat Nov 08 18:02:36.890620 2025] [php:error] [pid 6392:tid 2064] [client 78.153.140.177:38490] script 'C:/lss/xampp/htdocs/phpinfos.php' not found or unable to stat
[Sat Nov 08 18:35:14.282114 2025] [core:error] [pid 6392:tid 2056] [client 62.84.181.65:37824] AH10244: invalid URI path (/cgi-bin/.%2e/.%2e/.%2e/.%2e/.%2e/.%2e/.%2e/.%2e/.%2e/.%2e/bin/sh)
[Sat Nov 08 19:05:39.860758 2025] [core:error] [pid 6392:tid 2056] [client 165.154.233.77:47162] AH10244: invalid URI path (/cgi-bin/.%2e/.%2e/.%2e/.%2e/.%2e/.%2e/.%2e/.%2e/.%2e/.%2e/bin/sh)
[Sat Nov 08 21:56:28.801939 2025] [cgi:error] [pid 6392:tid 2064] [client 193.142.147.209:5496] AH02811: script not found or unable to stat: C:/lss/xampp/cgi-bin/luci
[Sun Nov 09 03:46:20.993330 2025] [core:error] [pid 6392:tid 2064] [client 120.77.83.14:44556] AH10244: invalid URI path (/cgi-bin/.%2e/.%2e/.%2e/.%2e/.%2e/.%2e/.%2e/.%2e/.%2e/.%2e/bin/sh)
[Sun Nov 09 07:50:00.273468 2025] [cgi:error] [pid 6392:tid 2040] [client 193.142.147.209:47922] AH02811: script not found or unable to stat: C:/lss/xampp/cgi-bin/luci
[Sun Nov 09 10:14:18.342977 2025] [php:error] [pid 6392:tid 2044] [client 204.76.203.30:42016] script 'C:/lss/xampp/htdocs/app_dev.php' not found or unable to stat
[Sun Nov 09 11:55:10.583100 2025] [cgi:error] [pid 6392:tid 2064] [client 193.142.147.209:6954] AH02811: script not found or unable to stat: C:/lss/xampp/cgi-bin/luci
[Sun Nov 09 15:52:11.468163 2025] [cgi:error] [pid 6392:tid 2064] [client 193.142.147.209:63868] AH02811: script not found or unable to stat: C:/lss/xampp/cgi-bin/luci
[Sun Nov 09 23:17:41.357099 2025] [cgi:error] [pid 6392:tid 2064] [client 193.142.147.209:35828] AH02811: script not found or unable to stat: C:/lss/xampp/cgi-bin/luci
[Mon Nov 10 02:58:01.763513 2025] [cgi:error] [pid 6392:tid 2044] [client 193.142.147.209:27750] AH02811: script not found or unable to stat: C:/lss/xampp/cgi-bin/luci
[Mon Nov 10 06:35:48.843870 2025] [cgi:error] [pid 6392:tid 2008] [client 193.142.147.209:55770] AH02811: script not found or unable to stat: C:/lss/xampp/cgi-bin/luci
[Mon Nov 10 07:27:22.935164 2025] [core:error] [pid 6392:tid 2004] [client 152.42.233.120:25706] AH10244: invalid URI path (/cgi-bin/.%2e/.%2e/.%2e/.%2e/.%2e/.%2e/.%2e/.%2e/.%2e/.%2e/bin/sh)
[Mon Nov 10 11:02:14.101935 2025] [cgi:error] [pid 6392:tid 2004] [client 193.142.147.209:57514] AH02811: script not found or unable to stat: C:/lss/xampp/cgi-bin/luci
[Mon Nov 10 14:11:26.884010 2025] [cgi:error] [pid 6392:tid 1996] [client 193.142.147.209:24582] AH02811: script not found or unable to stat: C:/lss/xampp/cgi-bin/luci
[Mon Nov 10 16:46:11.566233 2025] [cgi:error] [pid 6392:tid 1996] [client 193.142.147.209:47206] AH02811: script not found or unable to stat: C:/lss/xampp/cgi-bin/luci
[Mon Nov 10 18:08:05.572032 2025] [cgi:error] [pid 6392:tid 2012] [client 193.142.147.209:37316] AH02811: script not found or unable to stat: C:/lss/xampp/cgi-bin/luci
[Mon Nov 10 20:47:04.569833 2025] [core:error] [pid 6392:tid 2008] [client 101.36.107.228:40240] AH10244: invalid URI path (/cgi-bin/.%2e/.%2e/.%2e/.%2e/.%2e/.%2e/.%2e/.%2e/.%2e/.%2e/bin/sh)
[Mon Nov 10 21:26:34.238274 2025] [cgi:error] [pid 6392:tid 1996] [client 193.142.147.209:15124] AH02811: script not found or unable to stat: C:/lss/xampp/cgi-bin/luci
[Mon Nov 10 23:49:56.434172 2025] [cgi:error] [pid 6392:tid 2016] [client 193.142.147.209:23806] AH02811: script not found or unable to stat: C:/lss/xampp/cgi-bin/luci
[Tue Nov 11 01:56:08.120353 2025] [cgi:error] [pid 6392:tid 2008] [client 193.142.147.209:21756] AH02811: script not found or unable to stat: C:/lss/xampp/cgi-bin/luci
[Tue Nov 11 04:06:08.080190 2025] [cgi:error] [pid 6392:tid 2008] [client 193.142.147.209:9258] AH02811: script not found or unable to stat: C:/lss/xampp/cgi-bin/luci
[Tue Nov 11 07:29:46.294797 2025] [php:error] [pid 6392:tid 2012] [client 170.64.183.150:40984] script 'C:/lss/xampp/htdocs/alive.php' not found or unable to stat
[Tue Nov 11 09:01:03.403583 2025] [cgi:error] [pid 6392:tid 2004] [client 193.142.147.209:58542] AH02811: script not found or unable to stat: C:/lss/xampp/cgi-bin/luci
[Tue Nov 11 09:07:32.374396 2025] [php:error] [pid 6392:tid 2004] [client 78.153.140.179:58822] script 'C:/lss/xampp/htdocs/app_dev.php' not found or unable to stat
[Tue Nov 11 11:05:56.065053 2025] [cgi:error] [pid 6392:tid 2016] [client 193.142.147.209:56420] AH02811: script not found or unable to stat: C:/lss/xampp/cgi-bin/luci
[Tue Nov 11 11:37:25.550670 2025] [php:warn] [pid 6392:tid 2008] [client 185.67.33.218:14170] PHP Warning: Undefined array key "HTTP_HOST" in C:\\lss\\xampp\\htdocs\\index.php on line 7
[Tue Nov 11 11:37:25.785090 2025] [php:warn] [pid 6392:tid 2016] [client 185.67.33.218:14173] PHP Warning: Undefined array key "HTTP_HOST" in C:\\lss\\xampp\\htdocs\\index.php on line 7
[Tue Nov 11 11:37:26.222556 2025] [php:warn] [pid 6392:tid 2064] [client 185.67.33.218:14183] PHP Warning: Undefined array key "HTTP_HOST" in C:\\lss\\xampp\\htdocs\\index.php on line 7
[Tue Nov 11 13:04:49.291111 2025] [php:warn] [pid 6392:tid 2004] [client 185.67.33.213:45791] PHP Warning: Undefined array key "HTTP_HOST" in C:\\lss\\xampp\\htdocs\\index.php on line 7
[Tue Nov 11 13:04:49.697363 2025] [php:warn] [pid 6392:tid 2004] [client 185.67.33.213:45797] PHP Warning: Undefined array key "HTTP_HOST" in C:\\lss\\xampp\\htdocs\\index.php on line 7
[Tue Nov 11 13:30:10.619279 2025] [cgi:error] [pid 6392:tid 2004] [client 193.142.147.209:35616] AH02811: script not found or unable to stat: C:/lss/xampp/cgi-bin/luci
[Tue Nov 11 15:51:04.885124 2025] [cgi:error] [pid 6392:tid 2056] [client 193.142.147.209:41644] AH02811: script not found or unable to stat: C:/lss/xampp/cgi-bin/luci
[Tue Nov 11 18:09:48.068174 2025] [cgi:error] [pid 6392:tid 2056] [client 193.142.147.209:61484] AH02811: script not found or unable to stat: C:/lss/xampp/cgi-bin/luci
[Tue Nov 11 20:37:41.551257 2025] [cgi:error] [pid 6392:tid 2056] [client 193.142.147.209:23802] AH02811: script not found or unable to stat: C:/lss/xampp/cgi-bin/luci
[Tue Nov 11 22:50:31.086069 2025] [cgi:error] [pid 6392:tid 2064] [client 193.142.147.209:53078] AH02811: script not found or unable to stat: C:/lss/xampp/cgi-bin/luci
[Wed Nov 12 01:18:22.286379 2025] [cgi:error] [pid 6392:tid 2036] [client 193.142.147.209:63106] AH02811: script not found or unable to stat: C:/lss/xampp/cgi-bin/luci
[Wed Nov 12 03:23:00.675625 2025] [cgi:error] [pid 6392:tid 2012] [client 193.142.147.209:54300] AH02811: script not found or unable to stat: C:/lss/xampp/cgi-bin/luci
[Wed Nov 12 04:24:42.571094 2025] [php:error] [pid 6392:tid 2012] [client 78.153.140.203:50912] script 'C:/lss/xampp/htdocs/app_dev.php' not found or unable to stat
[Wed Nov 12 04:53:36.590070 2025] [php:error] [pid 6392:tid 2056] [client 185.67.33.247:49341] script 'C:/lss/xampp/htdocs/adminer.php' not found or unable to stat
[Wed Nov 12 05:49:00.288798 2025] [cgi:error] [pid 6392:tid 2064] [client 193.142.147.209:41698] AH02811: script not found or unable to stat: C:/lss/xampp/cgi-bin/luci
[Wed Nov 12 08:10:49.164062 2025] [cgi:error] [pid 6392:tid 2012] [client 193.142.147.209:39054] AH02811: script not found or unable to stat: C:/lss/xampp/cgi-bin/luci
[Wed Nov 12 10:17:11.396133 2025] [cgi:error] [pid 6392:tid 2036] [client 193.142.147.209:27438] AH02811: script not found or unable to stat: C:/lss/xampp/cgi-bin/luci
[Wed Nov 12 10:28:36.889538 2025] [php:error] [pid 6392:tid 2036] [client 204.76.203.30:53878] script 'C:/lss/xampp/htdocs/awstatstotals.php' not found or unable to stat
[Wed Nov 12 10:28:37.577050 2025] [cgi:error] [pid 6392:tid 2036] [client 204.76.203.30:39402] AH02811: script not found or unable to stat: C:/lss/xampp/cgi-bin/tsaws.cgi
[Wed Nov 12 12:56:00.011662 2025] [cgi:error] [pid 6392:tid 2036] [client 193.142.147.209:27520] AH02811: script not found or unable to stat: C:/lss/xampp/cgi-bin/luci
[Wed Nov 12 14:44:35.536720 2025] [cgi:error] [pid 6392:tid 2036] [client 193.142.147.209:43280] AH02811: script not found or unable to stat: C:/lss/xampp/cgi-bin/luci
[Wed Nov 12 18:24:49.202135 2025] [cgi:error] [pid 6392:tid 1960] [client 193.142.147.209:33160] AH02811: script not found or unable to stat: C:/lss/xampp/cgi-bin/luci
[Wed Nov 12 21:11:42.841310 2025] [mpm_winnt:error] [pid 6392:tid 4380] AH00326: Server ran out of threads to serve requests. Consider raising the ThreadsPerChild setting
[Wed Nov 12 22:19:45.175703 2025] [cgi:error] [pid 6392:tid 2056] [client 193.142.147.209:45020] AH02811: script not found or unable to stat: C:/lss/xampp/cgi-bin/luci
[Thu Nov 13 07:50:44.872209 2025] [php:error] [pid 6392:tid 1980] [client 204.76.203.30:38536] script 'C:/lss/xampp/htdocs/app_dev.php' not found or unable to stat
[Thu Nov 13 07:50:46.559676 2025] [php:error] [pid 6392:tid 1980] [client 204.76.203.30:46158] script 'C:/lss/xampp/htdocs/pinfo.php' not found or unable to stat
[Thu Nov 13 14:19:33.138780 2025] [php:error] [pid 6392:tid 1960] [client 167.71.2.220:52854] script 'C:/lss/xampp/htdocs/alive.php' not found or unable to stat
[Fri Nov 14 04:24:10.166419 2025] [cgi:error] [pid 6392:tid 1860] [client 193.142.147.209:1690] AH02811: script not found or unable to stat: C:/lss/xampp/cgi-bin/luci
[Fri Nov 14 10:28:22.745399 2025] [core:error] [pid 6392:tid 1980] [client 101.36.108.167:24280] AH10244: invalid URI path (/cgi-bin/.%2e/.%2e/.%2e/.%2e/.%2e/.%2e/.%2e/.%2e/.%2e/.%2e/bin/sh)
[Fri Nov 14 11:51:03.970730 2025] [cgi:error] [pid 6392:tid 1980] [client 193.142.147.209:57446] AH02811: script not found or unable to stat: C:/lss/xampp/cgi-bin/luci
[Fri Nov 14 13:23:28.421712 2025] [core:error] [pid 6392:tid 2056] [client 185.250.37.224:55416] AH10244: invalid URI path (/cgi-bin/.%2e/.%2e/.%2e/.%2e/.%2e/.%2e/.%2e/.%2e/.%2e/.%2e/bin/sh)
[Fri Nov 14 16:00:26.159533 2025] [cgi:error] [pid 6392:tid 1980] [client 193.142.147.209:60562] AH02811: script not found or unable to stat: C:/lss/xampp/cgi-bin/luci
[Fri Nov 14 16:20:39.997556 2025] [php:error] [pid 6392:tid 1980] [client 204.76.203.30:48388] script 'C:/lss/xampp/htdocs/app_dev.php' not found or unable to stat
[Fri Nov 14 16:20:47.959559 2025] [php:error] [pid 6392:tid 1980] [client 204.76.203.30:50756] script 'C:/lss/xampp/htdocs/app_dev.php' not found or unable to stat
[Fri Nov 14 16:20:49.115868 2025] [php:error] [pid 6392:tid 1980] [client 204.76.203.30:39408] script 'C:/lss/xampp/htdocs/phpinfo.php' not found or unable to stat
[Fri Nov 14 16:21:07.198521 2025] [php:error] [pid 6392:tid 1980] [client 204.76.203.30:59358] script 'C:/lss/xampp/htdocs/php-info.php' not found or unable to stat
[Fri Nov 14 17:05:58.098911 2025] [cgi:error] [pid 6392:tid 1980] [client 193.142.147.209:36598] AH02811: script not found or unable to stat: C:/lss/xampp/cgi-bin/luci
[Sat Nov 15 02:14:40.123953 2025] [core:error] [pid 6392:tid 2056] [client 120.205.80.210:46622] AH10244: invalid URI path (/cgi-bin/.%2e/.%2e/.%2e/.%2e/.%2e/.%2e/.%2e/.%2e/.%2e/.%2e/bin/sh)
[Sat Nov 15 03:11:33.762425 2025] [core:error] [pid 6392:tid 2056] [client 8.133.4.20:45762] AH10244: invalid URI path (/cgi-bin/.%2e/.%2e/.%2e/.%2e/.%2e/.%2e/.%2e/.%2e/.%2e/.%2e/bin/sh)
[Sat Nov 15 14:00:55.799105 2025] [cgi:error] [pid 6392:tid 2056] [client 193.142.147.209:18664] AH02811: script not found or unable to stat: C:/lss/xampp/cgi-bin/luci
[Sat Nov 15 19:55:55.993788 2025] [core:error] [pid 6392:tid 1980] [client 103.56.115.6:49408] AH10244: invalid URI path (/cgi-bin/.%2e/.%2e/.%2e/.%2e/.%2e/.%2e/.%2e/.%2e/.%2e/.%2e/bin/sh)
[Sat Nov 15 21:15:31.871659 2025] [php:error] [pid 6392:tid 2056] [client 78.153.140.179:54862] script 'C:/lss/xampp/htdocs/app_dev.php' not found or unable to stat
[Sat Nov 15 21:51:50.536120 2025] [php:error] [pid 6392:tid 1980] [client 165.22.179.245:51012] script 'C:/lss/xampp/htdocs/alive.php' not found or unable to stat
[Sat Nov 15 22:42:20.890297 2025] [cgi:error] [pid 6392:tid 1980] [client 193.142.147.209:40616] AH02811: script not found or unable to stat: C:/lss/xampp/cgi-bin/luci
[Sat Nov 15 23:47:10.510456 2025] [php:error] [pid 6392:tid 1980] [client 204.76.203.30:60828] script 'C:/lss/xampp/htdocs/app_dev.php' not found or unable to stat
[Sun Nov 16 01:17:46.780771 2025] [core:error] [pid 6392:tid 1980] [client 158.220.92.62:35450] AH10244: invalid URI path (/cgi-bin/.%2e/.%2e/.%2e/.%2e/.%2e/.%2e/.%2e/.%2e/.%2e/.%2e/bin/sh)
[Sun Nov 16 01:18:02.297173 2025] [core:error] [pid 6392:tid 1980] [client 158.220.92.62:35464] AH10244: invalid URI path (/cgi-bin/%%32%65%%32%65/%%32%65%%32%65/%%32%65%%32%65/%%32%65%%32%65/%%32%65%%32%65/%%32%65%%32%65/%%32%65%%32%65/bin/sh)
[Sun Nov 16 01:53:57.655725 2025] [core:error] [pid 6392:tid 1980] [client 8.213.148.191:53376] AH10244: invalid URI path (/cgi-bin/.%2e/.%2e/.%2e/.%2e/.%2e/.%2e/.%2e/.%2e/.%2e/.%2e/bin/sh)
[Sun Nov 16 02:16:32.406241 2025] [php:error] [pid 6392:tid 1980] [client 78.153.140.203:51598] script 'C:/lss/xampp/htdocs/app_dev.php' not found or unable to stat
[Sun Nov 16 02:16:40.419701 2025] [php:error] [pid 6392:tid 1980] [client 78.153.140.203:39844] script 'C:/lss/xampp/htdocs/test.php' not found or unable to stat
[Sun Nov 16 04:19:32.907529 2025] [core:error] [pid 6392:tid 1980] [client 111.228.3.41:37126] AH10244: invalid URI path (/cgi-bin/.%2e/.%2e/.%2e/.%2e/.%2e/.%2e/.%2e/.%2e/.%2e/.%2e/bin/sh)
[Sun Nov 16 05:40:02.741229 2025] [php:error] [pid 6392:tid 1980] [client 78.153.140.224:55678] script 'C:/lss/xampp/htdocs/getcfg.php' not found or unable to stat
[Sun Nov 16 05:43:39.134510 2025] [cgi:error] [pid 6392:tid 1980] [client 193.142.147.209:41154] AH02811: script not found or unable to stat: C:/lss/xampp/cgi-bin/luci
[Sun Nov 16 09:01:48.677586 2025] [core:error] [pid 6392:tid 1980] [client 172.203.208.3:47132] AH10244: invalid URI path (/cgi-bin/.%2e/.%2e/.%2e/.%2e/.%2e/.%2e/.%2e/.%2e/.%2e/.%2e/bin/sh)
[Sun Nov 16 10:16:16.477467 2025] [core:error] [pid 6392:tid 1980] [client 158.220.115.215:37716] AH10244: invalid URI path (/cgi-bin/.%2e/.%2e/.%2e/.%2e/.%2e/.%2e/.%2e/.%2e/.%2e/.%2e/bin/sh)
[Sun Nov 16 10:26:38.739342 2025] [cgi:error] [pid 6392:tid 1980] [client 193.142.147.209:42164] AH02811: script not found or unable to stat: C:/lss/xampp/cgi-bin/luci
[Sun Nov 16 11:13:19.492523 2025] [core:error] [pid 6392:tid 2056] [client 116.203.195.72:38886] AH10244: invalid URI path (/cgi-bin/.%2e/.%2e/.%2e/.%2e/.%2e/.%2e/.%2e/.%2e/.%2e/.%2e/bin/sh)
[Sun Nov 16 15:59:09.717358 2025] [core:error] [pid 6392:tid 1980] [client 203.202.242.20:41890] AH10244: invalid URI path (/cgi-bin/.%2e/.%2e/.%2e/.%2e/.%2e/.%2e/.%2e/.%2e/.%2e/.%2e/bin/sh)
[Sun Nov 16 16:50:50.432344 2025] [core:error] [pid 6392:tid 1980] [client 89.35.130.146:57778] AH10244: invalid URI path (/cgi-bin/.%2e/.%2e/.%2e/.%2e/.%2e/.%2e/.%2e/.%2e/.%2e/.%2e/bin/sh)
[Sun Nov 16 20:39:22.342837 2025] [cgi:error] [pid 6392:tid 1960] [client 193.142.147.209:8234] AH02811: script not found or unable to stat: C:/lss/xampp/cgi-bin/luci
[Sun Nov 16 20:47:22.411067 2025] [core:error] [pid 6392:tid 1960] [client 81.19.141.31:48812] AH10244: invalid URI path (/cgi-bin/.%2e/.%2e/.%2e/.%2e/.%2e/.%2e/.%2e/.%2e/.%2e/.%2e/bin/sh)
[Sun Nov 16 23:17:19.955858 2025] [cgi:error] [pid 6392:tid 1980] [client 193.142.147.209:24398] AH02811: script not found or unable to stat: C:/lss/xampp/cgi-bin/luci
[Mon Nov 17 02:44:52.730419 2025] [php:error] [pid 6392:tid 1912] [client 176.65.132.137:49295] script 'C:/lss/xampp/htdocs/phpinfo.php' not found or unable to stat
[Mon Nov 17 02:44:52.792932 2025] [php:error] [pid 6392:tid 1912] [client 176.65.132.137:49295] script 'C:/lss/xampp/htdocs/info.php' not found or unable to stat
[Mon Nov 17 02:44:53.794249 2025] [php:error] [pid 6392:tid 1912] [client 176.65.132.137:49295] script 'C:/lss/xampp/htdocs/php.php' not found or unable to stat
[Mon Nov 17 02:44:53.856755 2025] [php:error] [pid 6392:tid 1912] [client 176.65.132.137:49295] script 'C:/lss/xampp/htdocs/infophp.php' not found or unable to stat
[Mon Nov 17 02:44:53.950486 2025] [php:error] [pid 6392:tid 1912] [client 176.65.132.137:49295] script 'C:/lss/xampp/htdocs/php_info.php' not found or unable to stat
[Mon Nov 17 02:44:54.013030 2025] [php:error] [pid 6392:tid 1912] [client 176.65.132.137:49295] script 'C:/lss/xampp/htdocs/test.php' not found or unable to stat
[Mon Nov 17 02:44:54.059875 2025] [php:error] [pid 6392:tid 1912] [client 176.65.132.137:49295] script 'C:/lss/xampp/htdocs/i.php' not found or unable to stat
[Mon Nov 17 02:44:54.122383 2025] [php:error] [pid 6392:tid 1912] [client 176.65.132.137:49295] script 'C:/lss/xampp/htdocs/asdf.php' not found or unable to stat
[Mon Nov 17 02:44:54.184950 2025] [php:error] [pid 6392:tid 1912] [client 176.65.132.137:49295] script 'C:/lss/xampp/htdocs/pinfo.php' not found or unable to stat
[Mon Nov 17 02:44:54.247367 2025] [php:error] [pid 6392:tid 1912] [client 176.65.132.137:49295] script 'C:/lss/xampp/htdocs/phpversion.php' not found or unable to stat
[Mon Nov 17 02:44:54.325495 2025] [php:error] [pid 6392:tid 1912] [client 176.65.132.137:49295] script 'C:/lss/xampp/htdocs/time.php' not found or unable to stat
[Mon Nov 17 02:44:54.513002 2025] [php:error] [pid 6392:tid 1912] [client 176.65.132.137:49295] script 'C:/lss/xampp/htdocs/temp.php' not found or unable to stat
[Mon Nov 17 02:44:54.591104 2025] [php:error] [pid 6392:tid 1912] [client 176.65.132.137:49295] script 'C:/lss/xampp/htdocs/old_phpinfo.php' not found or unable to stat
[Mon Nov 17 02:44:54.653597 2025] [php:error] [pid 6392:tid 1912] [client 176.65.132.137:49295] script 'C:/lss/xampp/htdocs/infos.php' not found or unable to stat
[Mon Nov 17 02:44:54.717576 2025] [php:error] [pid 6392:tid 1912] [client 176.65.132.137:49295] script 'C:/lss/xampp/htdocs/linusadmin-phpinfo.php' not found or unable to stat
[Mon Nov 17 02:44:54.780178 2025] [php:error] [pid 6392:tid 1912] [client 176.65.132.137:49295] script 'C:/lss/xampp/htdocs/php-info.php' not found or unable to stat
[Mon Nov 17 03:44:13.272442 2025] [cgi:error] [pid 6392:tid 1912] [client 193.142.147.209:8386] AH02811: script not found or unable to stat: C:/lss/xampp/cgi-bin/luci
[Mon Nov 17 11:07:55.767404 2025] [cgi:error] [pid 6392:tid 2056] [client 193.142.147.209:23304] AH02811: script not found or unable to stat: C:/lss/xampp/cgi-bin/luci
[Mon Nov 17 12:57:53.062282 2025] [cgi:error] [pid 6392:tid 2056] [client 83.142.209.111:49496] AH02811: script not found or unable to stat: C:/lss/xampp/cgi-bin/luci
[Mon Nov 17 13:51:41.535140 2025] [cgi:error] [pid 6392:tid 2056] [client 193.142.147.209:40054] AH02811: script not found or unable to stat: C:/lss/xampp/cgi-bin/luci
[Mon Nov 17 16:09:19.572919 2025] [php:warn] [pid 6392:tid 1960] [client 165.227.159.7:12823] PHP Warning: Undefined array key "HTTP_HOST" in C:\\lss\\xampp\\htdocs\\index.php on line 7
[Mon Nov 17 16:09:20.079987 2025] [php:warn] [pid 6392:tid 1960] [client 165.227.159.7:32393] PHP Warning: Undefined array key "HTTP_HOST" in C:\\lss\\xampp\\htdocs\\index.php on line 7
[Mon Nov 17 16:47:43.257548 2025] [core:error] [pid 6392:tid 1860] [client 212.127.78.122:51080] AH10244: invalid URI path (/cgi-bin/.%2e/.%2e/.%2e/.%2e/.%2e/.%2e/.%2e/.%2e/.%2e/.%2e/bin/sh)
[Mon Nov 17 16:49:38.578887 2025] [core:error] [pid 6392:tid 1860] [client 8.222.197.183:46808] AH10244: invalid URI path (/cgi-bin/.%2e/.%2e/.%2e/.%2e/.%2e/.%2e/.%2e/.%2e/.%2e/.%2e/bin/sh)
[Mon Nov 17 16:50:10.980232 2025] [core:error] [pid 6392:tid 1860] [client 8.222.197.183:40202] AH10244: invalid URI path (/cgi-bin/%%32%65%%32%65/%%32%65%%32%65/%%32%65%%32%65/%%32%65%%32%65/%%32%65%%32%65/%%32%65%%32%65/%%32%65%%32%65/bin/sh)
[Mon Nov 17 16:54:16.617258 2025] [cgi:error] [pid 6392:tid 1964] [client 193.142.147.209:13284] AH02811: script not found or unable to stat: C:/lss/xampp/cgi-bin/luci
[Mon Nov 17 17:43:40.592642 2025] [core:error] [pid 6392:tid 1860] [client 103.144.28.133:37166] AH10244: invalid URI path (/cgi-bin/.%2e/.%2e/.%2e/.%2e/.%2e/.%2e/.%2e/.%2e/.%2e/.%2e/bin/sh)
[Mon Nov 17 18:38:01.528056 2025] [php:error] [pid 6392:tid 1860] [client 35.216.140.3:56982] script 'C:/lss/xampp/htdocs/info.php' not found or unable to stat
[Mon Nov 17 18:46:26.637276 2025] [php:error] [pid 6392:tid 1964] [client 78.153.140.177:38786] script 'C:/lss/xampp/htdocs/app_dev.php' not found or unable to stat
