[Fri Dec 12 12:18:48.622281 2025] [php:warn] [pid 3604:tid 1644] [client 185.67.33.243:28908] PHP Warning: Undefined array key "HTTP_HOST" in C:\\lss\\xampp\\htdocs\\index.php on line 7
[Fri Dec 12 12:18:55.762785 2025] [php:warn] [pid 3604:tid 1800] [client 185.67.33.243:28917] PHP Warning: Undefined array key "HTTP_HOST" in C:\\lss\\xampp\\htdocs\\index.php on line 7
[Fri Dec 12 12:30:24.236250 2025] [cgi:error] [pid 3604:tid 1788] [client 87.120.191.100:59192] AH02811: script not found or unable to stat: C:/lss/xampp/cgi-bin/luci
[Fri Dec 12 12:34:24.779718 2025] [php:error] [pid 3604:tid 988] [client 172.70.188.34:10634] script 'C:/lss/xampp/htdocs/xmlrpc.php' not found or unable to stat
[Fri Dec 12 12:36:49.979240 2025] [core:error] [pid 3604:tid 1500] [client 8.213.212.153:44314] AH10244: invalid URI path (/cgi-bin/.%2e/.%2e/.%2e/.%2e/.%2e/.%2e/.%2e/.%2e/.%2e/.%2e/bin/sh)
[Fri Dec 12 13:24:04.458562 2025] [cgi:error] [pid 3604:tid 1788] [client 87.120.191.100:42178] AH02811: script not found or unable to stat: C:/lss/xampp/cgi-bin/luci
[Fri Dec 12 14:22:34.269879 2025] [cgi:error] [pid 3604:tid 1788] [client 87.120.191.100:43380] AH02811: script not found or unable to stat: C:/lss/xampp/cgi-bin/luci
[Fri Dec 12 15:15:04.017516 2025] [cgi:error] [pid 3604:tid 988] [client 87.120.191.100:58344] AH02811: script not found or unable to stat: C:/lss/xampp/cgi-bin/luci
[Fri Dec 12 16:06:36.123104 2025] [cgi:error] [pid 3604:tid 1500] [client 87.120.191.100:42646] AH02811: script not found or unable to stat: C:/lss/xampp/cgi-bin/luci
[Fri Dec 12 17:02:00.414412 2025] [cgi:error] [pid 3604:tid 1500] [client 87.120.191.100:43206] AH02811: script not found or unable to stat: C:/lss/xampp/cgi-bin/luci
[Fri Dec 12 17:55:47.787214 2025] [cgi:error] [pid 3604:tid 1788] [client 87.120.191.100:36616] AH02811: script not found or unable to stat: C:/lss/xampp/cgi-bin/luci
[Fri Dec 12 19:35:27.644364 2025] [cgi:error] [pid 3604:tid 996] [client 87.120.191.100:46544] AH02811: script not found or unable to stat: C:/lss/xampp/cgi-bin/luci
[Fri Dec 12 20:31:45.234137 2025] [cgi:error] [pid 3604:tid 1788] [client 87.120.191.100:44126] AH02811: script not found or unable to stat: C:/lss/xampp/cgi-bin/luci
[Fri Dec 12 21:25:22.408225 2025] [cgi:error] [pid 3604:tid 1788] [client 87.120.191.100:33406] AH02811: script not found or unable to stat: C:/lss/xampp/cgi-bin/luci
[Sat Dec 13 01:07:45.690771 2025] [core:error] [pid 3604:tid 1560] [client 89.117.148.254:54414] AH10244: invalid URI path (/cgi-bin/.%2e/.%2e/.%2e/.%2e/.%2e/.%2e/.%2e/.%2e/.%2e/.%2e/bin/sh)
[Sat Dec 13 01:51:47.253364 2025] [core:error] [pid 3604:tid 1860] [client 89.117.50.217:52538] AH10244: invalid URI path (/cgi-bin/.%2e/.%2e/.%2e/.%2e/.%2e/.%2e/.%2e/.%2e/.%2e/.%2e/bin/sh)
[Sat Dec 13 11:06:14.204728 2025] [php:error] [pid 3604:tid 1860] [client 172.70.108.228:14159] script 'C:/lss/xampp/htdocs/xmlrpc.php' not found or unable to stat
[Sat Dec 13 12:02:23.314421 2025] [cgi:error] [pid 3604:tid 1548] [client 216.180.246.36:25782] AH02811: script not found or unable to stat: C:/lss/xampp/cgi-bin/login.cgi
[Sat Dec 13 12:02:40.374597 2025] [cgi:error] [pid 3604:tid 1548] [client 216.180.246.36:17268] AH02811: script not found or unable to stat: C:/lss/xampp/cgi-bin/login.cgi
[Sat Dec 13 15:24:28.529021 2025] [core:error] [pid 3604:tid 1548] [client 103.40.61.98:54958] AH10244: invalid URI path (/cgi-bin/.%2e/.%2e/.%2e/.%2e/.%2e/.%2e/.%2e/.%2e/.%2e/.%2e/bin/sh)
[Sat Dec 13 18:37:42.412002 2025] [authz_core:error] [pid 3604:tid 1296] [client 162.158.103.209:11420] AH01630: client denied by server configuration: C:/lss/xampp/phpMyAdmin/
[Sat Dec 13 18:37:42.857352 2025] [authz_core:error] [pid 3604:tid 1956] [client 172.70.162.197:13608] AH01630: client denied by server configuration: C:/lss/xampp/phpMyAdmin/
[Sun Dec 14 00:02:27.168000 2025] [php:error] [pid 3604:tid 2024] [client 159.89.5.120:47912] script 'C:/lss/xampp/htdocs/alive.php' not found or unable to stat
[Sun Dec 14 01:26:07.988426 2025] [php:error] [pid 3604:tid 1296] [client 35.216.183.140:57850] script 'C:/lss/xampp/htdocs/info.php' not found or unable to stat
[Sun Dec 14 01:26:08.922580 2025] [authz_core:error] [pid 3604:tid 1296] [client 35.216.183.140:57868] AH01630: client denied by server configuration: C:/lss/xampp/htdocs/server-status
[Sun Dec 14 03:09:45.844003 2025] [ssl:error] [pid 3604:tid 1188] [client 18.97.5.6:44508] AH02042: rejecting client initiated renegotiation
[Sun Dec 14 03:35:42.601843 2025] [cgi:error] [pid 3604:tid 1188] [client 185.16.39.52:56264] AH02811: script not found or unable to stat: C:/lss/xampp/cgi-bin/luci
[Sun Dec 14 11:14:09.698425 2025] [php:error] [pid 3604:tid 1032] [client 104.22.20.64:11598] script 'C:/lss/xampp/htdocs/xmlrpc.php' not found or unable to stat
[Sun Dec 14 13:32:19.432550 2025] [authz_core:error] [pid 3604:tid 1296] [client 141.101.95.30:9606] AH01630: client denied by server configuration: C:/lss/xampp/phpMyAdmin/
[Sun Dec 14 15:21:57.060116 2025] [core:error] [pid 3604:tid 1032] [client 163.5.148.15:45698] AH10244: invalid URI path (/cgi-bin/.%2e/.%2e/.%2e/.%2e/.%2e/.%2e/.%2e/.%2e/.%2e/.%2e/bin/sh)
[Sun Dec 14 17:11:39.664116 2025] [core:error] [pid 3604:tid 1908] [client 203.245.29.213:44734] AH10244: invalid URI path (/cgi-bin/.%2e/.%2e/.%2e/.%2e/.%2e/.%2e/.%2e/.%2e/.%2e/.%2e/bin/sh)
[Sun Dec 14 17:36:08.909310 2025] [php:error] [pid 3604:tid 1956] [client 78.153.140.177:39768] script 'C:/lss/xampp/htdocs/app_dev.php' not found or unable to stat
[Sun Dec 14 21:12:43.405457 2025] [cgi:error] [pid 3604:tid 1148] [client 37.67.130.249:4043] malformed header from script 'php-cgi.exe': Bad header: Security Alert! The PHP
[Sun Dec 14 21:12:47.407784 2025] [cgi:error] [pid 3604:tid 1148] [client 37.67.130.249:4951] AH02811: script not found or unable to stat: C:/lss/xampp/cgi-bin/php-cgi.exe
[Sun Dec 14 21:12:47.568259 2025] [cgi:error] [pid 3604:tid 1148] [client 37.67.130.249:4951] AH02811: script not found or unable to stat: C:/lss/xampp/cgi-bin/php.exe
[Sun Dec 14 21:46:04.370214 2025] [core:error] [pid 3604:tid 1148] [client 163.223.240.145:37154] AH10244: invalid URI path (/cgi-bin/.%2e/.%2e/.%2e/.%2e/.%2e/.%2e/.%2e/.%2e/.%2e/.%2e/bin/sh)
[Mon Dec 15 00:52:39.911474 2025] [php:error] [pid 3604:tid 1868] [client 78.153.140.224:34662] script 'C:/lss/xampp/htdocs/app_dev.php' not found or unable to stat
[Mon Dec 15 04:35:48.006601 2025] [cgi:error] [pid 3604:tid 1032] [client 185.16.39.52:38884] AH02811: script not found or unable to stat: C:/lss/xampp/cgi-bin/luci
[Mon Dec 15 08:48:59.217130 2025] [authz_core:error] [pid 3604:tid 1148] [client 185.67.34.142:24534] AH01630: client denied by server configuration: C:/lss/xampp/htdocs/.htpasswd
[Mon Dec 15 11:37:44.127898 2025] [php:error] [pid 3604:tid 1860] [client 172.69.135.71:13524] script 'C:/lss/xampp/htdocs/xmlrpc.php' not found or unable to stat
[Mon Dec 15 15:03:57.684310 2025] [core:error] [pid 3604:tid 1296] [client 47.79.146.110:54314] AH10244: invalid URI path (/cgi-bin/.%2e/.%2e/.%2e/.%2e/.%2e/.%2e/.%2e/.%2e/.%2e/.%2e/bin/sh)
[Mon Dec 15 20:02:44.437919 2025] [core:error] [pid 3604:tid 1956] [client 212.47.71.147:43322] AH10244: invalid URI path (/cgi-bin/.%2e/.%2e/.%2e/.%2e/.%2e/.%2e/.%2e/.%2e/.%2e/.%2e/bin/sh)
[Mon Dec 15 20:37:44.725987 2025] [core:error] [pid 3604:tid 1012] [client 106.54.176.158:62393] AH10244: invalid URI path (/cgi-bin/.%2e/.%2e/.%2e/.%2e/.%2e/.%2e/.%2e/.%2e/.%2e/.%2e/bin/sh)
[Tue Dec 16 05:33:43.092577 2025] [cgi:error] [pid 3604:tid 1088] [client 185.16.39.52:56266] AH02811: script not found or unable to stat: C:/lss/xampp/cgi-bin/luci
[Tue Dec 16 07:08:38.654056 2025] [core:error] [pid 3604:tid 912] (20024)The given path is misformatted or contained invalid characters: [client 104.23.172.84:13053] AH00127: Cannot map GET /%22/dashboard/javascripts/all.js%22 HTTP/1.1 to file
[Tue Dec 16 07:08:38.656129 2025] [core:error] [pid 3604:tid 1088] (20024)The given path is misformatted or contained invalid characters: [client 172.71.102.177:11794] AH00127: Cannot map GET /%22/code.jquery.com/jquery-1.10.2.min.js%22 HTTP/1.1 to file
[Tue Dec 16 07:08:39.485549 2025] [core:error] [pid 3604:tid 1088] (20024)The given path is misformatted or contained invalid characters: [client 172.71.102.177:11794] AH00127: Cannot map GET /%22/dashboard/javascripts/modernizr.js%22 HTTP/1.1 to file
[Tue Dec 16 09:39:39.899949 2025] [php:error] [pid 3604:tid 2024] [client 78.153.140.203:60964] script 'C:/lss/xampp/htdocs/app_dev.php' not found or unable to stat
[Tue Dec 16 10:25:02.285563 2025] [php:error] [pid 3604:tid 1856] [client 172.70.108.228:13044] script 'C:/lss/xampp/htdocs/xmlrpc.php' not found or unable to stat
[Tue Dec 16 11:39:14.416152 2025] [php:warn] [pid 3604:tid 2024] [client 185.67.33.207:6293] PHP Warning: Undefined array key "HTTP_HOST" in C:\\lss\\xampp\\htdocs\\index.php on line 7
[Tue Dec 16 11:39:14.418239 2025] [php:warn] [pid 3604:tid 1856] [client 185.67.33.207:6297] PHP Warning: Undefined array key "HTTP_HOST" in C:\\lss\\xampp\\htdocs\\index.php on line 7
[Tue Dec 16 11:39:21.464052 2025] [php:warn] [pid 3604:tid 1592] [client 185.67.33.207:6307] PHP Warning: Undefined array key "HTTP_HOST" in C:\\lss\\xampp\\htdocs\\index.php on line 7
[Tue Dec 16 14:08:46.576286 2025] [cgi:error] [pid 3604:tid 1868] [client 45.156.128.152:42730] malformed header from script 'php-cgi.exe': Bad header: Security Alert! The PHP
[Tue Dec 16 14:08:46.780411 2025] [cgi:error] [pid 3604:tid 1868] [client 45.156.128.152:42736] AH02811: script not found or unable to stat: C:/lss/xampp/cgi-bin/php-cgi.exe
[Tue Dec 16 14:08:51.441875 2025] [php:error] [pid 3604:tid 1856] [client 45.156.128.155:56883] script 'C:/lss/xampp/htdocs/status.php' not found or unable to stat
[Tue Dec 16 14:09:28.904237 2025] [php:error] [pid 3604:tid 1868] [client 45.156.128.155:42803] script 'C:/lss/xampp/htdocs/status.php' not found or unable to stat
[Tue Dec 16 14:09:30.135326 2025] [cgi:error] [pid 3604:tid 1592] [client 45.156.128.152:42783] AH02811: script not found or unable to stat: C:/lss/xampp/htdocs/ssi.cgi
[Tue Dec 16 14:09:51.755486 2025] [cgi:error] [pid 3604:tid 912] [client 45.156.128.152:44277] AH02811: script not found or unable to stat: C:/lss/xampp/htdocs/ssi.cgi
[Tue Dec 16 14:09:59.980975 2025] [cgi:error] [pid 3604:tid 1868] [client 45.156.128.152:45575] AH02811: script not found or unable to stat: C:/lss/xampp/cgi-bin/authLogin.cgi
[Tue Dec 16 14:10:21.522730 2025] [cgi:error] [pid 3604:tid 912] [client 45.156.128.154:41327] AH02811: script not found or unable to stat: C:/lss/xampp/cgi-bin/authLogin.cgi
[Tue Dec 16 14:13:24.806887 2025] [cgi:error] [pid 3604:tid 912] [client 45.156.128.154:45709] AH02811: script not found or unable to stat: C:/lss/xampp/cgi-bin/config.exp
[Tue Dec 16 14:13:31.497109 2025] [core:error] [pid 3604:tid 1856] [client 45.156.128.152:46185] AH10244: invalid URI path (/icons/.%%32%65/.%%32%65/apache2/icons/non-existant-image.png)
[Tue Dec 16 14:13:31.714821 2025] [core:error] [pid 3604:tid 1856] [client 45.156.128.155:57505] AH10244: invalid URI path (/icons/.%%32%65/.%%32%65/apache2/icons/sphere1.png)
[Tue Dec 16 14:13:31.959425 2025] [core:error] [pid 3604:tid 1856] [client 45.156.128.152:41189] AH10244: invalid URI path (/icons/.%2e/%2e%2e/apache2/icons/sphere1.png)
[Tue Dec 16 14:13:55.391173 2025] [cgi:error] [pid 3604:tid 2024] [client 45.156.128.154:37779] AH02811: script not found or unable to stat: C:/lss/xampp/cgi-bin/config.exp
[Tue Dec 16 20:29:28.449817 2025] [php:error] [pid 3604:tid 1012] [client 207.154.255.44:49492] script 'C:/lss/xampp/htdocs/alive.php' not found or unable to stat
[Tue Dec 16 21:55:24.293691 2025] [core:error] [pid 3604:tid 1624] (20024)The given path is misformatted or contained invalid characters: [client 172.71.182.162:13589] AH00127: Cannot map GET /%22/dashboard/javascripts/modernizr.js%22 HTTP/1.1 to file
[Tue Dec 16 21:55:35.543706 2025] [core:error] [pid 3604:tid 1376] (20024)The given path is misformatted or contained invalid characters: [client 172.71.182.162:11660] AH00127: Cannot map GET /%22/dashboard/javascripts/all.js%22 HTTP/1.1 to file
[Tue Dec 16 21:55:35.549705 2025] [core:error] [pid 3604:tid 1088] (20024)The given path is misformatted or contained invalid characters: [client 172.70.47.77:13967] AH00127: Cannot map GET /%22/code.jquery.com/jquery-1.10.2.min.js%22 HTTP/1.1 to file
[Wed Dec 17 01:02:05.171444 2025] [core:error] [pid 3604:tid 1088] [client 8.219.84.110:34486] AH10244: invalid URI path (/cgi-bin/.%2e/.%2e/.%2e/.%2e/.%2e/.%2e/.%2e/.%2e/.%2e/.%2e/bin/sh)
[Wed Dec 17 04:40:28.045265 2025] [php:error] [pid 3604:tid 904] [client 185.67.33.213:14044] script 'C:/lss/xampp/htdocs/adminer.php' not found or unable to stat
[Wed Dec 17 09:31:30.312242 2025] [php:error] [pid 3604:tid 988] [client 162.158.88.62:12553] script 'C:/lss/xampp/htdocs/xmlrpc.php' not found or unable to stat
[Wed Dec 17 09:31:32.748982 2025] [php:error] [pid 3604:tid 1800] [client 172.69.179.73:13378] script 'C:/lss/xampp/htdocs/xmlrpc.php' not found or unable to stat
[Wed Dec 17 10:01:59.594655 2025] [authz_core:error] [pid 3604:tid 1800] [client 162.158.111.159:11879] AH01630: client denied by server configuration: C:/lss/xampp/phpMyAdmin/
[Wed Dec 17 18:29:55.016116 2025] [cgi:error] [pid 3604:tid 1788] [client 95.214.55.71:53480] AH02811: script not found or unable to stat: C:/lss/xampp/cgi-bin/luci
[Wed Dec 17 22:49:47.511516 2025] [php:error] [pid 3604:tid 1868] [client 172.232.253.221:33222] script 'C:/lss/xampp/htdocs/login.php' not found or unable to stat
[Wed Dec 17 22:49:58.436369 2025] [php:warn] [pid 3604:tid 1788] [client 172.232.253.221:45810] PHP Warning: Undefined array key "HTTP_HOST" in C:\\lss\\xampp\\htdocs\\index.php on line 7
[Wed Dec 17 22:49:59.074105 2025] [cgi:error] [pid 3604:tid 1764] [client 172.232.253.221:45846] AH02811: script not found or unable to stat: C:/lss/xampp/htdocs/info.asp
[Wed Dec 17 22:50:10.034106 2025] [cgi:error] [pid 3604:tid 1184] [client 172.232.253.221:40252] AH02811: script not found or unable to stat: C:/lss/xampp/htdocs/webportal.cgi
[Wed Dec 17 22:50:10.127897 2025] [cgi:error] [pid 3604:tid 1032] [client 172.232.253.221:40268] AH02811: script not found or unable to stat: C:/lss/xampp/cgi-bin/info.cgi
[Wed Dec 17 22:50:10.387877 2025] [cgi:error] [pid 3604:tid 1376] [client 172.232.253.221:40302] AH02811: script not found or unable to stat: C:/lss/xampp/cgi-bin/param.cgi
[Wed Dec 17 22:50:10.497246 2025] [php:warn] [pid 3604:tid 1148] [client 172.232.253.221:40300] PHP Warning: Undefined array key "HTTP_HOST" in C:\\lss\\xampp\\htdocs\\index.php on line 7
[Wed Dec 17 22:50:11.106186 2025] [cgi:error] [pid 3604:tid 1376] [client 172.232.253.221:40338] AH02811: script not found or unable to stat: C:/lss/xampp/cgi-bin/authLogin.cgi
[Thu Dec 18 03:39:00.430537 2025] [core:error] [pid 3604:tid 864] [client 103.191.15.151:47968] AH10244: invalid URI path (/cgi-bin/.%2e/.%2e/.%2e/.%2e/.%2e/.%2e/.%2e/.%2e/.%2e/.%2e/bin/sh)
[Thu Dec 18 05:41:06.530578 2025] [php:error] [pid 3604:tid 988] [client 194.180.49.170:36480] script 'C:/lss/xampp/htdocs/phpinfo.php' not found or unable to stat
[Thu Dec 18 05:41:06.850293 2025] [php:error] [pid 3604:tid 988] [client 194.180.49.170:36496] script 'C:/lss/xampp/htdocs/info.php' not found or unable to stat
[Thu Dec 18 05:41:07.003725 2025] [php:error] [pid 3604:tid 988] [client 194.180.49.170:36506] script 'C:/lss/xampp/htdocs/test.php' not found or unable to stat
[Thu Dec 18 05:41:07.153926 2025] [php:error] [pid 3604:tid 988] [client 194.180.49.170:36520] script 'C:/lss/xampp/htdocs/dashboard/info.php' not found or unable to stat
[Thu Dec 18 05:41:07.309925 2025] [php:error] [pid 3604:tid 988] [client 194.180.49.170:36526] script 'C:/lss/xampp/htdocs/server.php' not found or unable to stat
[Thu Dec 18 05:41:07.472918 2025] [php:error] [pid 3604:tid 988] [client 194.180.49.170:10984] script 'C:/lss/xampp/htdocs/infophp.php' not found or unable to stat
[Thu Dec 18 05:41:07.629212 2025] [php:error] [pid 3604:tid 988] [client 194.180.49.170:11000] script 'C:/lss/xampp/htdocs/php_info.php' not found or unable to stat
[Thu Dec 18 05:41:08.396205 2025] [php:error] [pid 3604:tid 988] [client 194.180.49.170:11020] script 'C:/lss/xampp/htdocs/debug.php' not found or unable to stat
[Thu Dec 18 08:14:15.968869 2025] [php:error] [pid 3604:tid 904] [client 172.68.211.97:10208] script 'C:/lss/xampp/htdocs/xmlrpc.php' not found or unable to stat
[Thu Dec 18 12:49:01.173840 2025] [cgi:error] [pid 3604:tid 1592] [client 89.42.231.244:52482] AH02811: script not found or unable to stat: C:/lss/xampp/cgi-bin/luci
[Thu Dec 18 13:45:16.038629 2025] [authz_core:error] [pid 3604:tid 988] [client 185.67.34.141:6138] AH01630: client denied by server configuration: C:/lss/xampp/phpMyAdmin/setup/index.php
[Thu Dec 18 16:56:07.227175 2025] [cgi:error] [pid 3604:tid 1592] [client 95.214.55.71:52382] AH02811: script not found or unable to stat: C:/lss/xampp/cgi-bin/luci
[Thu Dec 18 21:39:25.230249 2025] [core:error] [pid 3604:tid 1032] [client 87.98.243.90:36140] AH10244: invalid URI path (/cgi-bin/.%2e/.%2e/.%2e/.%2e/.%2e/.%2e/.%2e/.%2e/.%2e/.%2e/bin/sh)
[Thu Dec 18 21:39:25.386284 2025] [core:error] [pid 3604:tid 1032] [client 87.98.243.90:36144] AH10244: invalid URI path (/cgi-bin/%%32%65%%32%65/%%32%65%%32%65/%%32%65%%32%65/%%32%65%%32%65/%%32%65%%32%65/%%32%65%%32%65/%%32%65%%32%65/bin/sh)
[Thu Dec 18 23:34:45.250553 2025] [cgi:error] [pid 3604:tid 864] [client 185.67.34.143:20545] malformed header from script 'php-cgi.exe': Bad header: Security Alert! The PHP
[Thu Dec 18 23:34:46.106505 2025] [php:error] [pid 3604:tid 864] [client 185.67.34.143:7633] script 'C:/lss/xampp/htdocs/test.php' not found or unable to stat
[Fri Dec 19 03:51:55.965871 2025] [php:error] [pid 3604:tid 864] [client 206.189.155.34:43386] script 'C:/lss/xampp/htdocs/i.php' not found or unable to stat
[Fri Dec 19 03:51:56.405518 2025] [php:error] [pid 3604:tid 864] [client 206.189.155.34:43386] script 'C:/lss/xampp/htdocs/info.php' not found or unable to stat
[Fri Dec 19 03:51:56.698464 2025] [php:error] [pid 3604:tid 864] [client 206.189.155.34:43386] script 'C:/lss/xampp/htdocs/phpinfo.php' not found or unable to stat
[Fri Dec 19 03:51:57.706200 2025] [php:error] [pid 3604:tid 864] [client 206.189.155.34:43386] script 'C:/lss/xampp/htdocs/app_dev.php' not found or unable to stat
[Fri Dec 19 05:37:40.991992 2025] [php:error] [pid 3604:tid 1272] [client 172.69.11.216:11278] script 'C:/lss/xampp/htdocs/xmlrpc.php' not found or unable to stat
[Fri Dec 19 06:28:56.030354 2025] [php:error] [pid 3604:tid 1032] [client 134.199.171.70:54114] script 'C:/lss/xampp/htdocs/alive.php' not found or unable to stat
[Fri Dec 19 09:40:32.391128 2025] [cgi:error] [pid 3604:tid 1032] [client 95.214.55.71:44712] AH02811: script not found or unable to stat: C:/lss/xampp/cgi-bin/luci
[Fri Dec 19 10:10:07.525552 2025] [php:error] [pid 3604:tid 1032] [client 78.153.140.151:56632] script 'C:/lss/xampp/htdocs/app_dev.php' not found or unable to stat
[Fri Dec 19 12:47:41.309063 2025] [php:error] [pid 3604:tid 1012] [client 194.180.49.170:2608] script 'C:/lss/xampp/htdocs/phpinfo.php' not found or unable to stat
[Fri Dec 19 12:47:41.647527 2025] [php:error] [pid 3604:tid 1012] [client 194.180.49.170:2622] script 'C:/lss/xampp/htdocs/info.php' not found or unable to stat
[Fri Dec 19 12:47:41.808135 2025] [php:error] [pid 3604:tid 1012] [client 194.180.49.170:2626] script 'C:/lss/xampp/htdocs/test.php' not found or unable to stat
[Fri Dec 19 12:47:41.972158 2025] [php:error] [pid 3604:tid 1012] [client 194.180.49.170:2640] script 'C:/lss/xampp/htdocs/dashboard/info.php' not found or unable to stat
[Fri Dec 19 12:47:42.133480 2025] [php:error] [pid 3604:tid 1012] [client 194.180.49.170:2646] script 'C:/lss/xampp/htdocs/server.php' not found or unable to stat
[Fri Dec 19 12:47:42.295393 2025] [php:error] [pid 3604:tid 1012] [client 194.180.49.170:2662] script 'C:/lss/xampp/htdocs/infophp.php' not found or unable to stat
[Fri Dec 19 12:47:42.468267 2025] [php:error] [pid 3604:tid 1012] [client 194.180.49.170:2666] script 'C:/lss/xampp/htdocs/php_info.php' not found or unable to stat
[Fri Dec 19 12:47:42.791275 2025] [php:error] [pid 3604:tid 1012] [client 194.180.49.170:2680] script 'C:/lss/xampp/htdocs/debug.php' not found or unable to stat
[Fri Dec 19 15:20:58.297466 2025] [php:error] [pid 3604:tid 1288] [client 78.153.140.203:44928] script 'C:/lss/xampp/htdocs/app_dev.php' not found or unable to stat
[Fri Dec 19 21:09:11.339710 2025] [authz_core:error] [pid 3604:tid 1800] [client 185.67.34.143:27372] AH01630: client denied by server configuration: C:/lss/xampp/phpMyAdmin/
[Sat Dec 20 00:28:19.247534 2025] [php:error] [pid 3604:tid 1288] [client 167.172.84.233:40758] script 'C:/lss/xampp/htdocs/alive.php' not found or unable to stat
[Sat Dec 20 02:46:14.197861 2025] [cgi:error] [pid 3604:tid 1288] [client 95.214.55.71:51152] AH02811: script not found or unable to stat: C:/lss/xampp/cgi-bin/luci
[Sat Dec 20 04:52:28.052931 2025] [php:error] [pid 3604:tid 1856] [client 78.153.140.203:34960] script 'C:/lss/xampp/htdocs/app_dev.php' not found or unable to stat
[Sat Dec 20 04:52:34.077486 2025] [php:error] [pid 3604:tid 1856] [client 78.153.140.203:42566] script 'C:/lss/xampp/htdocs/pinfo.php' not found or unable to stat
[Sat Dec 20 08:41:27.980298 2025] [php:error] [pid 3604:tid 1856] [client 172.69.46.150:11942] script 'C:/lss/xampp/htdocs/xmlrpc.php' not found or unable to stat
[Sat Dec 20 18:20:18.065235 2025] [authz_core:error] [pid 3604:tid 988] [client 172.232.159.13:38450] AH01630: client denied by server configuration: C:/lss/xampp/htdocs/server-status
[Sat Dec 20 19:48:48.274568 2025] [cgi:error] [pid 3604:tid 988] [client 95.214.55.71:51974] AH02811: script not found or unable to stat: C:/lss/xampp/cgi-bin/luci
[Sun Dec 21 05:56:33.111851 2025] [cgi:error] [pid 3604:tid 1148] [client 176.97.192.55:52958] malformed header from script 'php-cgi.exe': Bad header: Security Alert! The PHP
[Sun Dec 21 06:17:48.511876 2025] [cgi:error] [pid 3604:tid 1624] [client 176.97.192.55:53020] malformed header from script 'php-cgi.exe': Bad header: Security Alert! The PHP
[Sun Dec 21 06:34:35.388767 2025] [core:error] [pid 3604:tid 1624] [client 185.246.153.242:36544] AH10244: invalid URI path (/cgi-bin/.%2e/.%2e/.%2e/.%2e/.%2e/.%2e/.%2e/.%2e/.%2e/.%2e/bin/sh)
[Sun Dec 21 08:03:24.532613 2025] [cgi:error] [pid 3604:tid 1624] [client 89.42.231.239:49862] AH02811: script not found or unable to stat: C:/lss/xampp/cgi-bin/luci
[Sun Dec 21 08:41:12.588333 2025] [cgi:error] [pid 3604:tid 904] [client 89.42.231.239:44756] AH02811: script not found or unable to stat: C:/lss/xampp/cgi-bin/luci
[Sun Dec 21 08:50:32.963927 2025] [core:error] [pid 3604:tid 1856] (20024)The given path is misformatted or contained invalid characters: [client 93.123.109.222:50682] AH00127: Cannot map GET /https://www.yahoo.com/%22%29,o.endsWith%28%22.aol.com%22%29&&window.location.replace%28%22https://www.aol.com/%22%29,o.endsWith%28%22.huffpost.com%22%29&&window.location.replace%28%22https://www.huffpost.com/%22%29,o.endsWith%28%22.engadget.com%22%29&&window.location.replace%28%22https://www.engadget.com/ HTTP/1.1 to file
[Sun Dec 21 10:08:20.023056 2025] [cgi:error] [pid 3604:tid 1288] [client 89.42.231.239:56446] AH02811: script not found or unable to stat: C:/lss/xampp/cgi-bin/luci
[Sun Dec 21 10:47:56.767571 2025] [cgi:error] [pid 3604:tid 1856] [client 89.42.231.239:43840] AH02811: script not found or unable to stat: C:/lss/xampp/cgi-bin/luci
[Sun Dec 21 10:53:06.462729 2025] [php:error] [pid 3604:tid 1856] [client 162.243.37.59:33860] script 'C:/lss/xampp/htdocs/alive.php' not found or unable to stat
[Sun Dec 21 12:14:28.398069 2025] [cgi:error] [pid 3604:tid 1624] [client 89.42.231.239:45694] AH02811: script not found or unable to stat: C:/lss/xampp/cgi-bin/luci
[Sun Dec 21 12:34:21.641972 2025] [cgi:error] [pid 3604:tid 1624] [client 95.214.55.71:42316] AH02811: script not found or unable to stat: C:/lss/xampp/cgi-bin/luci
[Sun Dec 21 13:00:13.936001 2025] [core:error] [pid 3604:tid 1188] [client 86.48.30.152:47876] AH10244: invalid URI path (/cgi-bin/.%2e/.%2e/.%2e/.%2e/.%2e/.%2e/.%2e/.%2e/.%2e/.%2e/bin/sh)
[Sun Dec 21 17:35:06.671489 2025] [core:error] [pid 3604:tid 1376] [client 161.97.166.188:33440] AH10244: invalid URI path (/cgi-bin/.%2e/.%2e/.%2e/.%2e/.%2e/.%2e/.%2e/.%2e/.%2e/.%2e/bin/sh)
[Sun Dec 21 21:21:14.771266 2025] [php:warn] [pid 3604:tid 1188] [client 157.230.105.145:32167] PHP Warning: Undefined array key "HTTP_HOST" in C:\\lss\\xampp\\htdocs\\index.php on line 7
[Sun Dec 21 21:21:21.902636 2025] [php:warn] [pid 3604:tid 1032] [client 157.230.105.145:4315] PHP Warning: Undefined array key "HTTP_HOST" in C:\\lss\\xampp\\htdocs\\index.php on line 7
[Mon Dec 22 00:27:47.822051 2025] [php:warn] [pid 3604:tid 1692] [client 68.183.70.168:20495] PHP Warning: Undefined array key "HTTP_HOST" in C:\\lss\\xampp\\htdocs\\index.php on line 7
[Mon Dec 22 00:27:48.521332 2025] [php:warn] [pid 3604:tid 1692] [client 68.183.70.168:23457] PHP Warning: Undefined array key "HTTP_HOST" in C:\\lss\\xampp\\htdocs\\index.php on line 7
[Mon Dec 22 02:20:38.618335 2025] [authz_core:error] [pid 3604:tid 1624] [client 104.23.245.149:11393] AH01630: client denied by server configuration: C:/lss/xampp/phpMyAdmin/
[Mon Dec 22 03:34:22.975076 2025] [cgi:error] [pid 3604:tid 1764] [client 89.42.231.239:44568] AH02811: script not found or unable to stat: C:/lss/xampp/cgi-bin/luci
[Mon Dec 22 05:11:17.290063 2025] [cgi:error] [pid 3604:tid 1624] [client 95.214.55.71:36176] AH02811: script not found or unable to stat: C:/lss/xampp/cgi-bin/luci
[Mon Dec 22 05:27:49.530115 2025] [cgi:error] [pid 3604:tid 1012] [client 89.42.231.239:58086] AH02811: script not found or unable to stat: C:/lss/xampp/cgi-bin/luci
[Mon Dec 22 06:18:42.992642 2025] [cgi:error] [pid 3604:tid 1624] [client 89.42.231.239:36182] AH02811: script not found or unable to stat: C:/lss/xampp/cgi-bin/luci
[Mon Dec 22 07:10:24.016232 2025] [cgi:error] [pid 3604:tid 1856] [client 89.42.231.239:52952] AH02811: script not found or unable to stat: C:/lss/xampp/cgi-bin/luci
[Mon Dec 22 08:19:02.423813 2025] [php:error] [pid 3604:tid 1624] [client 172.71.99.20:13430] script 'C:/lss/xampp/htdocs/config.php' not found or unable to stat
[Mon Dec 22 08:19:12.441037 2025] [core:error] [pid 3604:tid 1012] (20024)The given path is misformatted or contained invalid characters: [client 162.159.113.63:14180] AH00127: Cannot map GET /%22/dashboard/javascripts/all.js%22 HTTP/1.1 to file
[Mon Dec 22 11:32:23.334304 2025] [php:error] [pid 3604:tid 1856] [client 104.23.162.4:11124] script 'C:/lss/xampp/htdocs/xmlrpc.php' not found or unable to stat
[Mon Dec 22 12:07:30.142545 2025] [core:error] [pid 3604:tid 988] [client 185.67.34.143:13606] AH10244: invalid URI path (/cgi-bin/%%32%65%%32%65/%%32%65%%32%65/%%32%65%%32%65/%%32%65%%32%65/%%32%65%%32%65/%%32%65%%32%65/%%32%65%%32%65/etc/passwd)
[Mon Dec 22 12:07:31.135912 2025] [core:error] [pid 3604:tid 988] [client 185.67.34.143:24860] AH10244: invalid URI path (/cgi-bin/%%32%65%%32%65/%%32%65%%32%65/%%32%65%%32%65/%%32%65%%32%65/%%32%65%%32%65/%%32%65%%32%65/%%32%65%%32%65/bin/sh)
[Mon Dec 22 12:30:14.818928 2025] [core:error] [pid 3604:tid 1800] [client 185.67.34.142:29983] AH10244: invalid URI path (/cgi-bin/%%32%65%%32%65/%%32%65%%32%65/%%32%65%%32%65/%%32%65%%32%65/%%32%65%%32%65/%%32%65%%32%65/%%32%65%%32%65/etc/passwd)
[Mon Dec 22 12:30:14.864196 2025] [core:error] [pid 3604:tid 1800] [client 185.67.34.142:54492] AH10244: invalid URI path (/cgi-bin/%%32%65%%32%65/%%32%65%%32%65/%%32%65%%32%65/%%32%65%%32%65/%%32%65%%32%65/%%32%65%%32%65/%%32%65%%32%65/bin/sh)
[Mon Dec 22 20:09:11.623485 2025] [php:error] [pid 3604:tid 1800] [client 185.67.34.143:9865] script 'C:/lss/xampp/htdocs/adminer.php' not found or unable to stat
[Mon Dec 22 20:09:12.587088 2025] [php:error] [pid 3604:tid 1800] [client 185.67.34.143:57841] script 'C:/lss/xampp/htdocs/_adminer.php' not found or unable to stat
[Mon Dec 22 20:09:13.586076 2025] [php:error] [pid 3604:tid 1800] [client 185.67.34.143:58934] script 'C:/lss/xampp/htdocs/editor.php' not found or unable to stat
[Mon Dec 22 20:09:13.631081 2025] [php:error] [pid 3604:tid 1800] [client 185.67.34.143:25422] script 'C:/lss/xampp/htdocs/mysql.php' not found or unable to stat
[Mon Dec 22 20:09:13.675073 2025] [php:error] [pid 3604:tid 1800] [client 185.67.34.143:12878] script 'C:/lss/xampp/htdocs/sql.php' not found or unable to stat
[Mon Dec 22 20:09:14.623333 2025] [php:error] [pid 3604:tid 1800] [client 185.67.34.143:56973] script 'C:/lss/xampp/htdocs/admin.php' not found or unable to stat
[Mon Dec 22 20:28:08.392440 2025] [cgi:error] [pid 3604:tid 1012] [client 89.42.231.239:37500] AH02811: script not found or unable to stat: C:/lss/xampp/cgi-bin/luci
[Mon Dec 22 22:58:34.742930 2025] [cgi:error] [pid 3604:tid 904] [client 89.42.231.239:33256] AH02811: script not found or unable to stat: C:/lss/xampp/cgi-bin/luci
[Mon Dec 22 23:40:31.355514 2025] [core:error] [pid 3604:tid 1288] [client 216.108.237.50:58744] AH10244: invalid URI path (/cgi-bin/.%2e/.%2e/.%2e/.%2e/.%2e/.%2e/.%2e/.%2e/.%2e/.%2e/bin/sh)
[Mon Dec 22 23:52:22.785463 2025] [cgi:error] [pid 3604:tid 1856] [client 89.42.231.239:59304] AH02811: script not found or unable to stat: C:/lss/xampp/cgi-bin/luci
[Tue Dec 23 00:49:19.274041 2025] [cgi:error] [pid 3604:tid 1856] [client 89.42.231.239:37882] AH02811: script not found or unable to stat: C:/lss/xampp/cgi-bin/luci
[Tue Dec 23 01:42:31.536254 2025] [php:error] [pid 3604:tid 1856] [client 172.68.110.224:14113] script 'C:/lss/xampp/htdocs/config.php' not found or unable to stat
[Tue Dec 23 01:42:32.040692 2025] [php:error] [pid 3604:tid 904] [client 172.68.110.214:13925] script 'C:/lss/xampp/htdocs/phpinfo.php' not found or unable to stat
[Tue Dec 23 01:42:32.110638 2025] [php:error] [pid 3604:tid 904] [client 172.68.110.214:13925] script 'C:/lss/xampp/htdocs/info.php' not found or unable to stat
[Tue Dec 23 04:11:29.960950 2025] [core:error] [pid 3604:tid 1856] [client 217.216.51.122:57752] AH10244: invalid URI path (/cgi-bin/.%2e/.%2e/.%2e/.%2e/.%2e/.%2e/.%2e/.%2e/.%2e/.%2e/bin/sh)
[Tue Dec 23 04:47:39.578893 2025] [cgi:error] [pid 3604:tid 1800] [client 95.214.55.71:38208] AH02811: script not found or unable to stat: C:/lss/xampp/cgi-bin/luci
[Tue Dec 23 10:57:37.375451 2025] [php:error] [pid 3604:tid 2012] [client 172.70.214.203:11676] script 'C:/lss/xampp/htdocs/xmlrpc.php' not found or unable to stat
[Tue Dec 23 11:34:37.060210 2025] [php:warn] [pid 3604:tid 2012] [client 185.67.33.213:32130] PHP Warning: Undefined array key "HTTP_HOST" in C:\\lss\\xampp\\htdocs\\index.php on line 7
[Tue Dec 23 11:34:37.206885 2025] [php:warn] [pid 3604:tid 2012] [client 185.67.33.213:32133] PHP Warning: Undefined array key "HTTP_HOST" in C:\\lss\\xampp\\htdocs\\index.php on line 7
[Tue Dec 23 11:34:37.523443 2025] [php:warn] [pid 3604:tid 1868] [client 185.67.33.213:32143] PHP Warning: Undefined array key "HTTP_HOST" in C:\\lss\\xampp\\htdocs\\index.php on line 7
[Tue Dec 23 12:51:58.611012 2025] [php:warn] [pid 3604:tid 864] [client 185.67.33.193:12630] PHP Warning: Undefined array key "HTTP_HOST" in C:\\lss\\xampp\\htdocs\\index.php on line 7
[Tue Dec 23 12:51:58.841757 2025] [php:warn] [pid 3604:tid 1788] [client 185.67.33.193:12636] PHP Warning: Undefined array key "HTTP_HOST" in C:\\lss\\xampp\\htdocs\\index.php on line 7
[Tue Dec 23 16:34:40.244785 2025] [cgi:error] [pid 3604:tid 2012] [client 93.123.72.132:47360] AH02811: script not found or unable to stat: C:/lss/xampp/cgi-bin/luci
[Tue Dec 23 19:47:35.861421 2025] [cgi:error] [pid 3604:tid 1868] [client 93.123.72.132:42748] AH02811: script not found or unable to stat: C:/lss/xampp/cgi-bin/luci
[Tue Dec 23 20:26:56.157587 2025] [core:error] [pid 3604:tid 1184] [client 217.160.2.60:48710] AH10244: invalid URI path (/cgi-bin/.%2e/.%2e/.%2e/.%2e/.%2e/.%2e/.%2e/.%2e/.%2e/.%2e/bin/sh)
[Tue Dec 23 21:34:12.429020 2025] [cgi:error] [pid 3604:tid 1124] [client 95.214.55.71:43292] AH02811: script not found or unable to stat: C:/lss/xampp/cgi-bin/luci
[Tue Dec 23 21:43:28.468177 2025] [php:error] [pid 3604:tid 2012] [client 164.90.194.198:41168] script 'C:/lss/xampp/htdocs/alive.php' not found or unable to stat
[Wed Dec 24 01:22:15.206956 2025] [core:error] [pid 3604:tid 1184] [client 47.251.124.72:40878] AH10244: invalid URI path (/cgi-bin/.%2e/.%2e/.%2e/.%2e/.%2e/.%2e/.%2e/.%2e/.%2e/.%2e/bin/sh)
[Wed Dec 24 02:54:22.390536 2025] [core:error] [pid 3604:tid 1184] [client 185.67.34.142:30246] AH10244: invalid URI path (/icons/.%2e/%2e%2e/%2e%2e/%2e%2e/%2e%2e/%2e%2e/etc/passwd)
[Wed Dec 24 02:54:22.434533 2025] [core:error] [pid 3604:tid 1184] [client 185.67.34.142:31192] AH10244: invalid URI path (/cgi-bin/.%2e/.%2e/.%2e/.%2e/etc/passwd)
[Wed Dec 24 02:54:23.401970 2025] [core:error] [pid 3604:tid 1184] [client 185.67.34.142:26287] AH10244: invalid URI path (/cgi-bin/.%2e/%2e%2e/%2e%2e/%2e%2e/%2e%2e/%2e%2e/bin/sh)
[Wed Dec 24 04:03:23.454591 2025] [cgi:error] [pid 3604:tid 1860] [client 216.180.246.8:14670] AH02811: script not found or unable to stat: C:/lss/xampp/cgi-bin/login.cgi
[Wed Dec 24 04:03:56.494500 2025] [cgi:error] [pid 3604:tid 1860] [client 216.180.246.8:10190] AH02811: script not found or unable to stat: C:/lss/xampp/cgi-bin/login.cgi
[Wed Dec 24 04:24:06.941887 2025] [php:error] [pid 3604:tid 864] [client 185.67.33.243:62968] script 'C:/lss/xampp/htdocs/adminer.php' not found or unable to stat
[Wed Dec 24 04:58:07.945405 2025] [cgi:error] [pid 3604:tid 1860] [client 93.123.72.132:56598] AH02811: script not found or unable to stat: C:/lss/xampp/cgi-bin/luci
[Wed Dec 24 05:40:20.532956 2025] [authz_core:error] [pid 3604:tid 988] [client 185.67.34.143:7395] AH01630: client denied by server configuration: C:/lss/xampp/phpMyAdmin/doc/html/index.html
[Wed Dec 24 07:54:02.806350 2025] [cgi:error] [pid 3604:tid 1552] [client 93.123.72.132:36862] AH02811: script not found or unable to stat: C:/lss/xampp/cgi-bin/luci
[Wed Dec 24 10:43:38.036654 2025] [cgi:error] [pid 3604:tid 1552] [client 93.123.72.132:53208] AH02811: script not found or unable to stat: C:/lss/xampp/cgi-bin/luci
[Wed Dec 24 10:58:22.127982 2025] [php:error] [pid 3604:tid 1552] [client 104.22.20.65:12535] script 'C:/lss/xampp/htdocs/xmlrpc.php' not found or unable to stat
[Wed Dec 24 10:58:24.252547 2025] [php:error] [pid 3604:tid 864] [client 172.69.129.225:12333] script 'C:/lss/xampp/htdocs/xmlrpc.php' not found or unable to stat
[Wed Dec 24 14:26:45.589198 2025] [cgi:error] [pid 3604:tid 864] [client 95.214.55.71:41516] AH02811: script not found or unable to stat: C:/lss/xampp/cgi-bin/luci
[Wed Dec 24 17:06:34.307548 2025] [cgi:error] [pid 3604:tid 1560] [client 112.247.17.161:11510] malformed header from script 'php-cgi.exe': Bad header: Security Alert! The PHP
[Wed Dec 24 17:06:35.919534 2025] [php:error] [pid 3604:tid 1560] [client 112.247.17.161:9283] script 'C:/lss/xampp/htdocs/test.php' not found or unable to stat
[Wed Dec 24 17:08:57.688844 2025] [cgi:error] [pid 3604:tid 1560] [client 93.123.72.132:44228] AH02811: script not found or unable to stat: C:/lss/xampp/cgi-bin/luci
[Wed Dec 24 18:55:54.277605 2025] [php:error] [pid 3604:tid 1552] [client 141.101.68.30:12651] script 'C:/lss/xampp/htdocs/phpinfo.php' not found or unable to stat
[Wed Dec 24 18:55:54.544442 2025] [php:error] [pid 3604:tid 1700] [client 141.101.95.30:11745] script 'C:/lss/xampp/htdocs/info.php' not found or unable to stat
[Wed Dec 24 18:55:54.639823 2025] [php:error] [pid 3604:tid 1700] [client 141.101.95.30:11745] script 'C:/lss/xampp/htdocs/test.php' not found or unable to stat
[Wed Dec 24 18:55:54.736566 2025] [php:error] [pid 3604:tid 1868] [client 172.68.151.154:12855] script 'C:/lss/xampp/htdocs/dashboard/info.php' not found or unable to stat
[Wed Dec 24 18:55:54.890575 2025] [php:error] [pid 3604:tid 1700] [client 141.101.95.30:11745] script 'C:/lss/xampp/htdocs/server.php' not found or unable to stat
[Wed Dec 24 18:55:55.008856 2025] [php:error] [pid 3604:tid 1184] [client 172.71.130.159:10957] script 'C:/lss/xampp/htdocs/infophp.php' not found or unable to stat
[Wed Dec 24 18:55:55.217965 2025] [php:error] [pid 3604:tid 1868] [client 172.68.151.154:12855] script 'C:/lss/xampp/htdocs/php_info.php' not found or unable to stat
[Wed Dec 24 18:56:00.687398 2025] [php:error] [pid 3604:tid 1184] [client 172.71.119.20:10180] script 'C:/lss/xampp/htdocs/debug.php' not found or unable to stat
[Wed Dec 24 19:59:27.009746 2025] [cgi:error] [pid 3604:tid 1552] [client 93.123.72.132:45638] AH02811: script not found or unable to stat: C:/lss/xampp/cgi-bin/luci
[Wed Dec 24 21:59:07.796019 2025] [authz_core:error] [pid 3604:tid 1592] [client 104.23.245.149:13300] AH01630: client denied by server configuration: C:/lss/xampp/phpMyAdmin/
[Wed Dec 24 22:35:09.119994 2025] [core:error] [pid 3604:tid 1868] (OS 87)Parametre hatalý. : [client 185.67.34.143:44595] AH00127: Cannot map GET /%24%7B%28%23dm%3D@ognl.OgnlContext@DEFAULT_MEMBER_ACCESS%29.%28%23ct%3D%23request%5B%27struts.valueStack%27%5D.context%29.%28%23cr%3D%23ct%5B%27com.opensymphony.xwork2.ActionContext.container%27%5D%29.%28%23ou%3D%23cr.getInstance%28@com.opensymphony.xwork2.ognl.OgnlUtil@class%29%29.%28%23ou.getExcludedPackageNames%28%29.clear%28%29%29.%28%23ou.getExcludedClasses%28%29.clear%28%29%29.%28%23ct.setMemberAccess%28%23dm%29%29.%28%23a%3D@java.lang.Runtime@getRuntime%28%29.exec%28%27cat%20/etc/passwd%27%29%29.%28@org.apache.commons.io.IOUtils@toString%28%23a.getInputStream%28%29%29%29%7D/actionChain1.action HTTP/1.1 to file
[Wed Dec 24 22:35:09.954530 2025] [core:error] [pid 3604:tid 1868] (20024)The given path is misformatted or contained invalid characters: [client 185.67.34.143:56171] AH00127: Cannot map GET /%24%7B%28%23_memberAccess%5B%22allowStaticMethodAccess%22%5D%3Dtrue%2C%23a%3D@java.lang.Runtime@getRuntime%28%29.exec%28%27cat%20/etc/passwd%27%29.getInputStream%28%29%2C%23b%3Dnew%20java.io.InputStreamReader%28%23a%29%2C%23c%3Dnew%20%20java.io.BufferedReader%28%23b%29%2C%23d%3Dnew%20char%5B51020%5D%2C%23c.read%28%23d%29%2C%23sbtest%3D@org.apache.struts2.ServletActionContext@getResponse%28%29.getWriter%28%29%2C%23sbtest.println%28%23d%29%2C%23sbtest.close%28%29%29%7D/actionChain1.action HTTP/1.1 to file
[Thu Dec 25 01:58:19.654376 2025] [php:error] [pid 3604:tid 1592] [client 51.79.187.106:42212] script 'C:/lss/xampp/htdocs/i.php' not found or unable to stat
[Thu Dec 25 01:58:20.091057 2025] [php:error] [pid 3604:tid 1592] [client 51.79.187.106:42212] script 'C:/lss/xampp/htdocs/info.php' not found or unable to stat
[Thu Dec 25 01:58:20.309148 2025] [php:error] [pid 3604:tid 1592] [client 51.79.187.106:42212] script 'C:/lss/xampp/htdocs/phpinfo.php' not found or unable to stat
[Thu Dec 25 01:58:21.191842 2025] [php:error] [pid 3604:tid 1592] [client 51.79.187.106:42212] script 'C:/lss/xampp/htdocs/app_dev.php' not found or unable to stat
[Thu Dec 25 07:52:44.754316 2025] [core:error] [pid 3604:tid 2012] [client 47.251.124.72:43532] AH10244: invalid URI path (/cgi-bin/.%2e/.%2e/.%2e/.%2e/.%2e/.%2e/.%2e/.%2e/.%2e/.%2e/bin/sh)
[Thu Dec 25 07:54:30.469618 2025] [cgi:error] [pid 3604:tid 988] [client 93.123.72.132:58102] AH02811: script not found or unable to stat: C:/lss/xampp/cgi-bin/luci
[Thu Dec 25 13:14:07.522577 2025] [authz_core:error] [pid 3604:tid 988] [client 172.68.151.155:12743] AH01630: client denied by server configuration: C:/lss/xampp/phpMyAdmin/
[Thu Dec 25 13:17:38.790248 2025] [php:error] [pid 3604:tid 1592] [client 162.159.122.131:13794] script 'C:/lss/xampp/htdocs/xmlrpc.php' not found or unable to stat
[Thu Dec 25 13:47:05.366265 2025] [php:error] [pid 3604:tid 988] [client 185.67.34.142:49261] script 'C:/lss/xampp/htdocs/wp-login.php' not found or unable to stat
[Thu Dec 25 15:09:21.599977 2025] [cgi:error] [pid 3604:tid 1700] [client 95.214.55.71:58820] AH02811: script not found or unable to stat: C:/lss/xampp/cgi-bin/luci
[Thu Dec 25 19:47:49.975564 2025] [cgi:error] [pid 3604:tid 1700] [client 93.123.72.132:50602] AH02811: script not found or unable to stat: C:/lss/xampp/cgi-bin/luci
[Fri Dec 26 02:44:27.457363 2025] [php:error] [pid 3604:tid 1560] [client 143.110.217.77:59102] script 'C:/lss/xampp/htdocs/alive.php' not found or unable to stat
[Fri Dec 26 07:47:52.748857 2025] [cgi:error] [pid 3604:tid 1868] [client 93.123.72.132:41656] AH02811: script not found or unable to stat: C:/lss/xampp/cgi-bin/luci
[Fri Dec 26 13:55:22.292012 2025] [authz_core:error] [pid 3604:tid 1860] [client 185.67.34.142:21504] AH01630: client denied by server configuration: C:/lss/xampp/phpMyAdmin/
[Fri Dec 26 13:59:38.056208 2025] [cgi:error] [pid 3604:tid 1520] [client 95.214.55.71:51322] AH02811: script not found or unable to stat: C:/lss/xampp/cgi-bin/luci
[Fri Dec 26 16:48:41.058148 2025] [cgi:error] [pid 3604:tid 1868] [client 93.123.72.132:50454] AH02811: script not found or unable to stat: C:/lss/xampp/cgi-bin/luci
[Fri Dec 26 19:20:13.509300 2025] [php:error] [pid 3604:tid 1860] [client 172.71.127.124:11879] script 'C:/lss/xampp/htdocs/phpinfo.php' not found or unable to stat
[Fri Dec 26 19:20:18.707844 2025] [php:error] [pid 3604:tid 1852] [client 141.101.95.30:10709] script 'C:/lss/xampp/htdocs/php_info.php' not found or unable to stat
[Fri Dec 26 22:17:30.985308 2025] [cgi:error] [pid 3604:tid 1860] [client 93.123.72.132:33684] AH02811: script not found or unable to stat: C:/lss/xampp/cgi-bin/luci
[Sat Dec 27 00:21:46.705711 2025] [cgi:error] [pid 3604:tid 1976] [client 93.123.72.132:51858] AH02811: script not found or unable to stat: C:/lss/xampp/cgi-bin/luci
[Sat Dec 27 04:19:45.943366 2025] [cgi:error] [pid 3604:tid 1552] [client 93.123.72.132:38846] AH02811: script not found or unable to stat: C:/lss/xampp/cgi-bin/luci
[Sat Dec 27 05:38:08.854007 2025] [cgi:error] [pid 3604:tid 1868] [client 93.123.72.132:57700] AH02811: script not found or unable to stat: C:/lss/xampp/cgi-bin/luci
[Sat Dec 27 06:44:51.379552 2025] [cgi:error] [pid 3604:tid 1788] [client 93.123.72.132:34714] AH02811: script not found or unable to stat: C:/lss/xampp/cgi-bin/luci
[Sat Dec 27 07:55:37.625443 2025] [cgi:error] [pid 3604:tid 1976] [client 93.123.72.132:33682] AH02811: script not found or unable to stat: C:/lss/xampp/cgi-bin/luci
[Sat Dec 27 12:18:34.392099 2025] [php:warn] [pid 3604:tid 1552] [client 134.122.64.14:26357] PHP Warning: Undefined array key "HTTP_HOST" in C:\\lss\\xampp\\htdocs\\index.php on line 7
[Sat Dec 27 12:18:35.043909 2025] [php:warn] [pid 3604:tid 1852] [client 134.122.64.14:21735] PHP Warning: Undefined array key "HTTP_HOST" in C:\\lss\\xampp\\htdocs\\index.php on line 7
[Sat Dec 27 13:32:06.930811 2025] [php:warn] [pid 3604:tid 1552] [client 165.22.24.174:12763] PHP Warning: Undefined array key "HTTP_HOST" in C:\\lss\\xampp\\htdocs\\index.php on line 7
[Sat Dec 27 13:32:07.556949 2025] [php:warn] [pid 3604:tid 1924] [client 165.22.24.174:25999] PHP Warning: Undefined array key "HTTP_HOST" in C:\\lss\\xampp\\htdocs\\index.php on line 7
[Sat Dec 27 13:51:51.402291 2025] [php:error] [pid 3604:tid 1520] [client 185.67.34.142:13631] script 'C:/lss/xampp/htdocs/wp-login.php' not found or unable to stat
[Sat Dec 27 13:55:11.358423 2025] [cgi:error] [pid 3604:tid 1520] [client 95.214.55.71:57450] AH02811: script not found or unable to stat: C:/lss/xampp/cgi-bin/luci
[Sat Dec 27 20:34:39.170489 2025] [core:error] [pid 3604:tid 1860] [client 104.168.133.122:57280] AH10244: invalid URI path (/cgi-bin/.%2e/.%2e/.%2e/.%2e/.%2e/.%2e/.%2e/.%2e/.%2e/.%2e/bin/sh)
[Sat Dec 27 22:13:04.194596 2025] [php:error] [pid 3604:tid 1868] [client 104.23.162.5:11370] script 'C:/lss/xampp/htdocs/xmlrpc.php' not found or unable to stat
[Sat Dec 27 22:13:17.174091 2025] [php:error] [pid 3604:tid 1868] [client 162.158.23.28:10201] script 'C:/lss/xampp/htdocs/xmlrpc.php' not found or unable to stat
[Sun Dec 28 02:30:05.386335 2025] [php:error] [pid 3604:tid 1868] [client 104.22.17.97:12227] script 'C:/lss/xampp/htdocs/php_info.php' not found or unable to stat
[Sun Dec 28 02:30:09.732922 2025] [php:error] [pid 3604:tid 1924] [client 104.22.17.96:12329] script 'C:/lss/xampp/htdocs/test.php' not found or unable to stat
[Sun Dec 28 02:30:20.433686 2025] [php:error] [pid 3604:tid 1868] [client 104.22.17.97:12227] script 'C:/lss/xampp/htdocs/config.php' not found or unable to stat
[Sun Dec 28 02:30:24.024867 2025] [php:error] [pid 3604:tid 1552] [client 172.71.158.176:9285] script 'C:/lss/xampp/htdocs/info.php' not found or unable to stat
[Sun Dec 28 02:30:25.089753 2025] [php:error] [pid 3604:tid 1552] [client 172.71.158.176:9285] script 'C:/lss/xampp/htdocs/phpinfo.php' not found or unable to stat
[Sun Dec 28 02:30:32.685949 2025] [php:error] [pid 3604:tid 1924] [client 104.22.17.96:12329] script 'C:/lss/xampp/htdocs/debug.php' not found or unable to stat
[Sun Dec 28 11:56:45.747425 2025] [core:error] [pid 3604:tid 1852] [client 207.180.208.197:46508] AH10244: invalid URI path (/cgi-bin/.%2e/.%2e/.%2e/.%2e/.%2e/.%2e/.%2e/.%2e/.%2e/.%2e/bin/sh)
[Sun Dec 28 13:35:48.318264 2025] [php:error] [pid 3604:tid 1852] [client 195.24.237.218:54662] script 'C:/lss/xampp/htdocs/8eyu4k4vb2v2.php' not found or unable to stat
[Sun Dec 28 14:36:42.221069 2025] [cgi:error] [pid 3604:tid 1852] [client 104.28.158.204:59234] malformed header from script 'php-cgi.exe': Bad header: Security Alert! The PHP
[Sun Dec 28 16:44:49.590964 2025] [core:error] [pid 3604:tid 1924] [client 93.123.109.222:53804] AH10244: invalid URI path (/../../view/login.html)
[Sun Dec 28 17:59:28.787268 2025] [cgi:error] [pid 3604:tid 1924] [client 130.12.180.18:57080] AH02811: script not found or unable to stat: C:/lss/xampp/cgi-bin/luci
[Sun Dec 28 18:07:42.560494 2025] [php:error] [pid 3604:tid 1924] [client 152.42.176.166:49794] script 'C:/lss/xampp/htdocs/alive.php' not found or unable to stat
[Sun Dec 28 18:57:22.579313 2025] [cgi:error] [pid 3604:tid 1852] [client 130.12.180.18:45332] AH02811: script not found or unable to stat: C:/lss/xampp/cgi-bin/luci
[Sun Dec 28 19:33:05.916423 2025] [core:error] [pid 3604:tid 1924] [client 45.192.10.196:58402] AH10244: invalid URI path (/cgi-bin/.%2e/.%2e/.%2e/.%2e/.%2e/.%2e/.%2e/.%2e/.%2e/.%2e/bin/sh)
[Sun Dec 28 22:56:01.038653 2025] [cgi:error] [pid 3604:tid 1860] [client 130.12.180.18:41700] AH02811: script not found or unable to stat: C:/lss/xampp/cgi-bin/luci
[Mon Dec 29 01:42:01.028300 2025] [ssl:error] [pid 3604:tid 1236] [client 18.97.19.208:50816] AH02042: rejecting client initiated renegotiation
[Mon Dec 29 01:48:17.702629 2025] [cgi:error] [pid 3604:tid 1852] [client 89.42.231.179:48698] AH02811: script not found or unable to stat: C:/lss/xampp/cgi-bin/luci
[Mon Dec 29 02:54:47.333551 2025] [core:error] [pid 3604:tid 1788] [client 154.83.14.191:50882] AH10244: invalid URI path (/cgi-bin/.%2e/.%2e/.%2e/.%2e/.%2e/.%2e/.%2e/.%2e/.%2e/.%2e/bin/sh)
[Mon Dec 29 02:54:49.420050 2025] [core:error] [pid 3604:tid 1788] [client 154.83.14.191:52398] AH10244: invalid URI path (/cgi-bin/%%32%65%%32%65/%%32%65%%32%65/%%32%65%%32%65/%%32%65%%32%65/%%32%65%%32%65/%%32%65%%32%65/%%32%65%%32%65/bin/sh)
[Mon Dec 29 03:10:00.122892 2025] [cgi:error] [pid 3604:tid 1788] [client 89.42.231.179:35350] AH02811: script not found or unable to stat: C:/lss/xampp/cgi-bin/luci
[Mon Dec 29 05:12:21.602096 2025] [php:error] [pid 3604:tid 2012] [client 172.70.248.136:9942] script 'C:/lss/xampp/htdocs/userfuns.php' not found or unable to stat, referer: www.google.com
[Mon Dec 29 05:12:33.780623 2025] [php:error] [pid 3604:tid 2012] [client 172.71.164.152:11847] script 'C:/lss/xampp/htdocs/postnews.php' not found or unable to stat, referer: www.google.com
[Mon Dec 29 05:12:45.507759 2025] [php:error] [pid 3604:tid 2012] [client 172.70.248.136:9945] script 'C:/lss/xampp/htdocs/postnews.php' not found or unable to stat, referer: www.google.com
[Mon Dec 29 06:49:07.679287 2025] [authz_core:error] [pid 3604:tid 2012] [client 185.67.34.141:3788] AH01630: client denied by server configuration: C:/lss/xampp/phpMyAdmin/
[Mon Dec 29 12:24:39.274676 2025] [core:error] [pid 3604:tid 1972] [client 216.108.237.50:58826] AH10244: invalid URI path (/cgi-bin/.%2e/.%2e/.%2e/.%2e/.%2e/.%2e/.%2e/.%2e/.%2e/.%2e/bin/sh)
[Mon Dec 29 14:23:15.812569 2025] [core:error] [pid 3604:tid 2012] [client 47.79.146.110:55624] AH10244: invalid URI path (/cgi-bin/.%2e/.%2e/.%2e/.%2e/.%2e/.%2e/.%2e/.%2e/.%2e/.%2e/bin/sh)
[Mon Dec 29 15:41:57.498628 2025] [core:error] [pid 3604:tid 1044] [client 101.36.104.242:46176] AH10244: invalid URI path (/cgi-bin/.%2e/.%2e/.%2e/.%2e/.%2e/.%2e/.%2e/.%2e/.%2e/.%2e/bin/sh)
[Mon Dec 29 16:48:57.646415 2025] [cgi:error] [pid 3604:tid 1872] [client 89.42.231.179:59720] AH02811: script not found or unable to stat: C:/lss/xampp/cgi-bin/luci
[Mon Dec 29 17:35:38.487075 2025] [core:error] [pid 3604:tid 1872] [client 47.250.43.160:45928] AH10244: invalid URI path (/cgi-bin/.%2e/.%2e/.%2e/.%2e/.%2e/.%2e/.%2e/.%2e/.%2e/.%2e/bin/sh)
[Mon Dec 29 17:49:33.960828 2025] [php:error] [pid 3604:tid 1872] [client 35.77.222.98:40676] script 'C:/lss/xampp/htdocs/.env.php' not found or unable to stat
[Mon Dec 29 18:13:07.112478 2025] [cgi:error] [pid 3604:tid 1872] [client 89.42.231.179:39466] AH02811: script not found or unable to stat: C:/lss/xampp/cgi-bin/luci
[Mon Dec 29 20:07:29.329199 2025] [php:error] [pid 3604:tid 1872] [client 129.212.239.185:40042] script 'C:/lss/xampp/htdocs/config.php' not found or unable to stat
[Mon Dec 29 20:07:31.740512 2025] [php:error] [pid 3604:tid 1872] [client 129.212.239.185:40042] script 'C:/lss/xampp/htdocs/phpinfo.php' not found or unable to stat
[Mon Dec 29 20:07:31.955559 2025] [php:error] [pid 3604:tid 1872] [client 129.212.239.185:40042] script 'C:/lss/xampp/htdocs/php-info.php' not found or unable to stat
