34.247.51.117 - - [05/Nov/2025:21:57:27 +0300] "GET /dashboard/ HTTP/1.1" 200 5187 "http://91.132.49.59:80" "Go-http-client/1.1"
3.145.49.236 - - [05/Nov/2025:21:58:04 +0300] "GET / HTTP/1.1" 302 - "-" "Go-http-client/1.1"
3.145.49.236 - - [05/Nov/2025:21:58:05 +0300] "GET /dashboard/ HTTP/1.1" 200 5187 "http://91.132.49.59:80" "Go-http-client/1.1"
43.173.1.57 - - [05/Nov/2025:22:06:49 +0300] "GET /dashboard/docs/use-different-php-version.pdf HTTP/1.1" 200 44576 "-" "Mozilla/5.0 (iPhone; CPU iPhone OS 13_2_3 like Mac OS X) AppleWebKit/605.1.15 (KHTML, like Gecko) Version/13.0.3 Mobile/15E148 Safari/604.1"
3.145.49.236 - - [05/Nov/2025:22:08:53 +0300] "GET / HTTP/1.1" 302 - "-" "Go-http-client/1.1"
3.145.49.236 - - [05/Nov/2025:22:08:53 +0300] "GET /dashboard/ HTTP/1.1" 200 5187 "http://91.132.49.59:80" "Go-http-client/1.1"
44.201.177.43 - - [05/Nov/2025:22:13:19 +0300] "GET / HTTP/1.1" 302 - "-" "Go-http-client/1.1"
44.201.177.43 - - [05/Nov/2025:22:13:19 +0300] "GET /dashboard/ HTTP/1.1" 200 5187 "http://91.132.49.59:80" "Go-http-client/1.1"
194.163.129.51 - - [05/Nov/2025:22:13:57 +0300] "GET /robots.txt HTTP/1.1" 404 299
194.163.129.51 - - [05/Nov/2025:22:13:58 +0300] "GET /robots.txt HTTP/1.1" 404 298 "-" "Mozilla/5.0"
34.247.51.117 - - [05/Nov/2025:22:20:27 +0300] "GET / HTTP/1.1" 302 - "-" "Go-http-client/1.1"
44.201.177.43 - - [05/Nov/2025:22:21:18 +0300] "GET / HTTP/1.1" 302 - "-" "Go-http-client/1.1"
44.201.177.43 - - [05/Nov/2025:22:21:19 +0300] "GET /dashboard/ HTTP/1.1" 200 5187 "http://91.132.49.59:80" "Go-http-client/1.1"
3.145.49.236 - - [05/Nov/2025:22:22:59 +0300] "GET / HTTP/1.1" 302 - "-" "Go-http-client/1.1"
3.145.49.236 - - [05/Nov/2025:22:22:59 +0300] "GET /dashboard/ HTTP/1.1" 200 5187 "http://91.132.49.59:80" "Go-http-client/1.1"
91.232.238.112 - - [05/Nov/2025:22:24:16 +0300] "GET / HTTP/1.0" 400 468
43.130.131.18 - - [05/Nov/2025:22:28:25 +0300] "GET / HTTP/1.1" 302 - "-" "Mozilla/5.0 (iPhone; CPU iPhone OS 13_2_3 like Mac OS X) AppleWebKit/605.1.15 (KHTML, like Gecko) Version/13.0.3 Mobile/15E148 Safari/604.1"
43.130.131.18 - - [05/Nov/2025:22:28:27 +0300] "GET /dashboard/ HTTP/1.1" 200 5187 "http://91.132.49.59" "Mozilla/5.0 (iPhone; CPU iPhone OS 13_2_3 like Mac OS X) AppleWebKit/605.1.15 (KHTML, like Gecko) Version/13.0.3 Mobile/15E148 Safari/604.1"
91.232.238.112 - - [05/Nov/2025:22:29:53 +0300] "GET / HTTP/1.0" 302 119 "-" "ivre-masscan/1.3 https://github.com/robertdavidgraham/"
44.201.177.43 - - [05/Nov/2025:22:35:17 +0300] "GET / HTTP/1.1" 302 - "-" "Go-http-client/1.1"
44.201.177.43 - - [05/Nov/2025:22:35:18 +0300] "GET /dashboard/ HTTP/1.1" 200 5187 "http://91.132.49.59:80" "Go-http-client/1.1"
91.232.238.112 - - [05/Nov/2025:22:37:45 +0300] "GET /robots.txt HTTP/1.1" 404 299
3.145.49.236 - - [05/Nov/2025:22:42:19 +0300] "GET / HTTP/1.1" 302 - "-" "Go-http-client/1.1"
3.145.49.236 - - [05/Nov/2025:22:42:19 +0300] "GET /dashboard/ HTTP/1.1" 200 5187 "http://91.132.49.59:80" "Go-http-client/1.1"
3.145.49.236 - - [05/Nov/2025:22:47:34 +0300] "GET / HTTP/1.1" 302 - "-" "Go-http-client/1.1"
3.145.49.236 - - [05/Nov/2025:22:47:35 +0300] "GET /dashboard/ HTTP/1.1" 200 5187 "http://91.132.49.59:80" "Go-http-client/1.1"
43.157.156.190 - - [05/Nov/2025:22:48:01 +0300] "GET /dashboard/faq.html HTTP/1.1" 200 31519 "-" "Mozilla/5.0 (iPhone; CPU iPhone OS 13_2_3 like Mac OS X) AppleWebKit/605.1.15 (KHTML, like Gecko) Version/13.0.3 Mobile/15E148 Safari/604.1"
44.201.177.43 - - [05/Nov/2025:22:48:22 +0300] "GET / HTTP/1.1" 302 - "-" "Go-http-client/1.1"
44.201.177.43 - - [05/Nov/2025:22:48:23 +0300] "GET /dashboard/ HTTP/1.1" 200 5187 "http://91.132.49.59:80" "Go-http-client/1.1"
3.145.49.236 - - [05/Nov/2025:22:53:32 +0300] "GET / HTTP/1.1" 302 - "-" "Go-http-client/1.1"
3.145.49.236 - - [05/Nov/2025:23:00:47 +0300] "GET / HTTP/1.1" 302 - "-" "Go-http-client/1.1"
3.145.49.236 - - [05/Nov/2025:23:00:49 +0300] "GET /dashboard/ HTTP/1.1" 200 5187 "http://91.132.49.59:80" "Go-http-client/1.1"
43.135.185.59 - - [05/Nov/2025:23:01:46 +0300] "GET /dashboard/howto.html HTTP/1.1" 200 5680 "-" "Mozilla/5.0 (iPhone; CPU iPhone OS 13_2_3 like Mac OS X) AppleWebKit/605.1.15 (KHTML, like Gecko) Version/13.0.3 Mobile/15E148 Safari/604.1"
44.201.177.43 - - [05/Nov/2025:23:02:32 +0300] "GET / HTTP/1.1" 302 - "-" "Go-http-client/1.1"
44.201.177.43 - - [05/Nov/2025:23:02:33 +0300] "GET /dashboard/ HTTP/1.1" 200 5187 "http://91.132.49.59:80" "Go-http-client/1.1"
170.106.11.6 - - [05/Nov/2025:23:10:05 +0300] "GET /dashboard/phpinfo.php HTTP/1.1" 200 85810 "-" "Mozilla/5.0 (iPhone; CPU iPhone OS 13_2_3 like Mac OS X) AppleWebKit/605.1.15 (KHTML, like Gecko) Version/13.0.3 Mobile/15E148 Safari/604.1"
167.99.60.55 - - [05/Nov/2025:23:11:07 +0300] "GET /.git/config HTTP/1.1" 404 298 "-" "Mozilla/5.0 (X11; Linux x86_64) AppleWebKit/537.36 (KHTML, like Gecko) Chrome/81.0.4044.129 Safari/537.36"
167.99.60.55 - - [05/Nov/2025:23:11:08 +0300] "GET /.git/config HTTP/1.1" 404 299
34.247.51.117 - - [05/Nov/2025:23:12:31 +0300] "GET / HTTP/1.1" 302 - "-" "Go-http-client/1.1"
34.247.51.117 - - [05/Nov/2025:23:12:31 +0300] "GET /dashboard/ HTTP/1.1" 200 5187 "http://91.132.49.59:80" "Go-http-client/1.1"
44.201.177.43 - - [05/Nov/2025:23:14:23 +0300] "GET / HTTP/1.1" 302 - "-" "Go-http-client/1.1"
44.201.177.43 - - [05/Nov/2025:23:14:25 +0300] "GET /dashboard/ HTTP/1.1" 200 5187 "http://91.132.49.59:80" "Go-http-client/1.1"
3.145.49.236 - - [05/Nov/2025:23:16:28 +0300] "GET / HTTP/1.1" 302 - "-" "Go-http-client/1.1"
3.145.49.236 - - [05/Nov/2025:23:16:29 +0300] "GET /dashboard/ HTTP/1.1" 200 5187 "http://91.132.49.59:80" "Go-http-client/1.1"
3.94.167.98 - - [05/Nov/2025:23:17:30 +0300] "GET / HTTP/1.1" 302 - "-" "Go-http-client/1.1"
3.94.167.98 - - [05/Nov/2025:23:17:30 +0300] "GET /dashboard/ HTTP/1.1" 200 5187 "http://91.132.49.59:80" "Go-http-client/1.1"
43.157.22.57 - - [05/Nov/2025:23:17:40 +0300] "GET /privacy_policy.html HTTP/1.1" 404 298 "-" "Mozilla/5.0 (iPhone; CPU iPhone OS 13_2_3 like Mac OS X) AppleWebKit/605.1.15 (KHTML, like Gecko) Version/13.0.3 Mobile/15E148 Safari/604.1"
3.145.49.236 - - [05/Nov/2025:23:25:22 +0300] "GET / HTTP/1.1" 302 - "-" "Go-http-client/1.1"
3.145.49.236 - - [05/Nov/2025:23:25:23 +0300] "GET /dashboard/ HTTP/1.1" 200 5187 "http://91.132.49.59:80" "Go-http-client/1.1"
204.76.203.219 - - [05/Nov/2025:23:26:19 +0300] "GET / HTTP/1.1" 302 - "-" "Mozilla/5.0 (Windows NT 10.0; Win64; x64) AppleWebKit/537.36 (KHTML, like Gecko) Chrome/90.0.4430.85 Safari/537.36 Edg/90.0.818.46"
44.201.177.43 - - [05/Nov/2025:23:26:23 +0300] "GET / HTTP/1.1" 302 - "-" "Go-http-client/1.1"
44.201.177.43 - - [05/Nov/2025:23:26:23 +0300] "GET /dashboard/ HTTP/1.1" 200 5187 "http://91.132.49.59:80" "Go-http-client/1.1"
43.153.102.138 - - [05/Nov/2025:23:29:37 +0300] "GET /dashboard/index.html HTTP/1.1" 200 5187 "-" "Mozilla/5.0 (iPhone; CPU iPhone OS 13_2_3 like Mac OS X) AppleWebKit/605.1.15 (KHTML, like Gecko) Version/13.0.3 Mobile/15E148 Safari/604.1"
3.145.49.236 - - [05/Nov/2025:23:38:09 +0300] "GET / HTTP/1.1" 302 - "-" "Go-http-client/1.1"
3.145.49.236 - - [05/Nov/2025:23:38:10 +0300] "GET /dashboard/ HTTP/1.1" 200 5187 "http://91.132.49.59:80" "Go-http-client/1.1"
193.142.147.209 - - [05/Nov/2025:23:38:57 +0300] "GET / HTTP/1.1" 302 - "-" "-"
43.153.85.46 - - [05/Nov/2025:23:39:18 +0300] "GET /phpmyadmin/ HTTP/1.1" 404 - "-" "Mozilla/5.0 (iPhone; CPU iPhone OS 13_2_3 like Mac OS X) AppleWebKit/605.1.15 (KHTML, like Gecko) Version/13.0.3 Mobile/15E148 Safari/604.1"
3.145.49.236 - - [06/Nov/2025:00:51:18 +0300] "GET / HTTP/1.1" 302 - "-" "Go-http-client/1.1"
3.145.49.236 - - [06/Nov/2025:00:51:19 +0300] "GET /dashboard/ HTTP/1.1" 200 5187 "http://91.132.49.59:80" "Go-http-client/1.1"
34.247.51.117 - - [06/Nov/2025:00:52:41 +0300] "GET / HTTP/1.1" 302 - "-" "Go-http-client/1.1"
34.247.51.117 - - [06/Nov/2025:00:52:41 +0300] "GET /dashboard/ HTTP/1.1" 200 5187 "http://91.132.49.59:80" "Go-http-client/1.1"
3.146.107.169 - - [06/Nov/2025:01:03:26 +0300] "GET / HTTP/1.1" 302 - "-" "Go-http-client/1.1"
3.94.167.98 - - [06/Nov/2025:01:05:55 +0300] "GET / HTTP/1.1" 302 - "-" "Go-http-client/1.1"
3.94.167.98 - - [06/Nov/2025:01:05:56 +0300] "GET /dashboard/ HTTP/1.1" 200 5187 "http://91.132.49.59:80" "Go-http-client/1.1"
44.201.177.43 - - [06/Nov/2025:01:17:47 +0300] "GET / HTTP/1.1" 302 - "-" "Go-http-client/1.1"
44.201.177.43 - - [06/Nov/2025:01:17:48 +0300] "GET /dashboard/ HTTP/1.1" 200 5187 "http://91.132.49.59:80" "Go-http-client/1.1"
204.76.203.219 - - [06/Nov/2025:01:18:51 +0300] "GET / HTTP/1.1" 302 - "-" "Mozilla/5.0 (Windows NT 10.0; Win64; x64) AppleWebKit/537.36 (KHTML, like Gecko) Chrome/90.0.4430.85 Safari/537.36 Edg/90.0.818.46"
3.145.49.236 - - [06/Nov/2025:01:23:34 +0300] "GET / HTTP/1.1" 302 - "-" "Go-http-client/1.1"
3.145.49.236 - - [06/Nov/2025:01:23:34 +0300] "GET /dashboard/ HTTP/1.1" 200 5187 "http://91.132.49.59:80" "Go-http-client/1.1"
3.145.49.236 - - [06/Nov/2025:01:33:48 +0300] "GET / HTTP/1.1" 302 - "-" "Go-http-client/1.1"
3.145.49.236 - - [06/Nov/2025:01:33:49 +0300] "GET /dashboard/ HTTP/1.1" 200 5187 "http://91.132.49.59:80" "Go-http-client/1.1"
44.201.177.43 - - [06/Nov/2025:01:41:50 +0300] "GET / HTTP/1.1" 302 - "-" "Go-http-client/1.1"
35.236.51.192 - - [06/Nov/2025:01:44:42 +0300] "GET /admin/config.php HTTP/1.0" 404 294
44.201.177.43 - - [06/Nov/2025:01:48:52 +0300] "GET / HTTP/1.1" 302 - "-" "Go-http-client/1.1"
44.201.177.43 - - [06/Nov/2025:01:48:53 +0300] "GET /dashboard/ HTTP/1.1" 200 5187 "http://91.132.49.59:80" "Go-http-client/1.1"
35.236.51.192 - - [06/Nov/2025:01:51:46 +0300] "GET /admin/config.php HTTP/1.0" 404 298 "-" "xfa1"
3.94.167.98 - - [06/Nov/2025:01:53:03 +0300] "GET / HTTP/1.1" 302 - "-" "Go-http-client/1.1"
35.236.51.192 - - [06/Nov/2025:01:55:00 +0300] "GET /robots.txt HTTP/1.1" 404 299
35.236.51.192 - - [06/Nov/2025:01:55:01 +0300] "GET /robots.txt HTTP/1.1" 404 298 "-" "Mozilla/5.0"
3.145.49.236 - - [06/Nov/2025:01:58:37 +0300] "GET / HTTP/1.1" 302 - "-" "Go-http-client/1.1"
3.145.49.236 - - [06/Nov/2025:01:58:38 +0300] "GET /dashboard/ HTTP/1.1" 200 5187 "http://91.132.49.59:80" "Go-http-client/1.1"
44.201.177.43 - - [06/Nov/2025:02:04:00 +0300] "GET / HTTP/1.1" 302 - "-" "Go-http-client/1.1"
163.47.34.82 - - [06/Nov/2025:02:07:08 +0300] "GET /admin/config.php HTTP/1.0" 404 294
3.145.49.236 - - [06/Nov/2025:02:07:19 +0300] "GET / HTTP/1.1" 302 - "-" "Go-http-client/1.1"
3.145.49.236 - - [06/Nov/2025:02:07:20 +0300] "GET /dashboard/ HTTP/1.1" 200 5187 "http://91.132.49.59:80" "Go-http-client/1.1"
3.146.107.169 - - [06/Nov/2025:02:09:20 +0300] "GET / HTTP/1.1" 302 - "-" "Go-http-client/1.1"
3.146.107.169 - - [06/Nov/2025:02:09:21 +0300] "GET /dashboard/ HTTP/1.1" 200 5187 "http://91.132.49.59:80" "Go-http-client/1.1"
44.201.177.43 - - [06/Nov/2025:02:12:55 +0300] "GET / HTTP/1.1" 302 - "-" "Go-http-client/1.1"
44.201.177.43 - - [06/Nov/2025:02:12:57 +0300] "GET /dashboard/ HTTP/1.1" 200 5187 "http://91.132.49.59:80" "Go-http-client/1.1"
163.47.34.82 - - [06/Nov/2025:02:17:02 +0300] "GET /admin/config.php HTTP/1.0" 404 298 "-" "xfa1"
3.94.167.98 - - [06/Nov/2025:02:18:38 +0300] "GET / HTTP/1.1" 302 - "-" "Go-http-client/1.1"
3.94.167.98 - - [06/Nov/2025:02:18:38 +0300] "GET /dashboard/ HTTP/1.1" 200 5187 "http://91.132.49.59:80" "Go-http-client/1.1"
3.145.49.236 - - [06/Nov/2025:02:18:41 +0300] "GET / HTTP/1.1" 302 - "-" "Go-http-client/1.1"
3.145.49.236 - - [06/Nov/2025:02:18:43 +0300] "GET /dashboard/ HTTP/1.1" 200 5187 "http://91.132.49.59:80" "Go-http-client/1.1"
3.145.49.236 - - [06/Nov/2025:02:23:52 +0300] "GET / HTTP/1.1" 302 - "-" "Go-http-client/1.1"
3.145.49.236 - - [06/Nov/2025:02:23:53 +0300] "GET /dashboard/ HTTP/1.1" 200 5187 "http://91.132.49.59:80" "Go-http-client/1.1"
163.47.34.82 - - [06/Nov/2025:02:28:41 +0300] "GET /robots.txt HTTP/1.1" 404 299
163.47.34.82 - - [06/Nov/2025:02:28:42 +0300] "GET /robots.txt HTTP/1.1" 404 298 "-" "Mozilla/5.0"
193.142.147.209 - - [06/Nov/2025:02:41:25 +0300] "GET / HTTP/1.1" 302 - "-" "-"
3.145.49.236 - - [06/Nov/2025:02:45:48 +0300] "GET / HTTP/1.1" 302 - "-" "Go-http-client/1.1"
3.145.49.236 - - [06/Nov/2025:02:45:48 +0300] "GET /dashboard/ HTTP/1.1" 200 5187 "http://91.132.49.59:80" "Go-http-client/1.1"
185.180.140.106 - - [06/Nov/2025:02:50:11 +0300] "GET / HTTP/1.1" 302 -
185.180.140.106 - - [06/Nov/2025:02:50:11 +0300] "GET /dashboard/ HTTP/1.1" 200 5187
34.52.204.70 - - [06/Nov/2025:02:50:59 +0300] "GET / HTTP/1.1" 302 -
44.201.177.43 - - [06/Nov/2025:02:52:54 +0300] "GET / HTTP/1.1" 302 - "-" "Go-http-client/1.1"
44.201.177.43 - - [06/Nov/2025:02:52:54 +0300] "GET /dashboard/ HTTP/1.1" 200 5187 "http://91.132.49.59:80" "Go-http-client/1.1"
3.146.107.169 - - [06/Nov/2025:02:53:17 +0300] "GET / HTTP/1.1" 302 - "-" "Go-http-client/1.1"
3.146.107.169 - - [06/Nov/2025:02:53:18 +0300] "GET /dashboard/ HTTP/1.1" 200 5187 "http://91.132.49.59:80" "Go-http-client/1.1"
44.201.177.43 - - [06/Nov/2025:03:09:08 +0300] "GET / HTTP/1.1" 302 - "-" "Go-http-client/1.1"
44.201.177.43 - - [06/Nov/2025:03:09:09 +0300] "GET /dashboard/ HTTP/1.1" 200 5187 "http://91.132.49.59:80" "Go-http-client/1.1"
94.74.182.142 - - [06/Nov/2025:03:12:45 +0300] "GET / HTTP/1.1" 302 - "-" "-"
3.146.107.169 - - [06/Nov/2025:03:15:29 +0300] "GET / HTTP/1.1" 302 - "-" "Go-http-client/1.1"
3.146.107.169 - - [06/Nov/2025:03:15:29 +0300] "GET /dashboard/ HTTP/1.1" 200 5187 "http://91.132.49.59:80" "Go-http-client/1.1"
3.145.49.236 - - [06/Nov/2025:03:21:40 +0300] "GET / HTTP/1.1" 302 - "-" "Go-http-client/1.1"
3.145.49.236 - - [06/Nov/2025:03:21:41 +0300] "GET /dashboard/ HTTP/1.1" 200 5187 "http://91.132.49.59:80" "Go-http-client/1.1"
193.142.147.209 - - [06/Nov/2025:03:28:42 +0300] "GET /cgi-bin/luci/;stok=/locale HTTP/1.1" 404 298 "-" "-"
204.76.203.219 - - [06/Nov/2025:03:32:02 +0300] "GET / HTTP/1.1" 302 - "-" "Mozilla/5.0 (Windows NT 10.0; Win64; x64) AppleWebKit/537.36 (KHTML, like Gecko) Chrome/90.0.4430.85 Safari/537.36 Edg/90.0.818.46"
44.201.177.43 - - [06/Nov/2025:03:34:13 +0300] "GET / HTTP/1.1" 302 - "-" "Go-http-client/1.1"
3.146.107.169 - - [06/Nov/2025:03:39:29 +0300] "GET / HTTP/1.1" 302 - "-" "Go-http-client/1.1"
3.146.107.169 - - [06/Nov/2025:03:39:29 +0300] "GET /dashboard/ HTTP/1.1" 200 5187 "http://91.132.49.59:80" "Go-http-client/1.1"
3.145.49.236 - - [06/Nov/2025:03:57:20 +0300] "GET / HTTP/1.1" 302 - "-" "Go-http-client/1.1"
3.145.49.236 - - [06/Nov/2025:03:57:21 +0300] "GET /dashboard/ HTTP/1.1" 200 5187 "http://91.132.49.59:80" "Go-http-client/1.1"
44.201.177.43 - - [06/Nov/2025:03:58:13 +0300] "GET / HTTP/1.1" 302 - "-" "Go-http-client/1.1"
44.201.177.43 - - [06/Nov/2025:03:58:14 +0300] "GET /dashboard/ HTTP/1.1" 200 5187 "http://91.132.49.59:80" "Go-http-client/1.1"
44.201.177.43 - - [06/Nov/2025:04:03:14 +0300] "GET / HTTP/1.1" 302 - "-" "Go-http-client/1.1"
44.201.177.43 - - [06/Nov/2025:04:03:14 +0300] "GET /dashboard/ HTTP/1.1" 200 5187 "http://91.132.49.59:80" "Go-http-client/1.1"
44.201.177.43 - - [06/Nov/2025:04:11:17 +0300] "GET / HTTP/1.1" 302 - "-" "Go-http-client/1.1"
44.201.177.43 - - [06/Nov/2025:04:11:18 +0300] "GET /dashboard/ HTTP/1.1" 200 5187 "http://91.132.49.59:80" "Go-http-client/1.1"
3.145.49.236 - - [06/Nov/2025:04:13:41 +0300] "GET / HTTP/1.1" 302 - "-" "Go-http-client/1.1"
3.145.49.236 - - [06/Nov/2025:04:13:41 +0300] "GET /dashboard/ HTTP/1.1" 200 5187 "http://91.132.49.59:80" "Go-http-client/1.1"
78.135.107.199 - - [06/Nov/2025:04:15:14 +0300] "GET /admin/config.php HTTP/1.0" 404 298 "-" "xfa1"
3.146.107.169 - - [06/Nov/2025:04:17:17 +0300] "GET / HTTP/1.1" 302 - "-" "Go-http-client/1.1"
3.146.107.169 - - [06/Nov/2025:04:17:17 +0300] "GET /dashboard/ HTTP/1.1" 200 5187 "http://91.132.49.59:80" "Go-http-client/1.1"
44.201.177.43 - - [06/Nov/2025:04:23:15 +0300] "GET / HTTP/1.1" 302 - "-" "Go-http-client/1.1"
44.201.177.43 - - [06/Nov/2025:04:23:15 +0300] "GET /dashboard/ HTTP/1.1" 200 5187 "http://91.132.49.59:80" "Go-http-client/1.1"
3.145.49.236 - - [06/Nov/2025:04:26:35 +0300] "GET / HTTP/1.1" 302 - "-" "Go-http-client/1.1"
3.145.49.236 - - [06/Nov/2025:04:26:36 +0300] "GET /dashboard/ HTTP/1.1" 200 5187 "http://91.132.49.59:80" "Go-http-client/1.1"
44.201.177.43 - - [06/Nov/2025:04:28:16 +0300] "GET / HTTP/1.1" 302 - "-" "Go-http-client/1.1"
44.201.177.43 - - [06/Nov/2025:04:28:16 +0300] "GET /dashboard/ HTTP/1.1" 200 5187 "http://91.132.49.59:80" "Go-http-client/1.1"
3.94.167.98 - - [06/Nov/2025:04:29:40 +0300] "GET / HTTP/1.1" 302 - "-" "Go-http-client/1.1"
3.94.167.98 - - [06/Nov/2025:04:29:40 +0300] "GET /dashboard/ HTTP/1.1" 200 5187 "http://91.132.49.59:80" "Go-http-client/1.1"
94.74.182.142 - - [06/Nov/2025:04:33:58 +0300] "GET / HTTP/1.1" 302 - "-" "-"
3.145.49.236 - - [06/Nov/2025:04:38:46 +0300] "GET / HTTP/1.1" 302 - "-" "Go-http-client/1.1"
3.145.49.236 - - [06/Nov/2025:04:38:46 +0300] "GET /dashboard/ HTTP/1.1" 200 5187 "http://91.132.49.59:80" "Go-http-client/1.1"
3.145.49.236 - - [06/Nov/2025:04:43:44 +0300] "GET / HTTP/1.1" 302 - "-" "Go-http-client/1.1"
3.145.49.236 - - [06/Nov/2025:04:43:44 +0300] "GET /dashboard/ HTTP/1.1" 200 5187 "http://91.132.49.59:80" "Go-http-client/1.1"
172.105.105.192 - - [06/Nov/2025:04:46:46 +0300] "GET / HTTP/1.1" 302 -
172.105.105.192 - - [06/Nov/2025:04:46:46 +0300] "GET /dashboard/ HTTP/1.1" 200 5187
172.105.105.192 - - [06/Nov/2025:04:46:46 +0300] "GET /dashboard/stylesheets/normalize.css HTTP/1.1" 200 6876
172.105.105.192 - - [06/Nov/2025:04:46:46 +0300] "GET /dashboard/stylesheets/all.css HTTP/1.1" 200 406998
172.105.105.192 - - [06/Nov/2025:04:46:47 +0300] "GET /dashboard/javascripts/modernizr.js HTTP/1.1" 200 51365
172.105.105.192 - - [06/Nov/2025:04:46:47 +0300] "GET /dashboard/images/fastly-logo.png HTTP/1.1" 200 1770
172.105.105.192 - - [06/Nov/2025:04:46:47 +0300] "GET /dashboard/images/xampp-logo.svg HTTP/1.1" 200 5427
172.105.105.192 - - [06/Nov/2025:04:46:47 +0300] "GET /dashboard/javascripts/all.js HTTP/1.1" 200 188385
172.105.105.192 - - [06/Nov/2025:04:46:48 +0300] "GET /dashboard/images/social-icons.png HTTP/1.1" 200 3361
3.146.107.169 - - [06/Nov/2025:04:53:18 +0300] "GET / HTTP/1.1" 302 - "-" "Go-http-client/1.1"
3.145.49.236 - - [06/Nov/2025:04:59:43 +0300] "GET / HTTP/1.1" 302 - "-" "Go-http-client/1.1"
3.145.49.236 - - [06/Nov/2025:04:59:43 +0300] "GET /dashboard/ HTTP/1.1" 200 5187 "http://91.132.49.59:80" "Go-http-client/1.1"
3.146.107.169 - - [06/Nov/2025:05:01:04 +0300] "GET / HTTP/1.1" 302 - "-" "Go-http-client/1.1"
3.146.107.169 - - [06/Nov/2025:05:01:04 +0300] "GET /dashboard/ HTTP/1.1" 200 5187 "http://91.132.49.59:80" "Go-http-client/1.1"
44.201.177.43 - - [06/Nov/2025:05:06:22 +0300] "GET / HTTP/1.1" 302 - "-" "Go-http-client/1.1"
44.201.177.43 - - [06/Nov/2025:05:06:22 +0300] "GET /dashboard/ HTTP/1.1" 200 5187 "http://91.132.49.59:80" "Go-http-client/1.1"
167.99.149.55 - - [06/Nov/2025:05:12:10 +0300] "GET / HTTP/1.1" 302 - "-" "Mozilla/5.0 (Windows NT 10.0; Win64; x64; rv:109.0) Gecko/20100101 Firefox/118.0"
3.145.49.236 - - [06/Nov/2025:05:16:08 +0300] "GET / HTTP/1.1" 302 - "-" "Go-http-client/1.1"
44.201.177.43 - - [06/Nov/2025:05:24:25 +0300] "GET / HTTP/1.1" 302 - "-" "Go-http-client/1.1"
44.201.177.43 - - [06/Nov/2025:05:24:26 +0300] "GET /dashboard/ HTTP/1.1" 200 5187 "http://91.132.49.59:80" "Go-http-client/1.1"
3.145.49.236 - - [06/Nov/2025:05:28:29 +0300] "GET / HTTP/1.1" 302 - "-" "Go-http-client/1.1"
3.145.49.236 - - [06/Nov/2025:05:28:30 +0300] "GET /dashboard/ HTTP/1.1" 200 5187 "http://91.132.49.59:80" "Go-http-client/1.1"
3.94.167.98 - - [06/Nov/2025:05:31:43 +0300] "GET / HTTP/1.1" 302 - "-" "Go-http-client/1.1"
3.94.167.98 - - [06/Nov/2025:05:31:43 +0300] "GET /dashboard/ HTTP/1.1" 200 5187 "http://91.132.49.59:80" "Go-http-client/1.1"
204.76.203.219 - - [06/Nov/2025:05:38:50 +0300] "GET / HTTP/1.1" 302 - "-" "Mozilla/5.0 (Windows NT 10.0; Win64; x64) AppleWebKit/537.36 (KHTML, like Gecko) Chrome/90.0.4430.85 Safari/537.36 Edg/90.0.818.46"
172.236.119.165 - - [06/Nov/2025:05:39:02 +0300] "GET / HTTP/1.1" 302 -
172.236.119.165 - - [06/Nov/2025:05:39:08 +0300] "GET /dashboard/ HTTP/1.1" 200 5187
3.145.49.236 - - [06/Nov/2025:05:44:48 +0300] "GET / HTTP/1.1" 302 - "-" "Go-http-client/1.1"
3.145.49.236 - - [06/Nov/2025:05:44:48 +0300] "GET /dashboard/ HTTP/1.1" 200 5187 "http://91.132.49.59:80" "Go-http-client/1.1"
44.201.177.43 - - [06/Nov/2025:05:45:28 +0300] "GET / HTTP/1.1" 302 - "-" "Go-http-client/1.1"
44.201.177.43 - - [06/Nov/2025:05:45:30 +0300] "GET /dashboard/ HTTP/1.1" 200 5187 "http://91.132.49.59:80" "Go-http-client/1.1"
3.146.107.169 - - [06/Nov/2025:05:51:45 +0300] "GET / HTTP/1.1" 302 - "-" "Go-http-client/1.1"
3.146.107.169 - - [06/Nov/2025:05:51:45 +0300] "GET /dashboard/ HTTP/1.1" 200 5187 "http://91.132.49.59:80" "Go-http-client/1.1"
3.145.49.236 - - [06/Nov/2025:05:52:27 +0300] "GET / HTTP/1.1" 302 - "-" "Go-http-client/1.1"
3.145.49.236 - - [06/Nov/2025:05:52:27 +0300] "GET /dashboard/ HTTP/1.1" 200 5187 "http://91.132.49.59:80" "Go-http-client/1.1"
44.201.177.43 - - [06/Nov/2025:06:08:34 +0300] "GET / HTTP/1.1" 302 - "-" "Go-http-client/1.1"
44.201.177.43 - - [06/Nov/2025:06:08:34 +0300] "GET /dashboard/ HTTP/1.1" 200 5187 "http://91.132.49.59:80" "Go-http-client/1.1"
196.251.116.93 - - [06/Nov/2025:06:08:56 +0300] "CONNECT 1.1.1.1:443 HTTP/1.0" 302 - "-" "-"
196.251.116.93 - - [06/Nov/2025:06:08:56 +0300] "CONNECT 196.251.116.93:80 HTTP/1.0" 302 - "-" "-"
196.251.116.93 - - [06/Nov/2025:06:08:56 +0300] "CONNECT 196.251.116.93:80 HTTP/1.0" 302 - "-" "-"
196.251.116.93 - - [06/Nov/2025:06:08:57 +0300] "CONNECT 196.251.116.93:80 HTTP/1.0" 302 - "-" "-"
196.251.116.93 - - [06/Nov/2025:06:08:58 +0300] "CONNECT 196.251.116.93:80 HTTP/1.0" 302 - "-" "-"
196.251.116.93 - - [06/Nov/2025:06:08:59 +0300] "CONNECT 196.251.116.93:80 HTTP/1.0" 302 - "-" "-"
196.251.84.34 - - [06/Nov/2025:06:09:08 +0300] "CONNECT 196.251.84.34:80 HTTP/1.0" 302 - "-" "-"
196.251.84.34 - - [06/Nov/2025:06:09:09 +0300] "CONNECT 196.251.84.34:80 HTTP/1.0" 302 - "-" "-"
196.251.84.34 - - [06/Nov/2025:06:09:10 +0300] "CONNECT 196.251.84.34:80 HTTP/1.0" 302 - "-" "-"
196.251.84.34 - - [06/Nov/2025:06:09:10 +0300] "CONNECT 196.251.84.34:80 HTTP/1.0" 302 - "-" "-"
196.251.84.34 - - [06/Nov/2025:06:09:11 +0300] "CONNECT 196.251.84.34:80 HTTP/1.0" 302 - "-" "-"
196.251.85.163 - - [06/Nov/2025:06:09:12 +0300] "CONNECT 196.251.85.163:80 HTTP/1.0" 302 - "-" "-"
196.251.84.34 - - [06/Nov/2025:06:09:12 +0300] "CONNECT 196.251.84.34:80 HTTP/1.0" 302 - "-" "-"
196.251.84.34 - - [06/Nov/2025:06:09:12 +0300] "CONNECT 196.251.84.34:80 HTTP/1.0" 302 - "-" "-"
196.251.84.34 - - [06/Nov/2025:06:09:14 +0300] "CONNECT 196.251.84.34:80 HTTP/1.0" 302 - "-" "-"
196.251.81.14 - - [06/Nov/2025:06:09:15 +0300] "CONNECT 196.251.81.14:80 HTTP/1.0" 302 - "-" "-"
196.251.81.14 - - [06/Nov/2025:06:09:16 +0300] "CONNECT 196.251.81.14:80 HTTP/1.0" 302 - "-" "-"
196.251.81.14 - - [06/Nov/2025:06:09:17 +0300] "CONNECT 196.251.81.14:80 HTTP/1.0" 302 - "-" "-"
20.169.85.114 - - [06/Nov/2025:06:15:20 +0300] "GET /ecp/Current/exporttool/microsoft.exchange.ediscovery.exporttool.application HTTP/1.1" 404 299
3.145.49.236 - - [06/Nov/2025:06:18:29 +0300] "GET / HTTP/1.1" 302 - "-" "Go-http-client/1.1"
3.145.49.236 - - [06/Nov/2025:06:18:29 +0300] "GET /dashboard/ HTTP/1.1" 200 5187 "http://91.132.49.59:80" "Go-http-client/1.1"
3.145.49.236 - - [06/Nov/2025:06:23:01 +0300] "GET / HTTP/1.1" 302 - "-" "Go-http-client/1.1"
3.145.49.236 - - [06/Nov/2025:06:23:02 +0300] "GET /dashboard/ HTTP/1.1" 200 5187 "http://91.132.49.59:80" "Go-http-client/1.1"
193.142.147.209 - - [06/Nov/2025:06:27:21 +0300] "GET /cgi-bin/luci/;stok=/locale HTTP/1.1" 404 298 "-" "-"
44.201.177.43 - - [06/Nov/2025:06:36:06 +0300] "GET / HTTP/1.1" 302 - "-" "Go-http-client/1.1"
44.201.177.43 - - [06/Nov/2025:06:36:06 +0300] "GET /dashboard/ HTTP/1.1" 200 5187 "http://91.132.49.59:80" "Go-http-client/1.1"
157.230.27.169 - - [06/Nov/2025:06:40:31 +0300] "GET /.env HTTP/1.1" 404 298 "-" "Mozilla/5.0; Keydrop.io/1.0(onlyscans.com/about);"
3.143.33.63 - - [06/Nov/2025:06:42:43 +0300] "GET / HTTP/1.0" 400 468
3.143.33.63 - - [06/Nov/2025:06:42:46 +0300] "GET / HTTP/1.0" 400 468
3.145.49.236 - - [06/Nov/2025:06:42:48 +0300] "GET / HTTP/1.1" 302 - "-" "Go-http-client/1.1"
3.145.49.236 - - [06/Nov/2025:06:42:49 +0300] "GET /dashboard/ HTTP/1.1" 200 5187 "http://91.132.49.59:80" "Go-http-client/1.1"
157.230.27.169 - - [06/Nov/2025:06:45:35 +0300] "-" 408 - "-" "-"
3.143.33.63 - - [06/Nov/2025:06:48:49 +0300] "-" 408 -
3.145.49.236 - - [06/Nov/2025:06:52:13 +0300] "GET / HTTP/1.1" 302 - "-" "Go-http-client/1.1"
3.145.49.236 - - [06/Nov/2025:06:52:14 +0300] "GET /dashboard/ HTTP/1.1" 200 5187 "http://91.132.49.59:80" "Go-http-client/1.1"
3.146.107.169 - - [06/Nov/2025:06:53:33 +0300] "GET / HTTP/1.1" 302 - "-" "Go-http-client/1.1"
3.146.107.169 - - [06/Nov/2025:07:04:37 +0300] "GET / HTTP/1.1" 302 - "-" "Go-http-client/1.1"
3.146.107.169 - - [06/Nov/2025:07:04:37 +0300] "GET /dashboard/ HTTP/1.1" 200 5187 "http://91.132.49.59:80" "Go-http-client/1.1"
3.145.49.236 - - [06/Nov/2025:07:15:33 +0300] "GET / HTTP/1.1" 302 - "-" "Go-http-client/1.1"
3.145.49.236 - - [06/Nov/2025:07:15:34 +0300] "GET /dashboard/ HTTP/1.1" 200 5187 "http://91.132.49.59:80" "Go-http-client/1.1"
3.145.49.236 - - [06/Nov/2025:07:24:22 +0300] "GET / HTTP/1.1" 302 - "-" "Go-http-client/1.1"
3.145.49.236 - - [06/Nov/2025:07:24:22 +0300] "GET /dashboard/ HTTP/1.1" 200 5187 "http://91.132.49.59:80" "Go-http-client/1.1"
3.146.107.169 - - [06/Nov/2025:07:26:17 +0300] "GET / HTTP/1.1" 302 - "-" "Go-http-client/1.1"
3.146.107.169 - - [06/Nov/2025:07:26:18 +0300] "GET /dashboard/ HTTP/1.1" 200 5187 "http://91.132.49.59:80" "Go-http-client/1.1"
3.145.49.236 - - [06/Nov/2025:07:42:21 +0300] "GET / HTTP/1.1" 302 - "-" "Go-http-client/1.1"
3.145.49.236 - - [06/Nov/2025:07:42:21 +0300] "GET /dashboard/ HTTP/1.1" 200 5187 "http://91.132.49.59:80" "Go-http-client/1.1"
123.253.22.30 - - [06/Nov/2025:07:42:22 +0300] "POST /cgi-bin/.%2e/.%2e/.%2e/.%2e/.%2e/.%2e/.%2e/.%2e/.%2e/.%2e/bin/sh HTTP/1.1" 400 329
44.201.177.43 - - [06/Nov/2025:07:48:46 +0300] "GET / HTTP/1.1" 302 - "-" "Go-http-client/1.1"
3.145.49.236 - - [06/Nov/2025:07:55:59 +0300] "GET / HTTP/1.1" 302 - "-" "Go-http-client/1.1"
3.145.49.236 - - [06/Nov/2025:07:56:01 +0300] "GET /dashboard/ HTTP/1.1" 200 5187 "http://91.132.49.59:80" "Go-http-client/1.1"
3.146.107.169 - - [06/Nov/2025:08:07:00 +0300] "GET / HTTP/1.1" 302 - "-" "Go-http-client/1.1"
3.145.49.236 - - [06/Nov/2025:08:09:01 +0300] "GET / HTTP/1.1" 302 - "-" "Go-http-client/1.1"
3.145.49.236 - - [06/Nov/2025:08:09:03 +0300] "GET /dashboard/ HTTP/1.1" 200 5187 "http://91.132.49.59:80" "Go-http-client/1.1"
3.146.107.169 - - [06/Nov/2025:08:26:02 +0300] "GET / HTTP/1.1" 302 - "-" "Go-http-client/1.1"
3.146.107.169 - - [06/Nov/2025:08:26:02 +0300] "GET /dashboard/ HTTP/1.1" 200 5187 "http://91.132.49.59:80" "Go-http-client/1.1"
3.146.107.169 - - [06/Nov/2025:08:33:53 +0300] "GET / HTTP/1.1" 302 - "-" "Go-http-client/1.1"
3.146.107.169 - - [06/Nov/2025:08:35:32 +0300] "GET /dashboard/ HTTP/1.1" 200 5187 "http://91.132.49.59:80" "Go-http-client/1.1"
3.145.49.236 - - [06/Nov/2025:08:41:01 +0300] "GET / HTTP/1.1" 302 - "-" "Go-http-client/1.1"
3.145.49.236 - - [06/Nov/2025:08:41:02 +0300] "GET /dashboard/ HTTP/1.1" 200 5187 "http://91.132.49.59:80" "Go-http-client/1.1"
3.145.49.236 - - [06/Nov/2025:08:51:30 +0300] "GET / HTTP/1.1" 302 - "-" "Go-http-client/1.1"
3.145.49.236 - - [06/Nov/2025:08:51:31 +0300] "GET /dashboard/ HTTP/1.1" 200 5187 "http://91.132.49.59:80" "Go-http-client/1.1"
3.145.49.236 - - [06/Nov/2025:08:57:04 +0300] "GET / HTTP/1.1" 302 - "-" "Go-http-client/1.1"
3.145.49.236 - - [06/Nov/2025:08:57:04 +0300] "GET /dashboard/ HTTP/1.1" 200 5187 "http://91.132.49.59:80" "Go-http-client/1.1"
3.145.49.236 - - [06/Nov/2025:09:02:34 +0300] "GET / HTTP/1.1" 302 - "-" "Go-http-client/1.1"
3.145.49.236 - - [06/Nov/2025:09:02:35 +0300] "GET /dashboard/ HTTP/1.1" 200 5187 "http://91.132.49.59:80" "Go-http-client/1.1"
43.153.123.4 - - [06/Nov/2025:09:02:49 +0300] "GET / HTTP/1.1" 302 - "-" "Mozilla/5.0 (iPhone; CPU iPhone OS 13_2_3 like Mac OS X) AppleWebKit/605.1.15 (KHTML, like Gecko) Version/13.0.3 Mobile/15E148 Safari/604.1"
43.153.123.4 - - [06/Nov/2025:09:02:50 +0300] "GET /dashboard/ HTTP/1.1" 200 5187 "http://91-132-49-59.cprapid.com" "Mozilla/5.0 (iPhone; CPU iPhone OS 13_2_3 like Mac OS X) AppleWebKit/605.1.15 (KHTML, like Gecko) Version/13.0.3 Mobile/15E148 Safari/604.1"
49.51.203.164 - - [06/Nov/2025:09:17:23 +0300] "GET / HTTP/1.1" 302 -
49.51.203.164 - - [06/Nov/2025:09:17:25 +0300] "GET /dashboard/ HTTP/1.1" 200 5187
204.76.203.219 - - [06/Nov/2025:09:27:33 +0300] "GET / HTTP/1.1" 302 - "-" "Mozilla/5.0 (Windows NT 10.0; Win64; x64) AppleWebKit/537.36 (KHTML, like Gecko) Chrome/90.0.4430.85 Safari/537.36 Edg/90.0.818.46"
3.145.49.236 - - [06/Nov/2025:09:29:10 +0300] "GET / HTTP/1.1" 302 - "-" "Go-http-client/1.1"
3.145.49.236 - - [06/Nov/2025:09:29:10 +0300] "GET /dashboard/ HTTP/1.1" 200 5187 "http://91.132.49.59:80" "Go-http-client/1.1"
3.146.107.169 - - [06/Nov/2025:09:34:16 +0300] "GET / HTTP/1.1" 302 - "-" "Go-http-client/1.1"
3.146.107.169 - - [06/Nov/2025:09:34:16 +0300] "GET /dashboard/ HTTP/1.1" 200 5187 "http://91.132.49.59:80" "Go-http-client/1.1"
94.74.182.142 - - [06/Nov/2025:09:38:25 +0300] "GET / HTTP/1.1" 302 - "-" "-"
195.184.76.215 - - [06/Nov/2025:09:55:31 +0300] "\x16\x03\x03\x01\xa5\x01" 400 325 "-" "-"
195.184.76.143 - - [06/Nov/2025:09:55:34 +0300] "GET / HTTP/1.1" 302 - "-" "Mozilla/5.0 (X11; Ubuntu; Linux x86_64; rv:134.0) Gecko/20100101 Firefox/134.0"
43.130.16.212 - - [06/Nov/2025:09:56:17 +0300] "GET / HTTP/1.1" 302 - "-" "Mozilla/5.0 (iPhone; CPU iPhone OS 13_2_3 like Mac OS X) AppleWebKit/605.1.15 (KHTML, like Gecko) Version/13.0.3 Mobile/15E148 Safari/604.1"
43.130.16.212 - - [06/Nov/2025:09:56:19 +0300] "GET /dashboard/ HTTP/1.1" 200 5187 "http://91.132.49.59:80" "Mozilla/5.0 (iPhone; CPU iPhone OS 13_2_3 like Mac OS X) AppleWebKit/605.1.15 (KHTML, like Gecko) Version/13.0.3 Mobile/15E148 Safari/604.1"
44.201.177.43 - - [06/Nov/2025:10:02:44 +0300] "GET / HTTP/1.1" 302 - "-" "Go-http-client/1.1"
44.201.177.43 - - [06/Nov/2025:10:02:44 +0300] "GET /dashboard/ HTTP/1.1" 200 5187 "http://91.132.49.59:80" "Go-http-client/1.1"
193.142.147.209 - - [06/Nov/2025:10:03:38 +0300] "GET /cgi-bin/luci/;stok=/locale HTTP/1.1" 404 298 "-" "-"
3.145.49.236 - - [06/Nov/2025:10:04:08 +0300] "GET / HTTP/1.1" 302 - "-" "Go-http-client/1.1"
3.145.49.236 - - [06/Nov/2025:10:04:09 +0300] "GET /dashboard/ HTTP/1.1" 200 5187 "http://91.132.49.59:80" "Go-http-client/1.1"
3.146.107.169 - - [06/Nov/2025:10:05:41 +0300] "GET / HTTP/1.1" 302 - "-" "Go-http-client/1.1"
3.146.107.169 - - [06/Nov/2025:10:05:42 +0300] "GET /dashboard/ HTTP/1.1" 200 5187 "http://91.132.49.59:80" "Go-http-client/1.1"
64.226.68.78 - - [06/Nov/2025:10:08:02 +0300] "GET /sql/phpmyadmin5/index.php?lang=en HTTP/1.1" 404 298 "-" "Mozilla/5.0 (Windows NT 10.0; Win64; x64) AppleWebKit/537.36 (KHTML, like Gecko) Chrome/137.0.0.0 Safari/537.36"
64.226.68.78 - - [06/Nov/2025:10:08:02 +0300] "GET /admin/sysadmin/index.php?lang=en HTTP/1.1" 404 298 "-" "Mozilla/5.0 (Windows NT 10.0; Win64; x64) AppleWebKit/537.36 (KHTML, like Gecko) Chrome/137.0.0.0 Safari/537.36"
64.226.68.78 - - [06/Nov/2025:10:08:02 +0300] "GET /MyAdmin/index.php?lang=en HTTP/1.1" 404 298 "-" "Mozilla/5.0 (Windows NT 10.0; Win64; x64) AppleWebKit/537.36 (KHTML, like Gecko) Chrome/137.0.0.0 Safari/537.36"
64.226.68.78 - - [06/Nov/2025:10:08:02 +0300] "GET /phpmyadmin6/index.php?lang=en HTTP/1.1" 404 298 "-" "Mozilla/5.0 (Windows NT 10.0; Win64; x64) AppleWebKit/537.36 (KHTML, like Gecko) Chrome/137.0.0.0 Safari/537.36"
193.142.147.209 - - [06/Nov/2025:10:09:34 +0300] "GET /cgi-bin/luci/;stok=/locale HTTP/1.1" 404 299
167.172.164.222 - - [06/Nov/2025:10:19:15 +0300] "GET /+CSCOL+/Java.jar HTTP/1.1" 404 299
167.172.164.222 - - [06/Nov/2025:10:19:18 +0300] "GET /+CSCOE+/logon_forms.js HTTP/1.1" 404 299
167.172.164.222 - - [06/Nov/2025:10:19:22 +0300] "GET /+CSCOL+/a1.jar HTTP/1.1" 404 299
167.172.164.222 - - [06/Nov/2025:10:19:24 +0300] "GET /+CSCOE+/transfer.js HTTP/1.1" 404 299
43.135.144.81 - - [06/Nov/2025:10:21:26 +0300] "GET / HTTP/1.1" 302 - "-" "Mozilla/5.0 (iPhone; CPU iPhone OS 13_2_3 like Mac OS X) AppleWebKit/605.1.15 (KHTML, like Gecko) Version/13.0.3 Mobile/15E148 Safari/604.1"
43.135.144.81 - - [06/Nov/2025:10:21:29 +0300] "GET /dashboard/ HTTP/1.1" 200 5187 "http://91-132-49-059.cprapid.com" "Mozilla/5.0 (iPhone; CPU iPhone OS 13_2_3 like Mac OS X) AppleWebKit/605.1.15 (KHTML, like Gecko) Version/13.0.3 Mobile/15E148 Safari/604.1"
204.76.203.212 - - [06/Nov/2025:10:22:21 +0300] "GET / HTTP/1.1" 302 - "-" "Mozilla/5.0 (Windows NT 10.0; Win64; x64) AppleWebKit/537.36 (KHTML, like Gecko) Chrome/90.0.4430.85 Safari/537.36 Edg/90.0.818.46"
3.146.107.169 - - [06/Nov/2025:10:25:08 +0300] "GET / HTTP/1.1" 302 - "-" "Go-http-client/1.1"
3.146.107.169 - - [06/Nov/2025:10:25:08 +0300] "GET /dashboard/ HTTP/1.1" 200 5187 "http://91.132.49.59:80" "Go-http-client/1.1"
3.145.49.236 - - [06/Nov/2025:10:25:46 +0300] "GET / HTTP/1.1" 302 - "-" "Go-http-client/1.1"
3.145.49.236 - - [06/Nov/2025:10:25:46 +0300] "GET /dashboard/ HTTP/1.1" 200 5187 "http://91.132.49.59:80" "Go-http-client/1.1"
43.166.7.113 - - [06/Nov/2025:10:36:07 +0300] "GET /privacy_policy.html HTTP/1.1" 404 311 "-" "Mozilla/5.0 (iPhone; CPU iPhone OS 13_2_3 like Mac OS X) AppleWebKit/605.1.15 (KHTML, like Gecko) Version/13.0.3 Mobile/15E148 Safari/604.1"
91.232.238.112 - - [06/Nov/2025:10:43:18 +0300] "GET / HTTP/1.0" 400 468
3.145.49.236 - - [06/Nov/2025:10:43:56 +0300] "GET / HTTP/1.1" 302 - "-" "Go-http-client/1.1"
3.145.49.236 - - [06/Nov/2025:10:43:58 +0300] "GET /dashboard/ HTTP/1.1" 200 5187 "http://91.132.49.59:80" "Go-http-client/1.1"
43.131.26.226 - - [06/Nov/2025:10:44:43 +0300] "GET /dashboard/index.html HTTP/1.1" 200 5187 "-" "Mozilla/5.0 (iPhone; CPU iPhone OS 13_2_3 like Mac OS X) AppleWebKit/605.1.15 (KHTML, like Gecko) Version/13.0.3 Mobile/15E148 Safari/604.1"
91.232.238.112 - - [06/Nov/2025:10:50:32 +0300] "GET / HTTP/1.0" 302 119 "-" "ivre-masscan/1.3 https://github.com/robertdavidgraham/"
3.146.107.169 - - [06/Nov/2025:10:53:50 +0300] "GET / HTTP/1.1" 302 - "-" "Go-http-client/1.1"
3.146.107.169 - - [06/Nov/2025:10:53:50 +0300] "GET /dashboard/ HTTP/1.1" 200 5187 "http://91.132.49.59:80" "Go-http-client/1.1"
49.51.180.2 - - [06/Nov/2025:10:55:35 +0300] "GET /dashboard/phpinfo.php HTTP/1.1" 200 85899 "-" "Mozilla/5.0 (iPhone; CPU iPhone OS 13_2_3 like Mac OS X) AppleWebKit/605.1.15 (KHTML, like Gecko) Version/13.0.3 Mobile/15E148 Safari/604.1"
3.145.49.236 - - [06/Nov/2025:10:56:29 +0300] "GET / HTTP/1.1" 302 - "-" "Go-http-client/1.1"
44.201.177.43 - - [06/Nov/2025:11:05:22 +0300] "GET / HTTP/1.1" 302 - "-" "Go-http-client/1.1"
44.201.177.43 - - [06/Nov/2025:11:05:22 +0300] "GET /dashboard/ HTTP/1.1" 200 5187 "http://91.132.49.59:80" "Go-http-client/1.1"
119.28.89.249 - - [06/Nov/2025:11:05:41 +0300] "GET /dashboard/howto.html HTTP/1.1" 200 5680 "-" "Mozilla/5.0 (iPhone; CPU iPhone OS 13_2_3 like Mac OS X) AppleWebKit/605.1.15 (KHTML, like Gecko) Version/13.0.3 Mobile/15E148 Safari/604.1"
91.232.238.112 - - [06/Nov/2025:11:06:51 +0300] "GET /robots.txt HTTP/1.1" 404 298 "-" "Mozilla/5.0"
91.232.238.112 - - [06/Nov/2025:11:06:51 +0300] "GET /robots.txt HTTP/1.1" 404 299
178.128.234.71 - - [06/Nov/2025:11:07:25 +0300] "GET /ab2g HTTP/1.1" 404 299
178.128.234.71 - - [06/Nov/2025:11:07:25 +0300] "GET /ab2h HTTP/1.1" 404 299
178.128.234.71 - - [06/Nov/2025:11:07:26 +0300] "GET /alive.php HTTP/1.1" 404 299
178.128.234.71 - - [06/Nov/2025:11:07:34 +0300] "GET / HTTP/1.0" 400 468
178.128.234.71 - - [06/Nov/2025:11:07:34 +0300] "GET / HTTP/1.1" 302 -
178.128.234.71 - - [06/Nov/2025:11:07:35 +0300] "GET /dashboard/ HTTP/1.1" 200 5187
178.128.234.71 - - [06/Nov/2025:11:07:35 +0300] "GET / HTTP/1.0" 400 468
178.128.234.71 - - [06/Nov/2025:11:07:36 +0300] "GET / HTTP/1.0" 400 468
178.128.234.71 - - [06/Nov/2025:11:07:37 +0300] "GET / HTTP/1.1" 302 -
178.128.234.71 - - [06/Nov/2025:11:07:37 +0300] "GET /teorema505?t=1 HTTP/1.1" 404 299
3.145.49.236 - - [06/Nov/2025:11:08:10 +0300] "GET / HTTP/1.1" 302 - "-" "Go-http-client/1.1"
3.145.49.236 - - [06/Nov/2025:11:08:12 +0300] "GET /dashboard/ HTTP/1.1" 200 5187 "http://91.132.49.59:80" "Go-http-client/1.1"
185.189.182.234 - - [06/Nov/2025:11:11:24 +0300] "GET / HTTP/1.1" 400 332
129.226.174.80 - - [06/Nov/2025:11:16:30 +0300] "GET /dashboard/faq.html HTTP/1.1" 200 31519 "-" "Mozilla/5.0 (iPhone; CPU iPhone OS 13_2_3 like Mac OS X) AppleWebKit/605.1.15 (KHTML, like Gecko) Version/13.0.3 Mobile/15E148 Safari/604.1"
3.145.49.236 - - [06/Nov/2025:11:20:57 +0300] "GET / HTTP/1.1" 302 - "-" "Go-http-client/1.1"
3.145.49.236 - - [06/Nov/2025:11:20:57 +0300] "GET /dashboard/ HTTP/1.1" 200 5187 "http://91.132.49.59:80" "Go-http-client/1.1"
3.146.107.169 - - [06/Nov/2025:11:23:03 +0300] "GET / HTTP/1.1" 302 - "-" "Go-http-client/1.1"
3.146.107.169 - - [06/Nov/2025:11:23:04 +0300] "GET /dashboard/ HTTP/1.1" 200 5187 "http://91.132.49.59:80" "Go-http-client/1.1"
43.159.135.203 - - [06/Nov/2025:11:25:04 +0300] "GET /phpmyadmin/ HTTP/1.1" 404 - "-" "Mozilla/5.0 (iPhone; CPU iPhone OS 13_2_3 like Mac OS X) AppleWebKit/605.1.15 (KHTML, like Gecko) Version/13.0.3 Mobile/15E148 Safari/604.1"
3.145.49.236 - - [06/Nov/2025:11:34:18 +0300] "GET / HTTP/1.1" 302 - "-" "Go-http-client/1.1"
3.145.49.236 - - [06/Nov/2025:11:34:18 +0300] "GET /dashboard/ HTTP/1.1" 200 5187 "http://91.132.49.59:80" "Go-http-client/1.1"
43.166.247.82 - - [06/Nov/2025:11:36:45 +0300] "GET /dashboard/phpinfo.php HTTP/1.1" 200 85903 "-" "Mozilla/5.0 (iPhone; CPU iPhone OS 13_2_3 like Mac OS X) AppleWebKit/605.1.15 (KHTML, like Gecko) Version/13.0.3 Mobile/15E148 Safari/604.1"
43.167.241.46 - - [06/Nov/2025:11:44:35 +0300] "GET /dashboard/phpinfo.php HTTP/1.1" 200 85903 "-" "Mozilla/5.0 (iPhone; CPU iPhone OS 13_2_3 like Mac OS X) AppleWebKit/605.1.15 (KHTML, like Gecko) Version/13.0.3 Mobile/15E148 Safari/604.1"
44.201.177.43 - - [06/Nov/2025:11:45:56 +0300] "GET / HTTP/1.1" 302 - "-" "Go-http-client/1.1"
44.201.177.43 - - [06/Nov/2025:11:45:56 +0300] "GET /dashboard/ HTTP/1.1" 200 5187 "http://91.132.49.59:80" "Go-http-client/1.1"
43.130.34.74 - - [06/Nov/2025:11:55:52 +0300] "GET /dashboard/phpinfo.php HTTP/1.1" 200 85901 "-" "Mozilla/5.0 (iPhone; CPU iPhone OS 13_2_3 like Mac OS X) AppleWebKit/605.1.15 (KHTML, like Gecko) Version/13.0.3 Mobile/15E148 Safari/604.1"
43.157.22.57 - - [06/Nov/2025:12:05:39 +0300] "GET /dashboard/docs/create-framework-project-zf2.html HTTP/1.1" 200 9661 "-" "Mozilla/5.0 (iPhone; CPU iPhone OS 13_2_3 like Mac OS X) AppleWebKit/605.1.15 (KHTML, like Gecko) Version/13.0.3 Mobile/15E148 Safari/604.1"
91.230.168.28 - - [06/Nov/2025:12:13:07 +0300] "GET /favicon.ico HTTP/1.1" 200 30894 "-" "Mozilla/5.0 (X11; Ubuntu; Linux x86_64; rv:134.0) Gecko/20100101 Firefox/134.0"
91.230.168.17 - - [06/Nov/2025:12:13:10 +0300] "GET /dashboard/ HTTP/1.1" 200 5187 "-" "Mozilla/5.0 (X11; Ubuntu; Linux x86_64; rv:134.0) Gecko/20100101 Firefox/134.0"
43.135.36.201 - - [06/Nov/2025:12:15:35 +0300] "GET /dashboard/phpinfo.php HTTP/1.1" 200 85903 "-" "Mozilla/5.0 (iPhone; CPU iPhone OS 13_2_3 like Mac OS X) AppleWebKit/605.1.15 (KHTML, like Gecko) Version/13.0.3 Mobile/15E148 Safari/604.1"
49.51.180.2 - - [06/Nov/2025:12:16:51 +0300] "GET / HTTP/1.1" 302 - "-" "Mozilla/5.0 (iPhone; CPU iPhone OS 13_2_3 like Mac OS X) AppleWebKit/605.1.15 (KHTML, like Gecko) Version/13.0.3 Mobile/15E148 Safari/604.1"
49.51.180.2 - - [06/Nov/2025:12:16:52 +0300] "GET /dashboard/ HTTP/1.1" 200 5187 "http://91.132.49.59" "Mozilla/5.0 (iPhone; CPU iPhone OS 13_2_3 like Mac OS X) AppleWebKit/605.1.15 (KHTML, like Gecko) Version/13.0.3 Mobile/15E148 Safari/604.1"
212.227.3.250 - - [06/Nov/2025:12:19:13 +0300] "POST /cgi-bin/.%2e/.%2e/.%2e/.%2e/.%2e/.%2e/.%2e/.%2e/.%2e/.%2e/bin/sh HTTP/1.1" 400 328 "-" "libredtail-http"
212.227.3.250 - - [06/Nov/2025:12:19:13 +0300] "POST /cgi-bin/%%32%65%%32%65/%%32%65%%32%65/%%32%65%%32%65/%%32%65%%32%65/%%32%65%%32%65/%%32%65%%32%65/%%32%65%%32%65/bin/sh HTTP/1.1" 400 328 "-" "libredtail-http"
212.227.3.250 - - [06/Nov/2025:12:19:13 +0300] "POST /hello.world?%ADd+allow_url_include%3d1+%ADd+auto_prepend_file%3dphp://input HTTP/1.1" 404 298 "-" "libredtail-http"
212.227.3.250 - - [06/Nov/2025:12:19:13 +0300] "POST /?%ADd+allow_url_include%3d1+%ADd+auto_prepend_file%3dphp://input HTTP/1.1" 302 - "-" "libredtail-http"
212.227.3.250 - - [06/Nov/2025:12:19:15 +0300] "POST /?%ADd+allow_url_include%3d1+%ADd+auto_prepend_file%3dphp://input HTTP/1.1" 302 - "-" "libredtail-http"
212.227.3.250 - - [06/Nov/2025:12:19:15 +0300] "GET /vendor/phpunit/phpunit/src/Util/PHP/eval-stdin.php HTTP/1.1" 404 298 "-" "libredtail-http"
212.227.3.250 - - [06/Nov/2025:12:19:15 +0300] "GET /vendor/phpunit/phpunit/Util/PHP/eval-stdin.php HTTP/1.1" 404 298 "-" "libredtail-http"
212.227.3.250 - - [06/Nov/2025:12:19:15 +0300] "GET /vendor/phpunit/src/Util/PHP/eval-stdin.php HTTP/1.1" 404 298 "-" "libredtail-http"
212.227.3.250 - - [06/Nov/2025:12:19:16 +0300] "GET /vendor/phpunit/Util/PHP/eval-stdin.php HTTP/1.1" 404 298 "-" "libredtail-http"
212.227.3.250 - - [06/Nov/2025:12:19:16 +0300] "GET /vendor/phpunit/phpunit/LICENSE/eval-stdin.php HTTP/1.1" 404 298 "-" "libredtail-http"
212.227.3.250 - - [06/Nov/2025:12:19:16 +0300] "GET /vendor/vendor/phpunit/phpunit/src/Util/PHP/eval-stdin.php HTTP/1.1" 404 298 "-" "libredtail-http"
212.227.3.250 - - [06/Nov/2025:12:19:16 +0300] "GET /phpunit/phpunit/src/Util/PHP/eval-stdin.php HTTP/1.1" 404 298 "-" "libredtail-http"
212.227.3.250 - - [06/Nov/2025:12:19:16 +0300] "GET /phpunit/phpunit/Util/PHP/eval-stdin.php HTTP/1.1" 404 298 "-" "libredtail-http"
212.227.3.250 - - [06/Nov/2025:12:19:16 +0300] "GET /phpunit/src/Util/PHP/eval-stdin.php HTTP/1.1" 404 298 "-" "libredtail-http"
212.227.3.250 - - [06/Nov/2025:12:19:16 +0300] "GET /phpunit/Util/PHP/eval-stdin.php HTTP/1.1" 404 298 "-" "libredtail-http"
212.227.3.250 - - [06/Nov/2025:12:19:16 +0300] "GET /lib/phpunit/phpunit/src/Util/PHP/eval-stdin.php HTTP/1.1" 404 298 "-" "libredtail-http"
212.227.3.250 - - [06/Nov/2025:12:19:16 +0300] "GET /lib/phpunit/phpunit/Util/PHP/eval-stdin.php HTTP/1.1" 404 298 "-" "libredtail-http"
212.227.3.250 - - [06/Nov/2025:12:19:17 +0300] "GET /lib/phpunit/src/Util/PHP/eval-stdin.php HTTP/1.1" 404 298 "-" "libredtail-http"
212.227.3.250 - - [06/Nov/2025:12:19:17 +0300] "GET /lib/phpunit/Util/PHP/eval-stdin.php HTTP/1.1" 404 298 "-" "libredtail-http"
212.227.3.250 - - [06/Nov/2025:12:19:17 +0300] "GET /lib/vendor/phpunit/phpunit/src/Util/PHP/eval-stdin.php HTTP/1.1" 404 298 "-" "libredtail-http"
212.227.3.250 - - [06/Nov/2025:12:19:17 +0300] "GET /laravel/vendor/phpunit/phpunit/src/Util/PHP/eval-stdin.php HTTP/1.1" 404 298 "-" "libredtail-http"
212.227.3.250 - - [06/Nov/2025:12:19:17 +0300] "GET /www/vendor/phpunit/phpunit/src/Util/PHP/eval-stdin.php HTTP/1.1" 404 298 "-" "libredtail-http"
212.227.3.250 - - [06/Nov/2025:12:19:17 +0300] "GET /ws/vendor/phpunit/phpunit/src/Util/PHP/eval-stdin.php HTTP/1.1" 404 298 "-" "libredtail-http"
212.227.3.250 - - [06/Nov/2025:12:19:17 +0300] "GET /yii/vendor/phpunit/phpunit/src/Util/PHP/eval-stdin.php HTTP/1.1" 404 298 "-" "libredtail-http"
212.227.3.250 - - [06/Nov/2025:12:19:17 +0300] "GET /zend/vendor/phpunit/phpunit/src/Util/PHP/eval-stdin.php HTTP/1.1" 404 298 "-" "libredtail-http"
212.227.3.250 - - [06/Nov/2025:12:19:17 +0300] "GET /ws/ec/vendor/phpunit/phpunit/src/Util/PHP/eval-stdin.php HTTP/1.1" 404 298 "-" "libredtail-http"
212.227.3.250 - - [06/Nov/2025:12:19:17 +0300] "GET /V2/vendor/phpunit/phpunit/src/Util/PHP/eval-stdin.php HTTP/1.1" 404 298 "-" "libredtail-http"
212.227.3.250 - - [06/Nov/2025:12:19:17 +0300] "GET /tests/vendor/phpunit/phpunit/src/Util/PHP/eval-stdin.php HTTP/1.1" 404 298 "-" "libredtail-http"
212.227.3.250 - - [06/Nov/2025:12:19:18 +0300] "GET /test/vendor/phpunit/phpunit/src/Util/PHP/eval-stdin.php HTTP/1.1" 404 298 "-" "libredtail-http"
212.227.3.250 - - [06/Nov/2025:12:19:18 +0300] "GET /testing/vendor/phpunit/phpunit/src/Util/PHP/eval-stdin.php HTTP/1.1" 404 298 "-" "libredtail-http"
212.227.3.250 - - [06/Nov/2025:12:19:18 +0300] "GET /api/vendor/phpunit/phpunit/src/Util/PHP/eval-stdin.php HTTP/1.1" 404 298 "-" "libredtail-http"
212.227.3.250 - - [06/Nov/2025:12:19:18 +0300] "GET /demo/vendor/phpunit/phpunit/src/Util/PHP/eval-stdin.php HTTP/1.1" 404 298 "-" "libredtail-http"
212.227.3.250 - - [06/Nov/2025:12:19:18 +0300] "GET /cms/vendor/phpunit/phpunit/src/Util/PHP/eval-stdin.php HTTP/1.1" 404 298 "-" "libredtail-http"
212.227.3.250 - - [06/Nov/2025:12:19:18 +0300] "GET /crm/vendor/phpunit/phpunit/src/Util/PHP/eval-stdin.php HTTP/1.1" 404 298 "-" "libredtail-http"
212.227.3.250 - - [06/Nov/2025:12:19:18 +0300] "GET /admin/vendor/phpunit/phpunit/src/Util/PHP/eval-stdin.php HTTP/1.1" 404 298 "-" "libredtail-http"
212.227.3.250 - - [06/Nov/2025:12:19:18 +0300] "GET /backup/vendor/phpunit/phpunit/src/Util/PHP/eval-stdin.php HTTP/1.1" 404 298 "-" "libredtail-http"
212.227.3.250 - - [06/Nov/2025:12:19:18 +0300] "GET /blog/vendor/phpunit/phpunit/src/Util/PHP/eval-stdin.php HTTP/1.1" 404 298 "-" "libredtail-http"
212.227.3.250 - - [06/Nov/2025:12:19:18 +0300] "GET /workspace/drupal/vendor/phpunit/phpunit/src/Util/PHP/eval-stdin.php HTTP/1.1" 404 298 "-" "libredtail-http"
212.227.3.250 - - [06/Nov/2025:12:19:19 +0300] "GET /panel/vendor/phpunit/phpunit/src/Util/PHP/eval-stdin.php HTTP/1.1" 404 298 "-" "libredtail-http"
212.227.3.250 - - [06/Nov/2025:12:19:19 +0300] "GET /public/vendor/phpunit/phpunit/src/Util/PHP/eval-stdin.php HTTP/1.1" 404 298 "-" "libredtail-http"
212.227.3.250 - - [06/Nov/2025:12:19:19 +0300] "GET /apps/vendor/phpunit/phpunit/src/Util/PHP/eval-stdin.php HTTP/1.1" 404 298 "-" "libredtail-http"
212.227.3.250 - - [06/Nov/2025:12:19:19 +0300] "GET /app/vendor/phpunit/phpunit/src/Util/PHP/eval-stdin.php HTTP/1.1" 404 298 "-" "libredtail-http"
212.227.3.250 - - [06/Nov/2025:12:19:19 +0300] "GET /index.php?s=/index/\\think\\app/invokefunction&function=call_user_func_array&vars[0]=md5&vars[1][]=Hello HTTP/1.1" 302 - "-" "libredtail-http"
212.227.3.250 - - [06/Nov/2025:12:19:19 +0300] "GET /public/index.php?s=/index/\\think\\app/invokefunction&function=call_user_func_array&vars[0]=md5&vars[1][]=Hello HTTP/1.1" 404 298 "-" "libredtail-http"
212.227.3.250 - - [06/Nov/2025:12:19:19 +0300] "GET /index.php?lang=../../../../../../../../usr/local/lib/php/pearcmd&+config-create+/&/+/tmp/index1.php HTTP/1.1" 302 - "-" "libredtail-http"
212.227.3.250 - - [06/Nov/2025:12:19:19 +0300] "GET /index.php?lang=../../../../../../../../tmp/index1 HTTP/1.1" 302 - "-" "libredtail-http"
212.227.3.250 - - [06/Nov/2025:12:19:19 +0300] "GET /containers/json HTTP/1.1" 404 298 "-" "libredtail-http"
170.106.37.134 - - [06/Nov/2025:12:25:07 +0300] "GET /dashboard/phpinfo.php HTTP/1.1" 200 85905 "-" "Mozilla/5.0 (iPhone; CPU iPhone OS 13_2_3 like Mac OS X) AppleWebKit/605.1.15 (KHTML, like Gecko) Version/13.0.3 Mobile/15E148 Safari/604.1"
91.196.152.91 - - [06/Nov/2025:12:27:46 +0300] "\x16\x03\x03\x01\xa5\x01" 400 325 "-" "-"
91.196.152.6 - - [06/Nov/2025:12:27:49 +0300] "GET / HTTP/1.1" 302 - "-" "Mozilla/5.0 (X11; Ubuntu; Linux x86_64; rv:134.0) Gecko/20100101 Firefox/134.0"
3.145.49.236 - - [06/Nov/2025:12:28:14 +0300] "GET / HTTP/1.1" 302 - "-" "Go-http-client/1.1"
3.145.49.236 - - [06/Nov/2025:12:28:14 +0300] "GET /dashboard/ HTTP/1.1" 200 5187 "http://91.132.49.59:80" "Go-http-client/1.1"
51.158.54.10 - - [06/Nov/2025:12:28:16 +0300] "GET /admin/config.php HTTP/1.0" 404 294
91.196.152.187 - - [06/Nov/2025:12:34:16 +0300] "GET /dashboard/ HTTP/1.1" 200 5187 "-" "Mozilla/5.0 (X11; Ubuntu; Linux x86_64; rv:134.0) Gecko/20100101 Firefox/134.0"
91.196.152.218 - - [06/Nov/2025:12:35:09 +0300] "GET /favicon.ico HTTP/1.1" 200 30894 "-" "Mozilla/5.0 (X11; Ubuntu; Linux x86_64; rv:134.0) Gecko/20100101 Firefox/134.0"
43.135.183.82 - - [06/Nov/2025:12:36:22 +0300] "GET /dashboard/phpinfo.php HTTP/1.1" 200 85903 "-" "Mozilla/5.0 (iPhone; CPU iPhone OS 13_2_3 like Mac OS X) AppleWebKit/605.1.15 (KHTML, like Gecko) Version/13.0.3 Mobile/15E148 Safari/604.1"
51.158.54.10 - - [06/Nov/2025:12:36:22 +0300] "GET /robots.txt HTTP/1.1" 404 299
44.201.177.43 - - [06/Nov/2025:12:38:02 +0300] "GET / HTTP/1.1" 302 - "-" "Go-http-client/1.1"
44.201.177.43 - - [06/Nov/2025:12:38:02 +0300] "GET /dashboard/ HTTP/1.1" 200 5187 "http://91.132.49.59:80" "Go-http-client/1.1"
3.145.49.236 - - [06/Nov/2025:12:39:36 +0300] "GET / HTTP/1.1" 302 - "-" "Go-http-client/1.1"
3.145.49.236 - - [06/Nov/2025:12:39:36 +0300] "GET /dashboard/ HTTP/1.1" 200 5187 "http://91.132.49.59:80" "Go-http-client/1.1"
91.196.152.94 - - [06/Nov/2025:12:41:56 +0300] "GET /favicon.ico HTTP/1.1" 200 30894 "-" "Mozilla/5.0 (X11; Ubuntu; Linux x86_64; rv:134.0) Gecko/20100101 Firefox/134.0"
3.146.107.169 - - [06/Nov/2025:12:42:09 +0300] "GET / HTTP/1.1" 302 - "-" "Go-http-client/1.1"
3.146.107.169 - - [06/Nov/2025:12:42:09 +0300] "GET /dashboard/ HTTP/1.1" 200 5187 "http://91.132.49.59:80" "Go-http-client/1.1"
43.153.107.22 - - [06/Nov/2025:12:46:08 +0300] "GET /dashboard/phpinfo.php HTTP/1.1" 200 85903 "-" "Mozilla/5.0 (iPhone; CPU iPhone OS 13_2_3 like Mac OS X) AppleWebKit/605.1.15 (KHTML, like Gecko) Version/13.0.3 Mobile/15E148 Safari/604.1"
3.145.49.236 - - [06/Nov/2025:12:48:16 +0300] "GET / HTTP/1.1" 302 - "-" "Go-http-client/1.1"
3.145.49.236 - - [06/Nov/2025:12:48:17 +0300] "GET /dashboard/ HTTP/1.1" 200 5187 "http://91.132.49.59:80" "Go-http-client/1.1"
20.29.24.158 - - [06/Nov/2025:12:50:03 +0300] "GET / HTTP/1.1" 302 -
20.29.24.158 - - [06/Nov/2025:12:50:10 +0300] "GET /dashboard/ HTTP/1.1" 200 5187
